74.7.227.32 - - [10/Mar/2026:13:01:11 +0000] "GET /wp-json/?path=//etc/ssl HTTP/1.1" 200 19564 "https://azamsportsacademy.com/wp-json/?path=//etc" "Mozilla/5.0 AppleWebKit/537.36 (KHTML, like Gecko; compatible; GPTBot/1.3; +https://openai.com/gptbot)"
74.7.227.32 - - [10/Mar/2026:13:01:14 +0000] "GET /wp-json/?path=//run/log HTTP/1.1" 200 14027 "https://azamsportsacademy.com/wp-json/?path=//run" "Mozilla/5.0 AppleWebKit/537.36 (KHTML, like Gecko; compatible; GPTBot/1.3; +https://openai.com/gptbot)"
74.7.227.32 - - [10/Mar/2026:13:01:17 +0000] "GET /wp-json/?path=//var/log HTTP/1.1" 200 141228 "https://azamsportsacademy.com/wp-json/?path=//var" "Mozilla/5.0 AppleWebKit/537.36 (KHTML, like Gecko; compatible; GPTBot/1.3; +https://openai.com/gptbot)"
74.7.227.32 - - [10/Mar/2026:13:01:20 +0000] "GET /wp-json/?path=//usr/bin HTTP/1.1" 200 1953322 "https://azamsportsacademy.com/wp-json/?path=//usr" "Mozilla/5.0 AppleWebKit/537.36 (KHTML, like Gecko; compatible; GPTBot/1.3; +https://openai.com/gptbot)"
74.7.227.32 - - [10/Mar/2026:13:01:23 +0000] "GET /wp-json/?path=//lib/rpm HTTP/1.1" 200 39001 "https://azamsportsacademy.com/wp-json/?path=//lib" "Mozilla/5.0 AppleWebKit/537.36 (KHTML, like Gecko; compatible; GPTBot/1.3; +https://openai.com/gptbot)"
74.7.227.32 - - [10/Mar/2026:13:01:27 +0000] "GET /wp-json/?path=//var/nis HTTP/1.1" 200 12719 "https://azamsportsacademy.com/wp-json/?path=//var" "Mozilla/5.0 AppleWebKit/537.36 (KHTML, like Gecko; compatible; GPTBot/1.3; +https://openai.com/gptbot)"
74.7.227.32 - - [10/Mar/2026:13:01:30 +0000] "GET /wp-json/?path=//etc/dnf HTTP/1.1" 200 24757 "https://azamsportsacademy.com/wp-json/?path=//etc" "Mozilla/5.0 AppleWebKit/537.36 (KHTML, like Gecko; compatible; GPTBot/1.3; +https://openai.com/gptbot)"
74.7.227.32 - - [10/Mar/2026:13:01:33 +0000] "GET /wp-json/?path=//var/tmp HTTP/1.1" 200 12719 "https://azamsportsacademy.com/wp-json/?path=//var" "Mozilla/5.0 AppleWebKit/537.36 (KHTML, like Gecko; compatible; GPTBot/1.3; +https://openai.com/gptbot)"
74.7.227.32 - - [10/Mar/2026:13:01:36 +0000] "GET /wp-json/?path=//etc/rpm HTTP/1.1" 200 15603 "https://azamsportsacademy.com/wp-json/?path=//etc" "Mozilla/5.0 AppleWebKit/537.36 (KHTML, like Gecko; compatible; GPTBot/1.3; +https://openai.com/gptbot)"
66.249.68.68 - - [10/Mar/2026:13:01:36 +0000] "GET /how-to-put-on-a-sweater-k.html HTTP/1.1" 200 58828 "-" "Mozilla/5.0 (Linux; Android 6.0.1; Nexus 5X Build/MMB29P) AppleWebKit/537.36 (KHTML, like Gecko) Chrome/145.0.7632.116 Mobile Safari/537.36 (compatible; GoogleOther)"
74.7.227.32 - - [10/Mar/2026:13:01:39 +0000] "GET /wp-json/?path=//usr/src HTTP/1.1" 200 16635 "https://azamsportsacademy.com/wp-json/?path=//usr" "Mozilla/5.0 AppleWebKit/537.36 (KHTML, like Gecko; compatible; GPTBot/1.3; +https://openai.com/gptbot)"
74.7.227.32 - - [10/Mar/2026:13:01:42 +0000] "GET /wp-json/?path=//etc/gss HTTP/1.1" 200 14023 "https://azamsportsacademy.com/wp-json/?path=//etc" "Mozilla/5.0 AppleWebKit/537.36 (KHTML, like Gecko; compatible; GPTBot/1.3; +https://openai.com/gptbot)"
74.7.227.32 - - [10/Mar/2026:13:01:45 +0000] "GET /wp-json/?path=//etc/pki HTTP/1.1" 200 24487 "https://azamsportsacademy.com/wp-json/?path=//etc" "Mozilla/5.0 AppleWebKit/537.36 (KHTML, like Gecko; compatible; GPTBot/1.3; +https://openai.com/gptbot)"
74.7.227.32 - - [10/Mar/2026:13:01:48 +0000] "GET /wp-json/?path=//etc/scl HTTP/1.1" 200 18065 "https://azamsportsacademy.com/wp-json/?path=//etc" "Mozilla/5.0 AppleWebKit/537.36 (KHTML, like Gecko; compatible; GPTBot/1.3; +https://openai.com/gptbot)"
74.7.227.32 - - [10/Mar/2026:13:01:51 +0000] "GET /wp-json/?path=//var/log/cpanel-server-traffic HTTP/1.1" 200 12793 "https://azamsportsacademy.com/wp-json/?path=//var/log" "Mozilla/5.0 AppleWebKit/537.36 (KHTML, like Gecko; compatible; GPTBot/1.3; +https://openai.com/gptbot)"
66.249.68.68 - - [10/Mar/2026:13:01:54 +0000] "GET /how-to-put-on-a-sweater-k.html HTTP/1.1" 200 58828 "-" "Mozilla/5.0 (Linux; Android 6.0.1; Nexus 5X Build/MMB29P) AppleWebKit/537.36 (KHTML, like Gecko) Chrome/145.0.7632.116 Mobile Safari/537.36 (compatible; Googlebot/2.1; +http://www.google.com/bot.html)"
74.7.227.32 - - [10/Mar/2026:13:01:55 +0000] "GET /wp-json/?fileloc=//usr/bin/zcat&path=//usr/bin HTTP/1.1" 200 14374 "https://azamsportsacademy.com/wp-json/?path=//usr/bin" "Mozilla/5.0 AppleWebKit/537.36 (KHTML, like Gecko; compatible; GPTBot/1.3; +https://openai.com/gptbot)"
74.7.227.32 - - [10/Mar/2026:13:01:58 +0000] "GET /wp-json/?fileloc=//usr/bin/pydoc3.9&path=//usr/bin HTTP/1.1" 200 12396 "https://azamsportsacademy.com/wp-json/?path=//usr/bin" "Mozilla/5.0 AppleWebKit/537.36 (KHTML, like Gecko; compatible; GPTBot/1.3; +https://openai.com/gptbot)"
74.7.227.32 - - [10/Mar/2026:13:02:01 +0000] "GET /wp-json/?fileloc=//usr/bin/prezip-bin&path=//usr/bin HTTP/1.1" 200 31356 "https://azamsportsacademy.com/wp-json/?path=//usr/bin" "Mozilla/5.0 AppleWebKit/537.36 (KHTML, like Gecko; compatible; GPTBot/1.3; +https://openai.com/gptbot)"
85.208.98.22 - - [10/Mar/2026:13:02:02 +0000] "GET /patagonia-womens-coat-k.html HTTP/1.1" 200 58828 "-" "Mozilla/5.0 (compatible; SemrushBot-BA; +http://www.semrush.com/bot.html)"
74.7.227.32 - - [10/Mar/2026:13:02:04 +0000] "GET /wp-json/?fileloc=//usr/bin/gdbmtool&path=//usr/bin HTTP/1.1" 200 228196 "https://azamsportsacademy.com/wp-json/?path=//usr/bin" "Mozilla/5.0 AppleWebKit/537.36 (KHTML, like Gecko; compatible; GPTBot/1.3; +https://openai.com/gptbot)"
74.7.227.32 - - [10/Mar/2026:13:02:07 +0000] "GET /wp-json/?fileloc=//etc/issue.net&path=//etc HTTP/1.1" 200 12293 "https://azamsportsacademy.com/wp-json/?path=//etc" "Mozilla/5.0 AppleWebKit/537.36 (KHTML, like Gecko; compatible; GPTBot/1.3; +https://openai.com/gptbot)"
85.208.98.31 - - [10/Mar/2026:13:02:09 +0000] "GET /patagonia-jackson-glacier-k.html HTTP/1.1" 200 58828 "-" "Mozilla/5.0 (compatible; SemrushBot-BA; +http://www.semrush.com/bot.html)"
74.7.227.32 - - [10/Mar/2026:13:02:10 +0000] "GET /wp-json/?fileloc=//scripts/cleandns&path=//scripts HTTP/1.1" 200 26865 "https://azamsportsacademy.com/wp-json/?path=//scripts" "Mozilla/5.0 AppleWebKit/537.36 (KHTML, like Gecko; compatible; GPTBot/1.3; +https://openai.com/gptbot)"
66.249.68.70 - - [10/Mar/2026:13:02:12 +0000] "GET /6-day-embryo-transfer-pregnancy-test-k.html HTTP/1.1" 200 58828 "-" "Mozilla/5.0 (Linux; Android 6.0.1; Nexus 5X Build/MMB29P) AppleWebKit/537.36 (KHTML, like Gecko) Chrome/145.0.7632.116 Mobile Safari/537.36 (compatible; Googlebot/2.1; +http://www.google.com/bot.html)"
74.7.227.32 - - [10/Mar/2026:13:02:13 +0000] "GET /wp-json/?path=//proc/477/map_files HTTP/1.1" 200 12773 "https://azamsportsacademy.com/wp-json/?path=//proc/477" "Mozilla/5.0 AppleWebKit/537.36 (KHTML, like Gecko; compatible; GPTBot/1.3; +https://openai.com/gptbot)"
74.7.227.32 - - [10/Mar/2026:13:02:17 +0000] "GET /wp-json/?fileloc=//bin/read&path=//bin HTTP/1.1" 200 12308 "https://azamsportsacademy.com/wp-json/?path=//bin" "Mozilla/5.0 AppleWebKit/537.36 (KHTML, like Gecko; compatible; GPTBot/1.3; +https://openai.com/gptbot)"
74.7.227.32 - - [10/Mar/2026:13:02:20 +0000] "GET /wp-json/?fileloc=//proc/243309/arch_status&path=//proc/243309 HTTP/1.1" 200 12324 "https://azamsportsacademy.com/wp-json/?path=//proc/243309" "Mozilla/5.0 AppleWebKit/537.36 (KHTML, like Gecko; compatible; GPTBot/1.3; +https://openai.com/gptbot)"
74.7.227.32 - - [10/Mar/2026:13:02:23 +0000] "GET /wp-json/?fileloc=//proc/533714/setgroups&path=//proc/533714 HTTP/1.1" 200 12328 "https://azamsportsacademy.com/wp-json/?path=//proc/533714" "Mozilla/5.0 AppleWebKit/537.36 (KHTML, like Gecko; compatible; GPTBot/1.3; +https://openai.com/gptbot)"
74.7.227.32 - - [10/Mar/2026:13:02:26 +0000] "GET /wp-json/?path=//proc/net/rpc HTTP/1.1" 200 15451 "https://azamsportsacademy.com/wp-json/?path=//proc/net" "Mozilla/5.0 AppleWebKit/537.36 (KHTML, like Gecko; compatible; GPTBot/1.3; +https://openai.com/gptbot)"
35.236.211.174 - - [10/Mar/2026:13:02:26 +0000] "GET / HTTP/1.1" 200 58828 "-" "SEMrushBot"
74.7.227.32 - - [10/Mar/2026:13:02:29 +0000] "GET /wp-json/?path=//proc/net/stat HTTP/1.1" 200 18467 "https://azamsportsacademy.com/wp-json/?path=//proc/net" "Mozilla/5.0 AppleWebKit/537.36 (KHTML, like Gecko; compatible; GPTBot/1.3; +https://openai.com/gptbot)"
66.249.68.68 - - [10/Mar/2026:13:02:30 +0000] "GET /6-day-embryo-transfer-pregnancy-test-k.html HTTP/1.1" 200 58828 "-" "Mozilla/5.0 (Linux; Android 6.0.1; Nexus 5X Build/MMB29P) AppleWebKit/537.36 (KHTML, like Gecko) Chrome/145.0.7632.116 Mobile Safari/537.36 (compatible; GoogleOther)"
74.7.227.32 - - [10/Mar/2026:13:02:32 +0000] "GET /wp-json/?fileloc=//sbin/xqmstats&path=//sbin HTTP/1.1" 200 30881 "https://azamsportsacademy.com/wp-json/?path=//sbin" "Mozilla/5.0 AppleWebKit/537.36 (KHTML, like Gecko; compatible; GPTBot/1.3; +https://openai.com/gptbot)"
74.7.227.32 - - [10/Mar/2026:13:02:35 +0000] "GET /wp-json/?path=//etc/xml HTTP/1.1" 200 14113 "https://azamsportsacademy.com/wp-json/?path=//etc" "Mozilla/5.0 AppleWebKit/537.36 (KHTML, like Gecko; compatible; GPTBot/1.3; +https://openai.com/gptbot)"
74.7.227.32 - - [10/Mar/2026:13:02:38 +0000] "GET /wp-json/?path=//etc/X11 HTTP/1.1" 200 17967 "https://azamsportsacademy.com/wp-json/?path=//etc" "Mozilla/5.0 AppleWebKit/537.36 (KHTML, like Gecko; compatible; GPTBot/1.3; +https://openai.com/gptbot)"
74.7.227.32 - - [10/Mar/2026:13:02:41 +0000] "GET /wp-json/?fileloc=//lib64/libpsx.so&path=//lib64 HTTP/1.1" 200 36773 "https://azamsportsacademy.com/wp-json/?path=//lib64" "Mozilla/5.0 AppleWebKit/537.36 (KHTML, like Gecko; compatible; GPTBot/1.3; +https://openai.com/gptbot)"
74.7.227.32 - - [10/Mar/2026:13:02:44 +0000] "GET /wp-json/?fileloc=//usr/bin/html2text&path=//usr/bin HTTP/1.1" 200 13409 "https://azamsportsacademy.com/wp-json/?path=//usr/bin" "Mozilla/5.0 AppleWebKit/537.36 (KHTML, like Gecko; compatible; GPTBot/1.3; +https://openai.com/gptbot)"
66.249.68.68 - - [10/Mar/2026:13:02:48 +0000] "GET /billys-bucket-book-k.html HTTP/1.1" 200 58828 "-" "Mozilla/5.0 (Linux; Android 6.0.1; Nexus 5X Build/MMB29P) AppleWebKit/537.36 (KHTML, like Gecko) Chrome/145.0.7632.116 Mobile Safari/537.36 (compatible; Googlebot/2.1; +http://www.google.com/bot.html)"
74.7.227.32 - - [10/Mar/2026:13:02:48 +0000] "GET /wp-json/?fileloc=//bin/HEAD&path=//bin HTTP/1.1" 200 30691 "https://azamsportsacademy.com/wp-json/?path=//bin" "Mozilla/5.0 AppleWebKit/537.36 (KHTML, like Gecko; compatible; GPTBot/1.3; +https://openai.com/gptbot)"
74.7.227.32 - - [10/Mar/2026:13:02:51 +0000] "GET /wp-json/?fileloc=//proc/3961127/arch_status&path=//proc/3961127 HTTP/1.1" 200 12327 "https://azamsportsacademy.com/wp-json/?path=//proc/3961127" "Mozilla/5.0 AppleWebKit/537.36 (KHTML, like Gecko; compatible; GPTBot/1.3; +https://openai.com/gptbot)"
74.7.227.32 - - [10/Mar/2026:13:02:54 +0000] "GET /wp-json/?path=//lib64/sw HTTP/1.1" 200 21369 "https://azamsportsacademy.com/wp-json/?path=//lib64" "Mozilla/5.0 AppleWebKit/537.36 (KHTML, like Gecko; compatible; GPTBot/1.3; +https://openai.com/gptbot)"
74.7.227.32 - - [10/Mar/2026:13:02:57 +0000] "GET /wp-json/?path=//lib64/sa HTTP/1.1" 200 16874 "https://azamsportsacademy.com/wp-json/?path=//lib64" "Mozilla/5.0 AppleWebKit/537.36 (KHTML, like Gecko; compatible; GPTBot/1.3; +https://openai.com/gptbot)"
74.7.227.32 - - [10/Mar/2026:13:03:00 +0000] "GET /wp-json/?fileloc=//bin/sum&path=//bin HTTP/1.1" 200 61098 "https://azamsportsacademy.com/wp-json/?path=//bin" "Mozilla/5.0 AppleWebKit/537.36 (KHTML, like Gecko; compatible; GPTBot/1.3; +https://openai.com/gptbot)"
74.7.227.32 - - [10/Mar/2026:13:03:03 +0000] "GET /wp-json/?fileloc=//proc/net/stat/nf_conntrack&path=//proc/net/stat HTTP/1.1" 200 13767 "https://azamsportsacademy.com/wp-json/?path=//proc/net/stat" "Mozilla/5.0 AppleWebKit/537.36 (KHTML, like Gecko; compatible; GPTBot/1.3; +https://openai.com/gptbot)"
66.249.68.70 - - [10/Mar/2026:13:03:06 +0000] "GET /best-pdr-blending-hammer-k.html HTTP/1.1" 200 58828 "-" "Mozilla/5.0 (Linux; Android 6.0.1; Nexus 5X Build/MMB29P) AppleWebKit/537.36 (KHTML, like Gecko) Chrome/145.0.7632.116 Mobile Safari/537.36 (compatible; Googlebot/2.1; +http://www.google.com/bot.html)"
74.7.227.32 - - [10/Mar/2026:13:03:07 +0000] "GET /wp-json/?fileloc=//proc/net/stat/ndisc_cache&path=//proc/net/stat HTTP/1.1" 200 13499 "https://azamsportsacademy.com/wp-json/?path=//proc/net/stat" "Mozilla/5.0 AppleWebKit/537.36 (KHTML, like Gecko; compatible; GPTBot/1.3; +https://openai.com/gptbot)"
74.7.227.32 - - [10/Mar/2026:13:03:10 +0000] "GET /wp-json/?fileloc=//proc/net/stat/rt_cache&path=//proc/net/stat HTTP/1.1" 200 13811 "https://azamsportsacademy.com/wp-json/?path=//proc/net/stat" "Mozilla/5.0 AppleWebKit/537.36 (KHTML, like Gecko; compatible; GPTBot/1.3; +https://openai.com/gptbot)"
74.7.227.32 - - [10/Mar/2026:13:03:13 +0000] "GET /wp-json/?fileloc=//proc/net/stat/arp_cache&path=//proc/net/stat HTTP/1.1" 200 13497 "https://azamsportsacademy.com/wp-json/?path=//proc/net/stat" "Mozilla/5.0 AppleWebKit/537.36 (KHTML, like Gecko; compatible; GPTBot/1.3; +https://openai.com/gptbot)"
74.7.227.32 - - [10/Mar/2026:13:03:16 +0000] "GET /wp-json/?fileloc=//proc/3999183/cpuset&path=//proc/3999183 HTTP/1.1" 200 12324 "https://azamsportsacademy.com/wp-json/?path=//proc/3999183" "Mozilla/5.0 AppleWebKit/537.36 (KHTML, like Gecko; compatible; GPTBot/1.3; +https://openai.com/gptbot)"
74.7.227.32 - - [10/Mar/2026:13:03:20 +0000] "GET /wp-json/?path=//lib64/php HTTP/1.1" 200 14039 "https://azamsportsacademy.com/wp-json/?path=//lib64" "Mozilla/5.0 AppleWebKit/537.36 (KHTML, like Gecko; compatible; GPTBot/1.3; +https://openai.com/gptbot)"
74.7.227.32 - - [10/Mar/2026:13:03:23 +0000] "GET /wp-json/?fileloc=//bin/post-grohtml&path=//bin HTTP/1.1" 200 336837 "https://azamsportsacademy.com/wp-json/?path=//bin" "Mozilla/5.0 AppleWebKit/537.36 (KHTML, like Gecko; compatible; GPTBot/1.3; +https://openai.com/gptbot)"
66.249.68.68 - - [10/Mar/2026:13:03:24 +0000] "GET /book/0026926972.html HTTP/1.1" 200 58828 "-" "Mozilla/5.0 (Linux; Android 6.0.1; Nexus 5X Build/MMB29P) AppleWebKit/537.36 (KHTML, like Gecko) Chrome/145.0.7632.116 Mobile Safari/537.36 (compatible; Googlebot/2.1; +http://www.google.com/bot.html)"
74.7.227.32 - - [10/Mar/2026:13:03:26 +0000] "GET /wp-json/?path=//proc/922/net HTTP/1.1" 200 85813 "https://azamsportsacademy.com/wp-json/?path=//proc/922" "Mozilla/5.0 AppleWebKit/537.36 (KHTML, like Gecko; compatible; GPTBot/1.3; +https://openai.com/gptbot)"
74.7.227.32 - - [10/Mar/2026:13:03:29 +0000] "GET /wp-json/?path=//proc/454/net HTTP/1.1" 200 85813 "https://azamsportsacademy.com/wp-json/?path=//proc/454" "Mozilla/5.0 AppleWebKit/537.36 (KHTML, like Gecko; compatible; GPTBot/1.3; +https://openai.com/gptbot)"
74.7.227.32 - - [10/Mar/2026:13:03:32 +0000] "GET /wp-json/?path=//proc/668/net HTTP/1.1" 200 85813 "https://azamsportsacademy.com/wp-json/?path=//proc/668" "Mozilla/5.0 AppleWebKit/537.36 (KHTML, like Gecko; compatible; GPTBot/1.3; +https://openai.com/gptbot)"
74.7.227.32 - - [10/Mar/2026:13:03:35 +0000] "GET /wp-json/?path=//proc/113/net HTTP/1.1" 200 85813 "https://azamsportsacademy.com/wp-json/?path=//proc/113" "Mozilla/5.0 AppleWebKit/537.36 (KHTML, like Gecko; compatible; GPTBot/1.3; +https://openai.com/gptbot)"
74.7.227.32 - - [10/Mar/2026:13:03:39 +0000] "GET /wp-json/?path=//proc/399/net HTTP/1.1" 200 85813 "https://azamsportsacademy.com/wp-json/?path=//proc/399" "Mozilla/5.0 AppleWebKit/537.36 (KHTML, like Gecko; compatible; GPTBot/1.3; +https://openai.com/gptbot)"
74.7.227.32 - - [10/Mar/2026:13:03:42 +0000] "GET /wp-json/?path=//proc/122/net HTTP/1.1" 200 85813 "https://azamsportsacademy.com/wp-json/?path=//proc/122" "Mozilla/5.0 AppleWebKit/537.36 (KHTML, like Gecko; compatible; GPTBot/1.3; +https://openai.com/gptbot)"
74.7.227.32 - - [10/Mar/2026:13:03:45 +0000] "GET /wp-json/?path=//proc/611/net HTTP/1.1" 200 85813 "https://azamsportsacademy.com/wp-json/?path=//proc/611" "Mozilla/5.0 AppleWebKit/537.36 (KHTML, like Gecko; compatible; GPTBot/1.3; +https://openai.com/gptbot)"
74.7.227.32 - - [10/Mar/2026:13:03:48 +0000] "GET /wp-json/?path=//proc/474/net HTTP/1.1" 200 85813 "https://azamsportsacademy.com/wp-json/?path=//proc/474" "Mozilla/5.0 AppleWebKit/537.36 (KHTML, like Gecko; compatible; GPTBot/1.3; +https://openai.com/gptbot)"
74.7.227.32 - - [10/Mar/2026:13:03:51 +0000] "GET /wp-json/?path=//proc/616/net HTTP/1.1" 200 85813 "https://azamsportsacademy.com/wp-json/?path=//proc/616" "Mozilla/5.0 AppleWebKit/537.36 (KHTML, like Gecko; compatible; GPTBot/1.3; +https://openai.com/gptbot)"
74.7.227.32 - - [10/Mar/2026:13:03:54 +0000] "GET /wp-json/?path=//proc/455/net HTTP/1.1" 200 85813 "https://azamsportsacademy.com/wp-json/?path=//proc/455" "Mozilla/5.0 AppleWebKit/537.36 (KHTML, like Gecko; compatible; GPTBot/1.3; +https://openai.com/gptbot)"
74.7.227.32 - - [10/Mar/2026:13:03:57 +0000] "GET /wp-json/?path=//proc/667/net HTTP/1.1" 200 85813 "https://azamsportsacademy.com/wp-json/?path=//proc/667" "Mozilla/5.0 AppleWebKit/537.36 (KHTML, like Gecko; compatible; GPTBot/1.3; +https://openai.com/gptbot)"
66.249.68.68 - - [10/Mar/2026:13:04:00 +0000] "GET /book/0026926972.html HTTP/1.1" 200 58828 "-" "Mozilla/5.0 (Linux; Android 6.0.1; Nexus 5X Build/MMB29P) AppleWebKit/537.36 (KHTML, like Gecko) Chrome/145.0.7632.116 Mobile Safari/537.36 (compatible; GoogleOther)"
74.7.227.32 - - [10/Mar/2026:13:04:00 +0000] "GET /wp-json/?fileloc=//proc/922/net/fib_triestat&path=//proc/922/net HTTP/1.1" 200 13083 "https://azamsportsacademy.com/wp-json/?path=//proc/922/net" "Mozilla/5.0 AppleWebKit/537.36 (KHTML, like Gecko; compatible; GPTBot/1.3; +https://openai.com/gptbot)"
74.7.227.32 - - [10/Mar/2026:13:04:04 +0000] "GET /wp-json/?fileloc=//proc/454/net/connector&path=//proc/454/net HTTP/1.1" 200 12395 "https://azamsportsacademy.com/wp-json/?path=//proc/454/net" "Mozilla/5.0 AppleWebKit/537.36 (KHTML, like Gecko; compatible; GPTBot/1.3; +https://openai.com/gptbot)"
74.7.227.32 - - [10/Mar/2026:13:04:07 +0000] "GET /wp-json/?fileloc=//proc/922/net/connector&path=//proc/922/net HTTP/1.1" 200 12395 "https://azamsportsacademy.com/wp-json/?path=//proc/922/net" "Mozilla/5.0 AppleWebKit/537.36 (KHTML, like Gecko; compatible; GPTBot/1.3; +https://openai.com/gptbot)"
74.7.227.32 - - [10/Mar/2026:13:04:10 +0000] "GET /wp-json/?fileloc=//proc/113/net/connector&path=//proc/113/net HTTP/1.1" 200 12395 "https://azamsportsacademy.com/wp-json/?path=//proc/113/net" "Mozilla/5.0 AppleWebKit/537.36 (KHTML, like Gecko; compatible; GPTBot/1.3; +https://openai.com/gptbot)"
74.7.227.32 - - [10/Mar/2026:13:04:13 +0000] "GET /wp-json/?fileloc=//proc/399/net/protocols&path=//proc/399/net HTTP/1.1" 200 14600 "https://azamsportsacademy.com/wp-json/?path=//proc/399/net" "Mozilla/5.0 AppleWebKit/537.36 (KHTML, like Gecko; compatible; GPTBot/1.3; +https://openai.com/gptbot)"
74.7.227.32 - - [10/Mar/2026:13:04:16 +0000] "GET /wp-json/?fileloc=//proc/399/net/connector&path=//proc/399/net HTTP/1.1" 200 12395 "https://azamsportsacademy.com/wp-json/?path=//proc/399/net" "Mozilla/5.0 AppleWebKit/537.36 (KHTML, like Gecko; compatible; GPTBot/1.3; +https://openai.com/gptbot)"
66.249.68.68 - - [10/Mar/2026:13:04:18 +0000] "GET /book/0021088516.html HTTP/1.1" 200 58828 "-" "Mozilla/5.0 (Linux; Android 6.0.1; Nexus 5X Build/MMB29P) AppleWebKit/537.36 (KHTML, like Gecko) Chrome/145.0.7632.116 Mobile Safari/537.36 (compatible; GoogleOther)"
74.7.227.32 - - [10/Mar/2026:13:04:19 +0000] "GET /wp-json/?fileloc=//proc/611/net/connector&path=//proc/611/net HTTP/1.1" 200 12395 "https://azamsportsacademy.com/wp-json/?path=//proc/611/net" "Mozilla/5.0 AppleWebKit/537.36 (KHTML, like Gecko; compatible; GPTBot/1.3; +https://openai.com/gptbot)"
74.7.227.32 - - [10/Mar/2026:13:04:22 +0000] "GET /wp-json/?fileloc=//proc/122/net/connector&path=//proc/122/net HTTP/1.1" 200 12395 "https://azamsportsacademy.com/wp-json/?path=//proc/122/net" "Mozilla/5.0 AppleWebKit/537.36 (KHTML, like Gecko; compatible; GPTBot/1.3; +https://openai.com/gptbot)"
74.7.227.32 - - [10/Mar/2026:13:04:26 +0000] "GET /wp-json/?fileloc=//proc/616/net/softnet_stat&path=//proc/616/net HTTP/1.1" 200 13295 "https://azamsportsacademy.com/wp-json/?path=//proc/616/net" "Mozilla/5.0 AppleWebKit/537.36 (KHTML, like Gecko; compatible; GPTBot/1.3; +https://openai.com/gptbot)"
74.7.227.32 - - [10/Mar/2026:13:04:29 +0000] "GET /wp-json/?fileloc=//proc/616/net/connector&path=//proc/616/net HTTP/1.1" 200 12395 "https://azamsportsacademy.com/wp-json/?path=//proc/616/net" "Mozilla/5.0 AppleWebKit/537.36 (KHTML, like Gecko; compatible; GPTBot/1.3; +https://openai.com/gptbot)"
74.7.227.32 - - [10/Mar/2026:13:04:32 +0000] "GET /wp-json/?fileloc=//proc/667/net/udplite&path=//proc/667/net HTTP/1.1" 200 12485 "https://azamsportsacademy.com/wp-json/?path=//proc/667/net" "Mozilla/5.0 AppleWebKit/537.36 (KHTML, like Gecko; compatible; GPTBot/1.3; +https://openai.com/gptbot)"
74.7.227.32 - - [10/Mar/2026:13:04:35 +0000] "GET /wp-json/?fileloc=//proc/455/net/connector&path=//proc/455/net HTTP/1.1" 200 12395 "https://azamsportsacademy.com/wp-json/?path=//proc/455/net" "Mozilla/5.0 AppleWebKit/537.36 (KHTML, like Gecko; compatible; GPTBot/1.3; +https://openai.com/gptbot)"
66.249.68.68 - - [10/Mar/2026:13:04:36 +0000] "GET /book/0022746192.html HTTP/1.1" 200 58828 "-" "Mozilla/5.0 (Linux; Android 6.0.1; Nexus 5X Build/MMB29P) AppleWebKit/537.36 (KHTML, like Gecko) Chrome/145.0.7632.116 Mobile Safari/537.36 (compatible; GoogleOther)"
74.7.227.32 - - [10/Mar/2026:13:04:38 +0000] "GET /wp-json/?fileloc=//proc/667/net/connector&path=//proc/667/net HTTP/1.1" 200 12395 "https://azamsportsacademy.com/wp-json/?path=//proc/667/net" "Mozilla/5.0 AppleWebKit/537.36 (KHTML, like Gecko; compatible; GPTBot/1.3; +https://openai.com/gptbot)"
74.7.227.32 - - [10/Mar/2026:13:04:42 +0000] "GET /wp-json/?fileloc=//proc/474/net/connector&path=//proc/474/net HTTP/1.1" 200 12395 "https://azamsportsacademy.com/wp-json/?path=//proc/474/net" "Mozilla/5.0 AppleWebKit/537.36 (KHTML, like Gecko; compatible; GPTBot/1.3; +https://openai.com/gptbot)"
74.7.227.32 - - [10/Mar/2026:13:04:45 +0000] "GET /wp-json/?fileloc=//proc/668/net/connector&path=//proc/668/net HTTP/1.1" 200 12395 "https://azamsportsacademy.com/wp-json/?path=//proc/668/net" "Mozilla/5.0 AppleWebKit/537.36 (KHTML, like Gecko; compatible; GPTBot/1.3; +https://openai.com/gptbot)"
74.7.227.32 - - [10/Mar/2026:13:04:48 +0000] "GET /wp-json/?fileloc=//proc/122/net/protocols&path=//proc/122/net HTTP/1.1" 200 14600 "https://azamsportsacademy.com/wp-json/?path=//proc/122/net" "Mozilla/5.0 AppleWebKit/537.36 (KHTML, like Gecko; compatible; GPTBot/1.3; +https://openai.com/gptbot)"
74.7.227.32 - - [10/Mar/2026:13:04:51 +0000] "GET /wp-json/?fileloc=//proc/474/net/protocols&path=//proc/474/net HTTP/1.1" 200 14600 "https://azamsportsacademy.com/wp-json/?path=//proc/474/net" "Mozilla/5.0 AppleWebKit/537.36 (KHTML, like Gecko; compatible; GPTBot/1.3; +https://openai.com/gptbot)"
66.249.68.68 - - [10/Mar/2026:13:04:54 +0000] "GET /1990-pregnancy-test-k.html HTTP/1.1" 200 58828 "-" "Mozilla/5.0 (Linux; Android 6.0.1; Nexus 5X Build/MMB29P) AppleWebKit/537.36 (KHTML, like Gecko) Chrome/145.0.7632.116 Mobile Safari/537.36 (compatible; Googlebot/2.1; +http://www.google.com/bot.html)"
74.7.227.32 - - [10/Mar/2026:13:04:54 +0000] "GET /wp-json/?fileloc=//proc/455/net/protocols&path=//proc/455/net HTTP/1.1" 200 14600 "https://azamsportsacademy.com/wp-json/?path=//proc/455/net" "Mozilla/5.0 AppleWebKit/537.36 (KHTML, like Gecko; compatible; GPTBot/1.3; +https://openai.com/gptbot)"
74.7.227.32 - - [10/Mar/2026:13:04:57 +0000] "GET /wp-json/?fileloc=//proc/667/net/protocols&path=//proc/667/net HTTP/1.1" 200 14600 "https://azamsportsacademy.com/wp-json/?path=//proc/667/net" "Mozilla/5.0 AppleWebKit/537.36 (KHTML, like Gecko; compatible; GPTBot/1.3; +https://openai.com/gptbot)"
74.7.227.32 - - [10/Mar/2026:13:05:00 +0000] "GET /wp-json/?fileloc=//proc/454/net/protocols&path=//proc/454/net HTTP/1.1" 200 14600 "https://azamsportsacademy.com/wp-json/?path=//proc/454/net" "Mozilla/5.0 AppleWebKit/537.36 (KHTML, like Gecko; compatible; GPTBot/1.3; +https://openai.com/gptbot)"
74.7.227.32 - - [10/Mar/2026:13:05:04 +0000] "GET /wp-json/?fileloc=//proc/113/net/protocols&path=//proc/113/net HTTP/1.1" 200 14600 "https://azamsportsacademy.com/wp-json/?path=//proc/113/net" "Mozilla/5.0 AppleWebKit/537.36 (KHTML, like Gecko; compatible; GPTBot/1.3; +https://openai.com/gptbot)"
74.7.227.32 - - [10/Mar/2026:13:05:07 +0000] "GET /wp-json/?fileloc=//proc/616/net/protocols&path=//proc/616/net HTTP/1.1" 200 14600 "https://azamsportsacademy.com/wp-json/?path=//proc/616/net" "Mozilla/5.0 AppleWebKit/537.36 (KHTML, like Gecko; compatible; GPTBot/1.3; +https://openai.com/gptbot)"
74.7.227.32 - - [10/Mar/2026:13:05:10 +0000] "GET /wp-json/?fileloc=//proc/668/net/protocols&path=//proc/668/net HTTP/1.1" 200 14600 "https://azamsportsacademy.com/wp-json/?path=//proc/668/net" "Mozilla/5.0 AppleWebKit/537.36 (KHTML, like Gecko; compatible; GPTBot/1.3; +https://openai.com/gptbot)"
66.249.68.68 - - [10/Mar/2026:13:05:12 +0000] "GET /book/0025407372.html HTTP/1.1" 200 58828 "-" "Mozilla/5.0 (Linux; Android 6.0.1; Nexus 5X Build/MMB29P) AppleWebKit/537.36 (KHTML, like Gecko) Chrome/145.0.7632.116 Mobile Safari/537.36 (compatible; Googlebot/2.1; +http://www.google.com/bot.html)"
74.7.227.32 - - [10/Mar/2026:13:05:13 +0000] "GET /wp-json/?fileloc=//proc/611/net/protocols&path=//proc/611/net HTTP/1.1" 200 14600 "https://azamsportsacademy.com/wp-json/?path=//proc/611/net" "Mozilla/5.0 AppleWebKit/537.36 (KHTML, like Gecko; compatible; GPTBot/1.3; +https://openai.com/gptbot)"
74.7.227.32 - - [10/Mar/2026:13:05:16 +0000] "GET /wp-json/?fileloc=//proc/922/net/protocols&path=//proc/922/net HTTP/1.1" 200 14600 "https://azamsportsacademy.com/wp-json/?path=//proc/922/net" "Mozilla/5.0 AppleWebKit/537.36 (KHTML, like Gecko; compatible; GPTBot/1.3; +https://openai.com/gptbot)"
74.7.227.32 - - [10/Mar/2026:13:05:20 +0000] "GET /wp-json/?fileloc=//proc/454/net/mcfilter6&path=//proc/454/net HTTP/1.1" 200 12447 "https://azamsportsacademy.com/wp-json/?path=//proc/454/net" "Mozilla/5.0 AppleWebKit/537.36 (KHTML, like Gecko; compatible; GPTBot/1.3; +https://openai.com/gptbot)"
74.7.227.32 - - [10/Mar/2026:13:05:23 +0000] "GET /wp-json/?fileloc=//proc/616/net/mcfilter6&path=//proc/616/net HTTP/1.1" 200 12447 "https://azamsportsacademy.com/wp-json/?path=//proc/616/net" "Mozilla/5.0 AppleWebKit/537.36 (KHTML, like Gecko; compatible; GPTBot/1.3; +https://openai.com/gptbot)"
74.7.227.32 - - [10/Mar/2026:13:05:26 +0000] "GET /wp-json/?fileloc=//proc/667/net/sockstat6&path=//proc/667/net HTTP/1.1" 200 12441 "https://azamsportsacademy.com/wp-json/?path=//proc/667/net" "Mozilla/5.0 AppleWebKit/537.36 (KHTML, like Gecko; compatible; GPTBot/1.3; +https://openai.com/gptbot)"
74.7.227.32 - - [10/Mar/2026:13:05:29 +0000] "GET /wp-json/?fileloc=//proc/122/net/sockstat6&path=//proc/122/net HTTP/1.1" 200 12441 "https://azamsportsacademy.com/wp-json/?path=//proc/122/net" "Mozilla/5.0 AppleWebKit/537.36 (KHTML, like Gecko; compatible; GPTBot/1.3; +https://openai.com/gptbot)"
66.249.68.69 - - [10/Mar/2026:13:05:30 +0000] "GET /machine-embroidery-santa-designs-k.html HTTP/1.1" 200 58828 "-" "Mozilla/5.0 (Linux; Android 6.0.1; Nexus 5X Build/MMB29P) AppleWebKit/537.36 (KHTML, like Gecko) Chrome/145.0.7632.116 Mobile Safari/537.36 (compatible; GoogleOther)"
74.7.227.32 - - [10/Mar/2026:13:05:32 +0000] "GET /wp-json/?fileloc=//proc/668/net/mcfilter6&path=//proc/668/net HTTP/1.1" 200 12447 "https://azamsportsacademy.com/wp-json/?path=//proc/668/net" "Mozilla/5.0 AppleWebKit/537.36 (KHTML, like Gecko; compatible; GPTBot/1.3; +https://openai.com/gptbot)"
74.7.227.32 - - [10/Mar/2026:13:05:35 +0000] "GET /wp-json/?fileloc=//proc/455/net/mcfilter6&path=//proc/455/net HTTP/1.1" 200 12447 "https://azamsportsacademy.com/wp-json/?path=//proc/455/net" "Mozilla/5.0 AppleWebKit/537.36 (KHTML, like Gecko; compatible; GPTBot/1.3; +https://openai.com/gptbot)"
74.7.227.32 - - [10/Mar/2026:13:05:39 +0000] "GET /wp-json/?fileloc=//proc/668/net/sockstat6&path=//proc/668/net HTTP/1.1" 200 12441 "https://azamsportsacademy.com/wp-json/?path=//proc/668/net" "Mozilla/5.0 AppleWebKit/537.36 (KHTML, like Gecko; compatible; GPTBot/1.3; +https://openai.com/gptbot)"
74.7.227.32 - - [10/Mar/2026:13:05:42 +0000] "GET /wp-json/?fileloc=//proc/611/net/sockstat6&path=//proc/611/net HTTP/1.1" 200 12441 "https://azamsportsacademy.com/wp-json/?path=//proc/611/net" "Mozilla/5.0 AppleWebKit/537.36 (KHTML, like Gecko; compatible; GPTBot/1.3; +https://openai.com/gptbot)"
74.7.227.32 - - [10/Mar/2026:13:05:45 +0000] "GET /wp-json/?fileloc=//proc/611/net/mcfilter6&path=//proc/611/net HTTP/1.1" 200 12447 "https://azamsportsacademy.com/wp-json/?path=//proc/611/net" "Mozilla/5.0 AppleWebKit/537.36 (KHTML, like Gecko; compatible; GPTBot/1.3; +https://openai.com/gptbot)"
74.7.227.32 - - [10/Mar/2026:13:05:48 +0000] "GET /wp-json/?fileloc=//proc/474/net/sockstat6&path=//proc/474/net HTTP/1.1" 200 12441 "https://azamsportsacademy.com/wp-json/?path=//proc/474/net" "Mozilla/5.0 AppleWebKit/537.36 (KHTML, like Gecko; compatible; GPTBot/1.3; +https://openai.com/gptbot)"
74.7.227.32 - - [10/Mar/2026:13:05:51 +0000] "GET /wp-json/?fileloc=//proc/455/net/sockstat6&path=//proc/455/net HTTP/1.1" 200 12441 "https://azamsportsacademy.com/wp-json/?path=//proc/455/net" "Mozilla/5.0 AppleWebKit/537.36 (KHTML, like Gecko; compatible; GPTBot/1.3; +https://openai.com/gptbot)"
74.7.227.32 - - [10/Mar/2026:13:05:54 +0000] "GET /wp-json/?fileloc=//proc/454/net/sockstat6&path=//proc/454/net HTTP/1.1" 200 12441 "https://azamsportsacademy.com/wp-json/?path=//proc/454/net" "Mozilla/5.0 AppleWebKit/537.36 (KHTML, like Gecko; compatible; GPTBot/1.3; +https://openai.com/gptbot)"
74.7.227.32 - - [10/Mar/2026:13:05:57 +0000] "GET /wp-json/?fileloc=//proc/474/net/mcfilter6&path=//proc/474/net HTTP/1.1" 200 12447 "https://azamsportsacademy.com/wp-json/?path=//proc/474/net" "Mozilla/5.0 AppleWebKit/537.36 (KHTML, like Gecko; compatible; GPTBot/1.3; +https://openai.com/gptbot)"
74.7.227.32 - - [10/Mar/2026:13:06:00 +0000] "GET /wp-json/?fileloc=//proc/667/net/mcfilter6&path=//proc/667/net HTTP/1.1" 200 12447 "https://azamsportsacademy.com/wp-json/?path=//proc/667/net" "Mozilla/5.0 AppleWebKit/537.36 (KHTML, like Gecko; compatible; GPTBot/1.3; +https://openai.com/gptbot)"
74.7.227.32 - - [10/Mar/2026:13:06:04 +0000] "GET /wp-json/?fileloc=//proc/122/net/mcfilter6&path=//proc/122/net HTTP/1.1" 200 12447 "https://azamsportsacademy.com/wp-json/?path=//proc/122/net" "Mozilla/5.0 AppleWebKit/537.36 (KHTML, like Gecko; compatible; GPTBot/1.3; +https://openai.com/gptbot)"
66.249.68.70 - - [10/Mar/2026:13:06:06 +0000] "GET /book/0027286328.html HTTP/1.1" 200 58828 "-" "Mozilla/5.0 (Linux; Android 6.0.1; Nexus 5X Build/MMB29P) AppleWebKit/537.36 (KHTML, like Gecko) Chrome/145.0.7632.116 Mobile Safari/537.36 (compatible; GoogleOther)"
74.7.227.32 - - [10/Mar/2026:13:06:07 +0000] "GET /wp-json/?fileloc=//proc/113/net/sockstat6&path=//proc/113/net HTTP/1.1" 200 12441 "https://azamsportsacademy.com/wp-json/?path=//proc/113/net" "Mozilla/5.0 AppleWebKit/537.36 (KHTML, like Gecko; compatible; GPTBot/1.3; +https://openai.com/gptbot)"
74.7.227.32 - - [10/Mar/2026:13:06:10 +0000] "GET /wp-json/?fileloc=//proc/113/net/mcfilter6&path=//proc/113/net HTTP/1.1" 200 12447 "https://azamsportsacademy.com/wp-json/?path=//proc/113/net" "Mozilla/5.0 AppleWebKit/537.36 (KHTML, like Gecko; compatible; GPTBot/1.3; +https://openai.com/gptbot)"
74.7.227.32 - - [10/Mar/2026:13:06:13 +0000] "GET /wp-json/?fileloc=//proc/616/net/sockstat6&path=//proc/616/net HTTP/1.1" 200 12441 "https://azamsportsacademy.com/wp-json/?path=//proc/616/net" "Mozilla/5.0 AppleWebKit/537.36 (KHTML, like Gecko; compatible; GPTBot/1.3; +https://openai.com/gptbot)"
74.7.227.32 - - [10/Mar/2026:13:06:16 +0000] "GET /wp-json/?fileloc=//proc/922/net/mcfilter6&path=//proc/922/net HTTP/1.1" 200 12447 "https://azamsportsacademy.com/wp-json/?path=//proc/922/net" "Mozilla/5.0 AppleWebKit/537.36 (KHTML, like Gecko; compatible; GPTBot/1.3; +https://openai.com/gptbot)"
74.7.227.32 - - [10/Mar/2026:13:06:19 +0000] "GET /wp-json/?fileloc=//proc/922/net/sockstat6&path=//proc/922/net HTTP/1.1" 200 12441 "https://azamsportsacademy.com/wp-json/?path=//proc/922/net" "Mozilla/5.0 AppleWebKit/537.36 (KHTML, like Gecko; compatible; GPTBot/1.3; +https://openai.com/gptbot)"
74.7.227.32 - - [10/Mar/2026:13:06:23 +0000] "GET /wp-json/?fileloc=//proc/399/net/sockstat6&path=//proc/399/net HTTP/1.1" 200 12441 "https://azamsportsacademy.com/wp-json/?path=//proc/399/net" "Mozilla/5.0 AppleWebKit/537.36 (KHTML, like Gecko; compatible; GPTBot/1.3; +https://openai.com/gptbot)"
66.249.68.68 - - [10/Mar/2026:13:06:24 +0000] "GET /bk1198-radio-receiver-k.html HTTP/1.1" 200 58828 "-" "Mozilla/5.0 (Linux; Android 6.0.1; Nexus 5X Build/MMB29P) AppleWebKit/537.36 (KHTML, like Gecko) Chrome/145.0.7632.116 Mobile Safari/537.36 (compatible; Googlebot/2.1; +http://www.google.com/bot.html)"
74.7.227.32 - - [10/Mar/2026:13:06:26 +0000] "GET /wp-json/?fileloc=//proc/399/net/mcfilter6&path=//proc/399/net HTTP/1.1" 200 12447 "https://azamsportsacademy.com/wp-json/?path=//proc/399/net" "Mozilla/5.0 AppleWebKit/537.36 (KHTML, like Gecko; compatible; GPTBot/1.3; +https://openai.com/gptbot)"
74.7.227.32 - - [10/Mar/2026:13:06:29 +0000] "GET /wp-json/?fileloc=//proc/616/net/ip6_flowlabel&path=//proc/616/net HTTP/1.1" 200 12435 "https://azamsportsacademy.com/wp-json/?path=//proc/616/net" "Mozilla/5.0 AppleWebKit/537.36 (KHTML, like Gecko; compatible; GPTBot/1.3; +https://openai.com/gptbot)"
74.7.227.32 - - [10/Mar/2026:13:06:32 +0000] "GET /wp-json/?fileloc=//proc/668/net/ip6_flowlabel&path=//proc/668/net HTTP/1.1" 200 12435 "https://azamsportsacademy.com/wp-json/?path=//proc/668/net" "Mozilla/5.0 AppleWebKit/537.36 (KHTML, like Gecko; compatible; GPTBot/1.3; +https://openai.com/gptbot)"
74.7.227.32 - - [10/Mar/2026:13:06:35 +0000] "GET /wp-json/?fileloc=//proc/611/net/ip6_flowlabel&path=//proc/611/net HTTP/1.1" 200 12435 "https://azamsportsacademy.com/wp-json/?path=//proc/611/net" "Mozilla/5.0 AppleWebKit/537.36 (KHTML, like Gecko; compatible; GPTBot/1.3; +https://openai.com/gptbot)"
74.7.227.32 - - [10/Mar/2026:13:06:38 +0000] "GET /wp-json/?fileloc=//proc/667/net/ip6_flowlabel&path=//proc/667/net HTTP/1.1" 200 12435 "https://azamsportsacademy.com/wp-json/?path=//proc/667/net" "Mozilla/5.0 AppleWebKit/537.36 (KHTML, like Gecko; compatible; GPTBot/1.3; +https://openai.com/gptbot)"
74.7.227.32 - - [10/Mar/2026:13:06:41 +0000] "GET /wp-json/?fileloc=//proc/454/net/ip6_flowlabel&path=//proc/454/net HTTP/1.1" 200 12435 "https://azamsportsacademy.com/wp-json/?path=//proc/454/net" "Mozilla/5.0 AppleWebKit/537.36 (KHTML, like Gecko; compatible; GPTBot/1.3; +https://openai.com/gptbot)"
66.249.68.68 - - [10/Mar/2026:13:06:41 +0000] "GET /book/0022386968.html HTTP/1.1" 200 58828 "-" "Mozilla/5.0 (Linux; Android 6.0.1; Nexus 5X Build/MMB29P) AppleWebKit/537.36 (KHTML, like Gecko) Chrome/145.0.7632.116 Mobile Safari/537.36 (compatible; Googlebot/2.1; +http://www.google.com/bot.html)"
74.7.227.32 - - [10/Mar/2026:13:06:44 +0000] "GET /wp-json/?fileloc=//proc/122/net/ip6_flowlabel&path=//proc/122/net HTTP/1.1" 200 12435 "https://azamsportsacademy.com/wp-json/?path=//proc/122/net" "Mozilla/5.0 AppleWebKit/537.36 (KHTML, like Gecko; compatible; GPTBot/1.3; +https://openai.com/gptbot)"
74.7.227.32 - - [10/Mar/2026:13:06:48 +0000] "GET /wp-json/?fileloc=//proc/455/net/ip6_flowlabel&path=//proc/455/net HTTP/1.1" 200 12435 "https://azamsportsacademy.com/wp-json/?path=//proc/455/net" "Mozilla/5.0 AppleWebKit/537.36 (KHTML, like Gecko; compatible; GPTBot/1.3; +https://openai.com/gptbot)"
74.7.227.32 - - [10/Mar/2026:13:06:51 +0000] "GET /wp-json/?fileloc=//proc/399/net/ip6_flowlabel&path=//proc/399/net HTTP/1.1" 200 12435 "https://azamsportsacademy.com/wp-json/?path=//proc/399/net" "Mozilla/5.0 AppleWebKit/537.36 (KHTML, like Gecko; compatible; GPTBot/1.3; +https://openai.com/gptbot)"
74.7.227.32 - - [10/Mar/2026:13:06:54 +0000] "GET /wp-json/?fileloc=//proc/113/net/ip6_flowlabel&path=//proc/113/net HTTP/1.1" 200 12435 "https://azamsportsacademy.com/wp-json/?path=//proc/113/net" "Mozilla/5.0 AppleWebKit/537.36 (KHTML, like Gecko; compatible; GPTBot/1.3; +https://openai.com/gptbot)"
74.7.227.32 - - [10/Mar/2026:13:06:57 +0000] "GET /wp-json/?fileloc=//proc/922/net/ip6_flowlabel&path=//proc/922/net HTTP/1.1" 200 12435 "https://azamsportsacademy.com/wp-json/?path=//proc/922/net" "Mozilla/5.0 AppleWebKit/537.36 (KHTML, like Gecko; compatible; GPTBot/1.3; +https://openai.com/gptbot)"
66.249.68.68 - - [10/Mar/2026:13:06:59 +0000] "GET /bk1198-radio-receiver-k.html HTTP/1.1" 200 58828 "-" "Mozilla/5.0 (Linux; Android 6.0.1; Nexus 5X Build/MMB29P) AppleWebKit/537.36 (KHTML, like Gecko) Chrome/145.0.7632.116 Mobile Safari/537.36 (compatible; GoogleOther)"
74.7.227.32 - - [10/Mar/2026:13:07:00 +0000] "GET /wp-json/?fileloc=//proc/474/net/ip6_flowlabel&path=//proc/474/net HTTP/1.1" 200 12435 "https://azamsportsacademy.com/wp-json/?path=//proc/474/net" "Mozilla/5.0 AppleWebKit/537.36 (KHTML, like Gecko; compatible; GPTBot/1.3; +https://openai.com/gptbot)"
74.7.227.32 - - [10/Mar/2026:13:07:03 +0000] "GET /wp-json/?fileloc=//proc/474/net/netlink&path=//proc/474/net HTTP/1.1" 200 15024 "https://azamsportsacademy.com/wp-json/?path=//proc/474/net" "Mozilla/5.0 AppleWebKit/537.36 (KHTML, like Gecko; compatible; GPTBot/1.3; +https://openai.com/gptbot)"
74.7.227.32 - - [10/Mar/2026:13:07:07 +0000] "GET /wp-json/?fileloc=//proc/113/net/netlink&path=//proc/113/net HTTP/1.1" 200 15024 "https://azamsportsacademy.com/wp-json/?path=//proc/113/net" "Mozilla/5.0 AppleWebKit/537.36 (KHTML, like Gecko; compatible; GPTBot/1.3; +https://openai.com/gptbot)"
74.7.227.32 - - [10/Mar/2026:13:07:10 +0000] "GET /wp-json/?fileloc=//proc/668/net/udplite&path=//proc/668/net HTTP/1.1" 200 12485 "https://azamsportsacademy.com/wp-json/?path=//proc/668/net" "Mozilla/5.0 AppleWebKit/537.36 (KHTML, like Gecko; compatible; GPTBot/1.3; +https://openai.com/gptbot)"
74.7.227.32 - - [10/Mar/2026:13:07:13 +0000] "GET /wp-json/?fileloc=//proc/399/net/netlink&path=//proc/399/net HTTP/1.1" 200 15024 "https://azamsportsacademy.com/wp-json/?path=//proc/399/net" "Mozilla/5.0 AppleWebKit/537.36 (KHTML, like Gecko; compatible; GPTBot/1.3; +https://openai.com/gptbot)"
74.7.227.32 - - [10/Mar/2026:13:07:16 +0000] "GET /wp-json/?fileloc=//proc/668/net/netlink&path=//proc/668/net HTTP/1.1" 200 15024 "https://azamsportsacademy.com/wp-json/?path=//proc/668/net" "Mozilla/5.0 AppleWebKit/537.36 (KHTML, like Gecko; compatible; GPTBot/1.3; +https://openai.com/gptbot)"
66.249.68.68 - - [10/Mar/2026:13:07:17 +0000] "GET /book/0026890792.html HTTP/1.1" 200 58828 "-" "Mozilla/5.0 (Linux; Android 6.0.1; Nexus 5X Build/MMB29P) AppleWebKit/537.36 (KHTML, like Gecko) Chrome/145.0.7632.116 Mobile Safari/537.36 (compatible; GoogleOther)"
74.7.227.32 - - [10/Mar/2026:13:07:19 +0000] "GET /wp-json/?fileloc=//proc/922/net/netlink&path=//proc/922/net HTTP/1.1" 200 15024 "https://azamsportsacademy.com/wp-json/?path=//proc/922/net" "Mozilla/5.0 AppleWebKit/537.36 (KHTML, like Gecko; compatible; GPTBot/1.3; +https://openai.com/gptbot)"
74.7.227.32 - - [10/Mar/2026:13:07:22 +0000] "GET /wp-json/?fileloc=//proc/611/net/netlink&path=//proc/611/net HTTP/1.1" 200 15024 "https://azamsportsacademy.com/wp-json/?path=//proc/611/net" "Mozilla/5.0 AppleWebKit/537.36 (KHTML, like Gecko; compatible; GPTBot/1.3; +https://openai.com/gptbot)"
74.7.227.32 - - [10/Mar/2026:13:07:26 +0000] "GET /wp-json/?fileloc=//proc/611/net/udplite&path=//proc/611/net HTTP/1.1" 200 12485 "https://azamsportsacademy.com/wp-json/?path=//proc/611/net" "Mozilla/5.0 AppleWebKit/537.36 (KHTML, like Gecko; compatible; GPTBot/1.3; +https://openai.com/gptbot)"
74.7.227.32 - - [10/Mar/2026:13:07:29 +0000] "GET /wp-json/?fileloc=//proc/616/net/netlink&path=//proc/616/net HTTP/1.1" 200 15024 "https://azamsportsacademy.com/wp-json/?path=//proc/616/net" "Mozilla/5.0 AppleWebKit/537.36 (KHTML, like Gecko; compatible; GPTBot/1.3; +https://openai.com/gptbot)"
74.7.227.32 - - [10/Mar/2026:13:07:32 +0000] "GET /wp-json/?fileloc=//proc/399/net/udplite&path=//proc/399/net HTTP/1.1" 200 12485 "https://azamsportsacademy.com/wp-json/?path=//proc/399/net" "Mozilla/5.0 AppleWebKit/537.36 (KHTML, like Gecko; compatible; GPTBot/1.3; +https://openai.com/gptbot)"
74.7.227.32 - - [10/Mar/2026:13:07:35 +0000] "GET /wp-json/?fileloc=//proc/474/net/udplite&path=//proc/474/net HTTP/1.1" 200 12485 "https://azamsportsacademy.com/wp-json/?path=//proc/474/net" "Mozilla/5.0 AppleWebKit/537.36 (KHTML, like Gecko; compatible; GPTBot/1.3; +https://openai.com/gptbot)"
74.7.227.32 - - [10/Mar/2026:13:07:38 +0000] "GET /wp-json/?fileloc=//proc/667/net/netlink&path=//proc/667/net HTTP/1.1" 200 15024 "https://azamsportsacademy.com/wp-json/?path=//proc/667/net" "Mozilla/5.0 AppleWebKit/537.36 (KHTML, like Gecko; compatible; GPTBot/1.3; +https://openai.com/gptbot)"
74.7.227.32 - - [10/Mar/2026:13:07:41 +0000] "GET /wp-json/?fileloc=//proc/455/net/udplite&path=//proc/455/net HTTP/1.1" 200 12485 "https://azamsportsacademy.com/wp-json/?path=//proc/455/net" "Mozilla/5.0 AppleWebKit/537.36 (KHTML, like Gecko; compatible; GPTBot/1.3; +https://openai.com/gptbot)"
74.7.227.32 - - [10/Mar/2026:13:07:44 +0000] "GET /wp-json/?fileloc=//proc/922/net/udplite&path=//proc/922/net HTTP/1.1" 200 12485 "https://azamsportsacademy.com/wp-json/?path=//proc/922/net" "Mozilla/5.0 AppleWebKit/537.36 (KHTML, like Gecko; compatible; GPTBot/1.3; +https://openai.com/gptbot)"
74.7.227.32 - - [10/Mar/2026:13:07:47 +0000] "GET /wp-json/?fileloc=//proc/455/net/netlink&path=//proc/455/net HTTP/1.1" 200 15024 "https://azamsportsacademy.com/wp-json/?path=//proc/455/net" "Mozilla/5.0 AppleWebKit/537.36 (KHTML, like Gecko; compatible; GPTBot/1.3; +https://openai.com/gptbot)"
74.7.227.32 - - [10/Mar/2026:13:07:50 +0000] "GET /wp-json/?fileloc=//proc/454/net/udplite&path=//proc/454/net HTTP/1.1" 200 12485 "https://azamsportsacademy.com/wp-json/?path=//proc/454/net" "Mozilla/5.0 AppleWebKit/537.36 (KHTML, like Gecko; compatible; GPTBot/1.3; +https://openai.com/gptbot)"
74.7.227.32 - - [10/Mar/2026:13:07:53 +0000] "GET /wp-json/?fileloc=//proc/454/net/netlink&path=//proc/454/net HTTP/1.1" 200 15024 "https://azamsportsacademy.com/wp-json/?path=//proc/454/net" "Mozilla/5.0 AppleWebKit/537.36 (KHTML, like Gecko; compatible; GPTBot/1.3; +https://openai.com/gptbot)"
74.7.227.32 - - [10/Mar/2026:13:07:56 +0000] "GET /wp-json/?fileloc=//proc/399/net/mcfilter&path=//proc/399/net HTTP/1.1" 200 12402 "https://azamsportsacademy.com/wp-json/?path=//proc/399/net" "Mozilla/5.0 AppleWebKit/537.36 (KHTML, like Gecko; compatible; GPTBot/1.3; +https://openai.com/gptbot)"
74.7.227.32 - - [10/Mar/2026:13:08:00 +0000] "GET /wp-json/?fileloc=//proc/616/net/udplite&path=//proc/616/net HTTP/1.1" 200 12485 "https://azamsportsacademy.com/wp-json/?path=//proc/616/net" "Mozilla/5.0 AppleWebKit/537.36 (KHTML, like Gecko; compatible; GPTBot/1.3; +https://openai.com/gptbot)"
74.7.227.32 - - [10/Mar/2026:13:08:03 +0000] "GET /wp-json/?fileloc=//proc/667/net/mcfilter&path=//proc/667/net HTTP/1.1" 200 12402 "https://azamsportsacademy.com/wp-json/?path=//proc/667/net" "Mozilla/5.0 AppleWebKit/537.36 (KHTML, like Gecko; compatible; GPTBot/1.3; +https://openai.com/gptbot)"
74.7.227.32 - - [10/Mar/2026:13:08:06 +0000] "GET /wp-json/?fileloc=//proc/668/net/sockstat&path=//proc/668/net HTTP/1.1" 200 12499 "https://azamsportsacademy.com/wp-json/?path=//proc/668/net" "Mozilla/5.0 AppleWebKit/537.36 (KHTML, like Gecko; compatible; GPTBot/1.3; +https://openai.com/gptbot)"
74.7.227.32 - - [10/Mar/2026:13:08:09 +0000] "GET /wp-json/?fileloc=//proc/611/net/mcfilter&path=//proc/611/net HTTP/1.1" 200 12402 "https://azamsportsacademy.com/wp-json/?path=//proc/611/net" "Mozilla/5.0 AppleWebKit/537.36 (KHTML, like Gecko; compatible; GPTBot/1.3; +https://openai.com/gptbot)"
66.249.68.69 - - [10/Mar/2026:13:08:11 +0000] "GET /ogx-keratin-oil-k.html HTTP/1.1" 200 58828 "-" "Mozilla/5.0 (Linux; Android 6.0.1; Nexus 5X Build/MMB29P) AppleWebKit/537.36 (KHTML, like Gecko) Chrome/145.0.7632.116 Mobile Safari/537.36 (compatible; GoogleOther)"
74.7.227.32 - - [10/Mar/2026:13:08:12 +0000] "GET /wp-json/?fileloc=//proc/455/net/mcfilter&path=//proc/455/net HTTP/1.1" 200 12402 "https://azamsportsacademy.com/wp-json/?path=//proc/455/net" "Mozilla/5.0 AppleWebKit/537.36 (KHTML, like Gecko; compatible; GPTBot/1.3; +https://openai.com/gptbot)"
74.7.227.32 - - [10/Mar/2026:13:08:15 +0000] "GET /wp-json/?fileloc=//proc/455/net/sockstat&path=//proc/455/net HTTP/1.1" 200 12499 "https://azamsportsacademy.com/wp-json/?path=//proc/455/net" "Mozilla/5.0 AppleWebKit/537.36 (KHTML, like Gecko; compatible; GPTBot/1.3; +https://openai.com/gptbot)"
74.7.227.32 - - [10/Mar/2026:13:08:19 +0000] "GET /wp-json/?fileloc=//proc/122/net/netstat&path=//proc/122/net HTTP/1.1" 200 16458 "https://azamsportsacademy.com/wp-json/?path=//proc/122/net" "Mozilla/5.0 AppleWebKit/537.36 (KHTML, like Gecko; compatible; GPTBot/1.3; +https://openai.com/gptbot)"
74.7.227.32 - - [10/Mar/2026:13:08:22 +0000] "GET /wp-json/?fileloc=//proc/616/net/sockstat&path=//proc/616/net HTTP/1.1" 200 12498 "https://azamsportsacademy.com/wp-json/?path=//proc/616/net" "Mozilla/5.0 AppleWebKit/537.36 (KHTML, like Gecko; compatible; GPTBot/1.3; +https://openai.com/gptbot)"
74.7.227.32 - - [10/Mar/2026:13:08:25 +0000] "GET /wp-json/?fileloc=//proc/122/net/udplite&path=//proc/122/net HTTP/1.1" 200 12485 "https://azamsportsacademy.com/wp-json/?path=//proc/122/net" "Mozilla/5.0 AppleWebKit/537.36 (KHTML, like Gecko; compatible; GPTBot/1.3; +https://openai.com/gptbot)"
74.7.227.32 - - [10/Mar/2026:13:08:28 +0000] "GET /wp-json/?fileloc=//proc/922/net/sockstat&path=//proc/922/net HTTP/1.1" 200 12498 "https://azamsportsacademy.com/wp-json/?path=//proc/922/net" "Mozilla/5.0 AppleWebKit/537.36 (KHTML, like Gecko; compatible; GPTBot/1.3; +https://openai.com/gptbot)"
66.249.68.69 - - [10/Mar/2026:13:08:29 +0000] "GET /canopy-radio-k.html HTTP/1.1" 200 58828 "-" "Mozilla/5.0 (Linux; Android 6.0.1; Nexus 5X Build/MMB29P) AppleWebKit/537.36 (KHTML, like Gecko) Chrome/145.0.7632.116 Mobile Safari/537.36 (compatible; GoogleOther)"
74.7.227.32 - - [10/Mar/2026:13:08:32 +0000] "GET /wp-json/?fileloc=//proc/611/net/sockstat&path=//proc/611/net HTTP/1.1" 200 12498 "https://azamsportsacademy.com/wp-json/?path=//proc/611/net" "Mozilla/5.0 AppleWebKit/537.36 (KHTML, like Gecko; compatible; GPTBot/1.3; +https://openai.com/gptbot)"
74.7.227.32 - - [10/Mar/2026:13:08:35 +0000] "GET /wp-json/?fileloc=//proc/668/net/netstat&path=//proc/668/net HTTP/1.1" 200 16458 "https://azamsportsacademy.com/wp-json/?path=//proc/668/net" "Mozilla/5.0 AppleWebKit/537.36 (KHTML, like Gecko; compatible; GPTBot/1.3; +https://openai.com/gptbot)"
74.7.227.32 - - [10/Mar/2026:13:08:38 +0000] "GET /wp-json/?fileloc=//proc/113/net/netstat&path=//proc/113/net HTTP/1.1" 200 16458 "https://azamsportsacademy.com/wp-json/?path=//proc/113/net" "Mozilla/5.0 AppleWebKit/537.36 (KHTML, like Gecko; compatible; GPTBot/1.3; +https://openai.com/gptbot)"
74.7.227.32 - - [10/Mar/2026:13:08:41 +0000] "GET /wp-json/?fileloc=//proc/922/net/mcfilter&path=//proc/922/net HTTP/1.1" 200 12402 "https://azamsportsacademy.com/wp-json/?path=//proc/922/net" "Mozilla/5.0 AppleWebKit/537.36 (KHTML, like Gecko; compatible; GPTBot/1.3; +https://openai.com/gptbot)"
74.7.227.32 - - [10/Mar/2026:13:08:44 +0000] "GET /wp-json/?fileloc=//proc/667/net/sockstat&path=//proc/667/net HTTP/1.1" 200 12498 "https://azamsportsacademy.com/wp-json/?path=//proc/667/net" "Mozilla/5.0 AppleWebKit/537.36 (KHTML, like Gecko; compatible; GPTBot/1.3; +https://openai.com/gptbot)"
66.249.68.68 - - [10/Mar/2026:13:08:47 +0000] "GET /drift-car-radiator-k.html HTTP/1.1" 200 58828 "-" "Mozilla/5.0 (Linux; Android 6.0.1; Nexus 5X Build/MMB29P) AppleWebKit/537.36 (KHTML, like Gecko) Chrome/145.0.7632.116 Mobile Safari/537.36 (compatible; GoogleOther)"
74.7.227.32 - - [10/Mar/2026:13:08:47 +0000] "GET /wp-json/?fileloc=//proc/113/net/udplite&path=//proc/113/net HTTP/1.1" 200 12485 "https://azamsportsacademy.com/wp-json/?path=//proc/113/net" "Mozilla/5.0 AppleWebKit/537.36 (KHTML, like Gecko; compatible; GPTBot/1.3; +https://openai.com/gptbot)"
74.7.227.32 - - [10/Mar/2026:13:08:51 +0000] "GET /wp-json/?fileloc=//proc/454/net/netstat&path=//proc/454/net HTTP/1.1" 200 16458 "https://azamsportsacademy.com/wp-json/?path=//proc/454/net" "Mozilla/5.0 AppleWebKit/537.36 (KHTML, like Gecko; compatible; GPTBot/1.3; +https://openai.com/gptbot)"
74.7.227.32 - - [10/Mar/2026:13:08:54 +0000] "GET /wp-json/?fileloc=//proc/454/net/sockstat&path=//proc/454/net HTTP/1.1" 200 12498 "https://azamsportsacademy.com/wp-json/?path=//proc/454/net" "Mozilla/5.0 AppleWebKit/537.36 (KHTML, like Gecko; compatible; GPTBot/1.3; +https://openai.com/gptbot)"
74.7.227.32 - - [10/Mar/2026:13:08:57 +0000] "GET /wp-json/?fileloc=//proc/113/net/sockstat&path=//proc/113/net HTTP/1.1" 200 12498 "https://azamsportsacademy.com/wp-json/?path=//proc/113/net" "Mozilla/5.0 AppleWebKit/537.36 (KHTML, like Gecko; compatible; GPTBot/1.3; +https://openai.com/gptbot)"
74.7.227.32 - - [10/Mar/2026:13:09:00 +0000] "GET /wp-json/?fileloc=//proc/399/net/sockstat&path=//proc/399/net HTTP/1.1" 200 12499 "https://azamsportsacademy.com/wp-json/?path=//proc/399/net" "Mozilla/5.0 AppleWebKit/537.36 (KHTML, like Gecko; compatible; GPTBot/1.3; +https://openai.com/gptbot)"
74.7.227.32 - - [10/Mar/2026:13:09:03 +0000] "GET /wp-json/?fileloc=//proc/399/net/netstat&path=//proc/399/net HTTP/1.1" 200 16458 "https://azamsportsacademy.com/wp-json/?path=//proc/399/net" "Mozilla/5.0 AppleWebKit/537.36 (KHTML, like Gecko; compatible; GPTBot/1.3; +https://openai.com/gptbot)"
