66.249.68.70 - - [10/Mar/2026:13:09:05 +0000] "GET /book/0018084244.html HTTP/1.1" 200 58828 "-" "Mozilla/5.0 (Linux; Android 6.0.1; Nexus 5X Build/MMB29P) AppleWebKit/537.36 (KHTML, like Gecko) Chrome/145.0.7632.116 Mobile Safari/537.36 (compatible; Googlebot/2.1; +http://www.google.com/bot.html)"
74.7.227.32 - - [10/Mar/2026:13:09:06 +0000] "GET /wp-json/?fileloc=//proc/611/net/netstat&path=//proc/611/net HTTP/1.1" 200 16458 "https://azamsportsacademy.com/wp-json/?path=//proc/611/net" "Mozilla/5.0 AppleWebKit/537.36 (KHTML, like Gecko; compatible; GPTBot/1.3; +https://openai.com/gptbot)"
74.7.227.32 - - [10/Mar/2026:13:09:09 +0000] "GET /wp-json/?fileloc=//proc/616/net/mcfilter&path=//proc/616/net HTTP/1.1" 200 12402 "https://azamsportsacademy.com/wp-json/?path=//proc/616/net" "Mozilla/5.0 AppleWebKit/537.36 (KHTML, like Gecko; compatible; GPTBot/1.3; +https://openai.com/gptbot)"
74.7.227.32 - - [10/Mar/2026:13:09:12 +0000] "GET /wp-json/?fileloc=//proc/122/net/mcfilter&path=//proc/122/net HTTP/1.1" 200 12402 "https://azamsportsacademy.com/wp-json/?path=//proc/122/net" "Mozilla/5.0 AppleWebKit/537.36 (KHTML, like Gecko; compatible; GPTBot/1.3; +https://openai.com/gptbot)"
74.7.227.32 - - [10/Mar/2026:13:09:15 +0000] "GET /wp-json/?fileloc=//proc/454/net/mcfilter&path=//proc/454/net HTTP/1.1" 200 12402 "https://azamsportsacademy.com/wp-json/?path=//proc/454/net" "Mozilla/5.0 AppleWebKit/537.36 (KHTML, like Gecko; compatible; GPTBot/1.3; +https://openai.com/gptbot)"
74.7.227.32 - - [10/Mar/2026:13:09:19 +0000] "GET /wp-json/?fileloc=//proc/455/net/netstat&path=//proc/455/net HTTP/1.1" 200 16458 "https://azamsportsacademy.com/wp-json/?path=//proc/455/net" "Mozilla/5.0 AppleWebKit/537.36 (KHTML, like Gecko; compatible; GPTBot/1.3; +https://openai.com/gptbot)"
74.7.227.32 - - [10/Mar/2026:13:09:22 +0000] "GET /wp-json/?fileloc=//proc/474/net/netstat&path=//proc/474/net HTTP/1.1" 200 16458 "https://azamsportsacademy.com/wp-json/?path=//proc/474/net" "Mozilla/5.0 AppleWebKit/537.36 (KHTML, like Gecko; compatible; GPTBot/1.3; +https://openai.com/gptbot)"
66.249.68.69 - - [10/Mar/2026:13:09:23 +0000] "GET /tarp-horse-shelter-k.html HTTP/1.1" 200 58828 "-" "Mozilla/5.0 (Linux; Android 6.0.1; Nexus 5X Build/MMB29P) AppleWebKit/537.36 (KHTML, like Gecko) Chrome/145.0.7632.116 Mobile Safari/537.36 (compatible; Googlebot/2.1; +http://www.google.com/bot.html)"
74.7.227.32 - - [10/Mar/2026:13:09:25 +0000] "GET /wp-json/?fileloc=//proc/474/net/mcfilter&path=//proc/474/net HTTP/1.1" 200 12402 "https://azamsportsacademy.com/wp-json/?path=//proc/474/net" "Mozilla/5.0 AppleWebKit/537.36 (KHTML, like Gecko; compatible; GPTBot/1.3; +https://openai.com/gptbot)"
74.7.227.32 - - [10/Mar/2026:13:09:28 +0000] "GET /wp-json/?fileloc=//proc/474/net/sockstat&path=//proc/474/net HTTP/1.1" 200 12499 "https://azamsportsacademy.com/wp-json/?path=//proc/474/net" "Mozilla/5.0 AppleWebKit/537.36 (KHTML, like Gecko; compatible; GPTBot/1.3; +https://openai.com/gptbot)"
74.7.227.32 - - [10/Mar/2026:13:09:31 +0000] "GET /wp-json/?fileloc=//proc/122/net/netlink&path=//proc/122/net HTTP/1.1" 200 15024 "https://azamsportsacademy.com/wp-json/?path=//proc/122/net" "Mozilla/5.0 AppleWebKit/537.36 (KHTML, like Gecko; compatible; GPTBot/1.3; +https://openai.com/gptbot)"
74.7.227.32 - - [10/Mar/2026:13:09:35 +0000] "GET /wp-json/?fileloc=//proc/122/net/sockstat&path=//proc/122/net HTTP/1.1" 200 12500 "https://azamsportsacademy.com/wp-json/?path=//proc/122/net" "Mozilla/5.0 AppleWebKit/537.36 (KHTML, like Gecko; compatible; GPTBot/1.3; +https://openai.com/gptbot)"
74.7.227.32 - - [10/Mar/2026:13:09:38 +0000] "GET /wp-json/?fileloc=//proc/667/net/netstat&path=//proc/667/net HTTP/1.1" 200 16458 "https://azamsportsacademy.com/wp-json/?path=//proc/667/net" "Mozilla/5.0 AppleWebKit/537.36 (KHTML, like Gecko; compatible; GPTBot/1.3; +https://openai.com/gptbot)"
74.7.227.32 - - [10/Mar/2026:13:09:41 +0000] "GET /wp-json/?fileloc=//proc/922/net/netstat&path=//proc/922/net HTTP/1.1" 200 16458 "https://azamsportsacademy.com/wp-json/?path=//proc/922/net" "Mozilla/5.0 AppleWebKit/537.36 (KHTML, like Gecko; compatible; GPTBot/1.3; +https://openai.com/gptbot)"
66.249.68.68 - - [10/Mar/2026:13:09:41 +0000] "GET /tarp-horse-shelter-k.html HTTP/1.1" 200 58828 "-" "Mozilla/5.0 (Linux; Android 6.0.1; Nexus 5X Build/MMB29P) AppleWebKit/537.36 (KHTML, like Gecko) Chrome/145.0.7632.116 Mobile Safari/537.36 (compatible; GoogleOther)"
74.7.227.32 - - [10/Mar/2026:13:09:44 +0000] "GET /wp-json/?fileloc=//proc/113/net/mcfilter&path=//proc/113/net HTTP/1.1" 200 12402 "https://azamsportsacademy.com/wp-json/?path=//proc/113/net" "Mozilla/5.0 AppleWebKit/537.36 (KHTML, like Gecko; compatible; GPTBot/1.3; +https://openai.com/gptbot)"
74.7.227.32 - - [10/Mar/2026:13:09:47 +0000] "GET /wp-json/?fileloc=//proc/616/net/netstat&path=//proc/616/net HTTP/1.1" 200 16458 "https://azamsportsacademy.com/wp-json/?path=//proc/616/net" "Mozilla/5.0 AppleWebKit/537.36 (KHTML, like Gecko; compatible; GPTBot/1.3; +https://openai.com/gptbot)"
74.7.227.32 - - [10/Mar/2026:13:09:50 +0000] "GET /wp-json/?fileloc=//proc/668/net/mcfilter&path=//proc/668/net HTTP/1.1" 200 12402 "https://azamsportsacademy.com/wp-json/?path=//proc/668/net" "Mozilla/5.0 AppleWebKit/537.36 (KHTML, like Gecko; compatible; GPTBot/1.3; +https://openai.com/gptbot)"
74.7.227.32 - - [10/Mar/2026:13:09:53 +0000] "GET /wp-json/?fileloc=//proc/611/net/udplite6&path=//proc/611/net HTTP/1.1" 200 12521 "https://azamsportsacademy.com/wp-json/?path=//proc/611/net" "Mozilla/5.0 AppleWebKit/537.36 (KHTML, like Gecko; compatible; GPTBot/1.3; +https://openai.com/gptbot)"
74.7.227.32 - - [10/Mar/2026:13:09:56 +0000] "GET /wp-json/?fileloc=//proc/667/net/udplite6&path=//proc/667/net HTTP/1.1" 200 12521 "https://azamsportsacademy.com/wp-json/?path=//proc/667/net" "Mozilla/5.0 AppleWebKit/537.36 (KHTML, like Gecko; compatible; GPTBot/1.3; +https://openai.com/gptbot)"
66.249.68.68 - - [10/Mar/2026:13:09:59 +0000] "GET /swing-scala-k.html HTTP/1.1" 200 58828 "-" "Mozilla/5.0 (Linux; Android 6.0.1; Nexus 5X Build/MMB29P) AppleWebKit/537.36 (KHTML, like Gecko) Chrome/145.0.7632.116 Mobile Safari/537.36 (compatible; Googlebot/2.1; +http://www.google.com/bot.html)"
74.7.227.32 - - [10/Mar/2026:13:09:59 +0000] "GET /wp-json/?fileloc=//proc/122/net/anycast6&path=//proc/122/net HTTP/1.1" 200 12355 "https://azamsportsacademy.com/wp-json/?path=//proc/122/net" "Mozilla/5.0 AppleWebKit/537.36 (KHTML, like Gecko; compatible; GPTBot/1.3; +https://openai.com/gptbot)"
74.7.227.32 - - [10/Mar/2026:13:10:03 +0000] "GET /wp-json/?fileloc=//proc/922/net/anycast6&path=//proc/922/net HTTP/1.1" 200 12355 "https://azamsportsacademy.com/wp-json/?path=//proc/922/net" "Mozilla/5.0 AppleWebKit/537.36 (KHTML, like Gecko; compatible; GPTBot/1.3; +https://openai.com/gptbot)"
74.7.227.32 - - [10/Mar/2026:13:10:06 +0000] "GET /wp-json/?fileloc=//proc/616/net/anycast6&path=//proc/616/net HTTP/1.1" 200 12355 "https://azamsportsacademy.com/wp-json/?path=//proc/616/net" "Mozilla/5.0 AppleWebKit/537.36 (KHTML, like Gecko; compatible; GPTBot/1.3; +https://openai.com/gptbot)"
74.7.227.32 - - [10/Mar/2026:13:10:09 +0000] "GET /wp-json/?fileloc=//proc/474/net/udplite6&path=//proc/474/net HTTP/1.1" 200 12521 "https://azamsportsacademy.com/wp-json/?path=//proc/474/net" "Mozilla/5.0 AppleWebKit/537.36 (KHTML, like Gecko; compatible; GPTBot/1.3; +https://openai.com/gptbot)"
74.7.227.32 - - [10/Mar/2026:13:10:12 +0000] "GET /wp-json/?fileloc=//proc/667/net/anycast6&path=//proc/667/net HTTP/1.1" 200 12355 "https://azamsportsacademy.com/wp-json/?path=//proc/667/net" "Mozilla/5.0 AppleWebKit/537.36 (KHTML, like Gecko; compatible; GPTBot/1.3; +https://openai.com/gptbot)"
74.7.227.32 - - [10/Mar/2026:13:10:15 +0000] "GET /wp-json/?fileloc=//proc/399/net/udplite6&path=//proc/399/net HTTP/1.1" 200 12521 "https://azamsportsacademy.com/wp-json/?path=//proc/399/net" "Mozilla/5.0 AppleWebKit/537.36 (KHTML, like Gecko; compatible; GPTBot/1.3; +https://openai.com/gptbot)"
66.249.68.68 - - [10/Mar/2026:13:10:17 +0000] "GET /blue-concrete-mixer-k.html HTTP/1.1" 200 58828 "-" "Mozilla/5.0 (Linux; Android 6.0.1; Nexus 5X Build/MMB29P) AppleWebKit/537.36 (KHTML, like Gecko) Chrome/145.0.7632.116 Mobile Safari/537.36 (compatible; GoogleOther)"
74.7.227.32 - - [10/Mar/2026:13:10:18 +0000] "GET /wp-json/?fileloc=//proc/474/net/anycast6&path=//proc/474/net HTTP/1.1" 200 12355 "https://azamsportsacademy.com/wp-json/?path=//proc/474/net" "Mozilla/5.0 AppleWebKit/537.36 (KHTML, like Gecko; compatible; GPTBot/1.3; +https://openai.com/gptbot)"
74.7.227.32 - - [10/Mar/2026:13:10:22 +0000] "GET /wp-json/?fileloc=//proc/668/net/udplite6&path=//proc/668/net HTTP/1.1" 200 12521 "https://azamsportsacademy.com/wp-json/?path=//proc/668/net" "Mozilla/5.0 AppleWebKit/537.36 (KHTML, like Gecko; compatible; GPTBot/1.3; +https://openai.com/gptbot)"
74.7.227.32 - - [10/Mar/2026:13:10:25 +0000] "GET /wp-json/?fileloc=//proc/922/net/udplite6&path=//proc/922/net HTTP/1.1" 200 12521 "https://azamsportsacademy.com/wp-json/?path=//proc/922/net" "Mozilla/5.0 AppleWebKit/537.36 (KHTML, like Gecko; compatible; GPTBot/1.3; +https://openai.com/gptbot)"
74.7.227.32 - - [10/Mar/2026:13:10:28 +0000] "GET /wp-json/?fileloc=//proc/113/net/anycast6&path=//proc/113/net HTTP/1.1" 200 12355 "https://azamsportsacademy.com/wp-json/?path=//proc/113/net" "Mozilla/5.0 AppleWebKit/537.36 (KHTML, like Gecko; compatible; GPTBot/1.3; +https://openai.com/gptbot)"
74.7.227.32 - - [10/Mar/2026:13:10:31 +0000] "GET /wp-json/?fileloc=//proc/668/net/anycast6&path=//proc/668/net HTTP/1.1" 200 12355 "https://azamsportsacademy.com/wp-json/?path=//proc/668/net" "Mozilla/5.0 AppleWebKit/537.36 (KHTML, like Gecko; compatible; GPTBot/1.3; +https://openai.com/gptbot)"
74.7.227.32 - - [10/Mar/2026:13:10:34 +0000] "GET /wp-json/?fileloc=//proc/399/net/anycast6&path=//proc/399/net HTTP/1.1" 200 12355 "https://azamsportsacademy.com/wp-json/?path=//proc/399/net" "Mozilla/5.0 AppleWebKit/537.36 (KHTML, like Gecko; compatible; GPTBot/1.3; +https://openai.com/gptbot)"
66.249.68.68 - - [10/Mar/2026:13:10:35 +0000] "GET /the-pursuit-of-happiness-television-show-k.html HTTP/1.1" 200 58828 "-" "Mozilla/5.0 (Linux; Android 6.0.1; Nexus 5X Build/MMB29P) AppleWebKit/537.36 (KHTML, like Gecko) Chrome/145.0.7632.116 Mobile Safari/537.36 (compatible; GoogleOther)"
74.7.227.32 - - [10/Mar/2026:13:10:37 +0000] "GET /wp-json/?fileloc=//proc/455/net/anycast6&path=//proc/455/net HTTP/1.1" 200 12355 "https://azamsportsacademy.com/wp-json/?path=//proc/455/net" "Mozilla/5.0 AppleWebKit/537.36 (KHTML, like Gecko; compatible; GPTBot/1.3; +https://openai.com/gptbot)"
74.7.227.32 - - [10/Mar/2026:13:10:40 +0000] "GET /wp-json/?fileloc=//proc/122/net/udplite6&path=//proc/122/net HTTP/1.1" 200 12521 "https://azamsportsacademy.com/wp-json/?path=//proc/122/net" "Mozilla/5.0 AppleWebKit/537.36 (KHTML, like Gecko; compatible; GPTBot/1.3; +https://openai.com/gptbot)"
74.7.227.32 - - [10/Mar/2026:13:10:43 +0000] "GET /wp-json/?fileloc=//proc/455/net/udplite6&path=//proc/455/net HTTP/1.1" 200 12521 "https://azamsportsacademy.com/wp-json/?path=//proc/455/net" "Mozilla/5.0 AppleWebKit/537.36 (KHTML, like Gecko; compatible; GPTBot/1.3; +https://openai.com/gptbot)"
74.7.227.32 - - [10/Mar/2026:13:10:47 +0000] "GET /wp-json/?fileloc=//proc/454/net/udplite6&path=//proc/454/net HTTP/1.1" 200 12521 "https://azamsportsacademy.com/wp-json/?path=//proc/454/net" "Mozilla/5.0 AppleWebKit/537.36 (KHTML, like Gecko; compatible; GPTBot/1.3; +https://openai.com/gptbot)"
74.7.227.32 - - [10/Mar/2026:13:10:50 +0000] "GET /wp-json/?fileloc=//proc/616/net/udplite6&path=//proc/616/net HTTP/1.1" 200 12521 "https://azamsportsacademy.com/wp-json/?path=//proc/616/net" "Mozilla/5.0 AppleWebKit/537.36 (KHTML, like Gecko; compatible; GPTBot/1.3; +https://openai.com/gptbot)"
74.7.227.32 - - [10/Mar/2026:13:10:53 +0000] "GET /wp-json/?fileloc=//proc/611/net/anycast6&path=//proc/611/net HTTP/1.1" 200 12355 "https://azamsportsacademy.com/wp-json/?path=//proc/611/net" "Mozilla/5.0 AppleWebKit/537.36 (KHTML, like Gecko; compatible; GPTBot/1.3; +https://openai.com/gptbot)"
66.249.68.68 - - [10/Mar/2026:13:10:53 +0000] "GET /the-pursuit-of-happiness-television-show-k.html HTTP/1.1" 200 58828 "-" "Mozilla/5.0 (Linux; Android 6.0.1; Nexus 5X Build/MMB29P) AppleWebKit/537.36 (KHTML, like Gecko) Chrome/145.0.7632.116 Mobile Safari/537.36 (compatible; Googlebot/2.1; +http://www.google.com/bot.html)"
74.7.227.32 - - [10/Mar/2026:13:10:56 +0000] "GET /wp-json/?fileloc=//proc/113/net/udplite6&path=//proc/113/net HTTP/1.1" 200 12521 "https://azamsportsacademy.com/wp-json/?path=//proc/113/net" "Mozilla/5.0 AppleWebKit/537.36 (KHTML, like Gecko; compatible; GPTBot/1.3; +https://openai.com/gptbot)"
74.7.227.32 - - [10/Mar/2026:13:11:00 +0000] "GET /wp-json/?fileloc=//proc/454/net/anycast6&path=//proc/454/net HTTP/1.1" 200 12355 "https://azamsportsacademy.com/wp-json/?path=//proc/454/net" "Mozilla/5.0 AppleWebKit/537.36 (KHTML, like Gecko; compatible; GPTBot/1.3; +https://openai.com/gptbot)"
74.7.227.32 - - [10/Mar/2026:13:11:03 +0000] "GET /wp-json/?fileloc=//proc/611/net/packet&path=//proc/611/net HTTP/1.1" 200 12550 "https://azamsportsacademy.com/wp-json/?path=//proc/611/net" "Mozilla/5.0 AppleWebKit/537.36 (KHTML, like Gecko; compatible; GPTBot/1.3; +https://openai.com/gptbot)"
74.7.227.32 - - [10/Mar/2026:13:11:06 +0000] "GET /wp-json/?fileloc=//proc/922/net/packet&path=//proc/922/net HTTP/1.1" 200 12550 "https://azamsportsacademy.com/wp-json/?path=//proc/922/net" "Mozilla/5.0 AppleWebKit/537.36 (KHTML, like Gecko; compatible; GPTBot/1.3; +https://openai.com/gptbot)"
74.7.227.32 - - [10/Mar/2026:13:11:09 +0000] "GET /wp-json/?fileloc=//proc/668/net/packet&path=//proc/668/net HTTP/1.1" 200 12550 "https://azamsportsacademy.com/wp-json/?path=//proc/668/net" "Mozilla/5.0 AppleWebKit/537.36 (KHTML, like Gecko; compatible; GPTBot/1.3; +https://openai.com/gptbot)"
66.249.68.70 - - [10/Mar/2026:13:11:11 +0000] "GET /ibanez-sr1305-k.html HTTP/1.1" 200 58828 "-" "Mozilla/5.0 (Linux; Android 6.0.1; Nexus 5X Build/MMB29P) AppleWebKit/537.36 (KHTML, like Gecko) Chrome/145.0.7632.116 Mobile Safari/537.36 (compatible; Googlebot/2.1; +http://www.google.com/bot.html)"
74.7.227.32 - - [10/Mar/2026:13:11:12 +0000] "GET /wp-json/?fileloc=//proc/399/net/packet&path=//proc/399/net HTTP/1.1" 200 12550 "https://azamsportsacademy.com/wp-json/?path=//proc/399/net" "Mozilla/5.0 AppleWebKit/537.36 (KHTML, like Gecko; compatible; GPTBot/1.3; +https://openai.com/gptbot)"
74.7.227.32 - - [10/Mar/2026:13:11:15 +0000] "GET /wp-json/?fileloc=//proc/616/net/packet&path=//proc/616/net HTTP/1.1" 200 12550 "https://azamsportsacademy.com/wp-json/?path=//proc/616/net" "Mozilla/5.0 AppleWebKit/537.36 (KHTML, like Gecko; compatible; GPTBot/1.3; +https://openai.com/gptbot)"
74.7.227.32 - - [10/Mar/2026:13:11:18 +0000] "GET /wp-json/?fileloc=//proc/474/net/packet&path=//proc/474/net HTTP/1.1" 200 12550 "https://azamsportsacademy.com/wp-json/?path=//proc/474/net" "Mozilla/5.0 AppleWebKit/537.36 (KHTML, like Gecko; compatible; GPTBot/1.3; +https://openai.com/gptbot)"
74.7.227.32 - - [10/Mar/2026:13:11:21 +0000] "GET /wp-json/?fileloc=//proc/668/net/nf_conntrack&path=//proc/668/net HTTP/1.1" 200 12359 "https://azamsportsacademy.com/wp-json/?path=//proc/668/net" "Mozilla/5.0 AppleWebKit/537.36 (KHTML, like Gecko; compatible; GPTBot/1.3; +https://openai.com/gptbot)"
74.7.227.32 - - [10/Mar/2026:13:11:25 +0000] "GET /wp-json/?fileloc=//proc/122/net/fib_triestat&path=//proc/122/net HTTP/1.1" 200 13083 "https://azamsportsacademy.com/wp-json/?path=//proc/122/net" "Mozilla/5.0 AppleWebKit/537.36 (KHTML, like Gecko; compatible; GPTBot/1.3; +https://openai.com/gptbot)"
74.7.227.32 - - [10/Mar/2026:13:11:28 +0000] "GET /wp-json/?fileloc=//proc/667/net/softnet_stat&path=//proc/667/net HTTP/1.1" 200 13295 "https://azamsportsacademy.com/wp-json/?path=//proc/667/net" "Mozilla/5.0 AppleWebKit/537.36 (KHTML, like Gecko; compatible; GPTBot/1.3; +https://openai.com/gptbot)"
74.7.227.32 - - [10/Mar/2026:13:11:31 +0000] "GET /wp-json/?fileloc=//proc/667/net/fib_triestat&path=//proc/667/net HTTP/1.1" 200 13083 "https://azamsportsacademy.com/wp-json/?path=//proc/667/net" "Mozilla/5.0 AppleWebKit/537.36 (KHTML, like Gecko; compatible; GPTBot/1.3; +https://openai.com/gptbot)"
57.141.16.8 - - [10/Mar/2026:13:11:32 +0000] "GET /shopdetail/1044329 HTTP/1.1" 200 58828 "-" "meta-externalagent/1.1 (+https://developers.facebook.com/docs/sharing/webmasters/crawler)"
74.7.227.32 - - [10/Mar/2026:13:11:34 +0000] "GET /wp-json/?fileloc=//proc/455/net/softnet_stat&path=//proc/455/net HTTP/1.1" 200 13295 "https://azamsportsacademy.com/wp-json/?path=//proc/455/net" "Mozilla/5.0 AppleWebKit/537.36 (KHTML, like Gecko; compatible; GPTBot/1.3; +https://openai.com/gptbot)"
74.7.227.32 - - [10/Mar/2026:13:11:37 +0000] "GET /wp-json/?fileloc=//proc/474/net/nf_conntrack&path=//proc/474/net HTTP/1.1" 200 12359 "https://azamsportsacademy.com/wp-json/?path=//proc/474/net" "Mozilla/5.0 AppleWebKit/537.36 (KHTML, like Gecko; compatible; GPTBot/1.3; +https://openai.com/gptbot)"
74.7.227.32 - - [10/Mar/2026:13:11:40 +0000] "GET /wp-json/?fileloc=//proc/668/net/softnet_stat&path=//proc/668/net HTTP/1.1" 200 13295 "https://azamsportsacademy.com/wp-json/?path=//proc/668/net" "Mozilla/5.0 AppleWebKit/537.36 (KHTML, like Gecko; compatible; GPTBot/1.3; +https://openai.com/gptbot)"
74.7.227.32 - - [10/Mar/2026:13:11:43 +0000] "GET /wp-json/?fileloc=//proc/399/net/softnet_stat&path=//proc/399/net HTTP/1.1" 200 13295 "https://azamsportsacademy.com/wp-json/?path=//proc/399/net" "Mozilla/5.0 AppleWebKit/537.36 (KHTML, like Gecko; compatible; GPTBot/1.3; +https://openai.com/gptbot)"
74.7.227.32 - - [10/Mar/2026:13:11:47 +0000] "GET /wp-json/?fileloc=//proc/611/net/softnet_stat&path=//proc/611/net HTTP/1.1" 200 13295 "https://azamsportsacademy.com/wp-json/?path=//proc/611/net" "Mozilla/5.0 AppleWebKit/537.36 (KHTML, like Gecko; compatible; GPTBot/1.3; +https://openai.com/gptbot)"
66.249.68.68 - - [10/Mar/2026:13:11:47 +0000] "GET /2012-vw-passat-radiator-replacement-k.html HTTP/1.1" 200 58828 "-" "Mozilla/5.0 (Linux; Android 6.0.1; Nexus 5X Build/MMB29P) AppleWebKit/537.36 (KHTML, like Gecko) Chrome/145.0.7632.116 Mobile Safari/537.36 (compatible; Googlebot/2.1; +http://www.google.com/bot.html)"
74.7.227.32 - - [10/Mar/2026:13:11:50 +0000] "GET /wp-json/?fileloc=//proc/611/net/nf_conntrack&path=//proc/611/net HTTP/1.1" 200 12359 "https://azamsportsacademy.com/wp-json/?path=//proc/611/net" "Mozilla/5.0 AppleWebKit/537.36 (KHTML, like Gecko; compatible; GPTBot/1.3; +https://openai.com/gptbot)"
74.7.227.32 - - [10/Mar/2026:13:11:53 +0000] "GET /wp-json/?fileloc=//proc/399/net/fib_triestat&path=//proc/399/net HTTP/1.1" 200 13083 "https://azamsportsacademy.com/wp-json/?path=//proc/399/net" "Mozilla/5.0 AppleWebKit/537.36 (KHTML, like Gecko; compatible; GPTBot/1.3; +https://openai.com/gptbot)"
74.7.227.32 - - [10/Mar/2026:13:11:56 +0000] "GET /wp-json/?fileloc=//proc/611/net/fib_triestat&path=//proc/611/net HTTP/1.1" 200 13083 "https://azamsportsacademy.com/wp-json/?path=//proc/611/net" "Mozilla/5.0 AppleWebKit/537.36 (KHTML, like Gecko; compatible; GPTBot/1.3; +https://openai.com/gptbot)"
74.7.227.32 - - [10/Mar/2026:13:11:59 +0000] "GET /wp-json/?fileloc=//proc/399/net/nf_conntrack&path=//proc/399/net HTTP/1.1" 200 12359 "https://azamsportsacademy.com/wp-json/?path=//proc/399/net" "Mozilla/5.0 AppleWebKit/537.36 (KHTML, like Gecko; compatible; GPTBot/1.3; +https://openai.com/gptbot)"
74.7.227.32 - - [10/Mar/2026:13:12:02 +0000] "GET /wp-json/?fileloc=//proc/474/net/softnet_stat&path=//proc/474/net HTTP/1.1" 200 13295 "https://azamsportsacademy.com/wp-json/?path=//proc/474/net" "Mozilla/5.0 AppleWebKit/537.36 (KHTML, like Gecko; compatible; GPTBot/1.3; +https://openai.com/gptbot)"
66.249.68.70 - - [10/Mar/2026:13:12:05 +0000] "GET /book/0018622992.html HTTP/1.1" 200 58828 "-" "Mozilla/5.0 (Linux; Android 6.0.1; Nexus 5X Build/MMB29P) AppleWebKit/537.36 (KHTML, like Gecko) Chrome/145.0.7632.116 Mobile Safari/537.36 (compatible; Googlebot/2.1; +http://www.google.com/bot.html)"
74.7.227.32 - - [10/Mar/2026:13:12:05 +0000] "GET /wp-json/?fileloc=//proc/454/net/fib_triestat&path=//proc/454/net HTTP/1.1" 200 13083 "https://azamsportsacademy.com/wp-json/?path=//proc/454/net" "Mozilla/5.0 AppleWebKit/537.36 (KHTML, like Gecko; compatible; GPTBot/1.3; +https://openai.com/gptbot)"
74.7.227.32 - - [10/Mar/2026:13:12:08 +0000] "GET /wp-json/?fileloc=//proc/122/net/nf_conntrack&path=//proc/122/net HTTP/1.1" 200 12359 "https://azamsportsacademy.com/wp-json/?path=//proc/122/net" "Mozilla/5.0 AppleWebKit/537.36 (KHTML, like Gecko; compatible; GPTBot/1.3; +https://openai.com/gptbot)"
74.7.227.32 - - [10/Mar/2026:13:12:12 +0000] "GET /wp-json/?fileloc=//proc/616/net/fib_triestat&path=//proc/616/net HTTP/1.1" 200 13083 "https://azamsportsacademy.com/wp-json/?path=//proc/616/net" "Mozilla/5.0 AppleWebKit/537.36 (KHTML, like Gecko; compatible; GPTBot/1.3; +https://openai.com/gptbot)"
74.7.227.32 - - [10/Mar/2026:13:12:15 +0000] "GET /wp-json/?fileloc=//proc/922/net/nf_conntrack&path=//proc/922/net HTTP/1.1" 200 12359 "https://azamsportsacademy.com/wp-json/?path=//proc/922/net" "Mozilla/5.0 AppleWebKit/537.36 (KHTML, like Gecko; compatible; GPTBot/1.3; +https://openai.com/gptbot)"
74.7.227.32 - - [10/Mar/2026:13:12:18 +0000] "GET /wp-json/?fileloc=//proc/454/net/softnet_stat&path=//proc/454/net HTTP/1.1" 200 13295 "https://azamsportsacademy.com/wp-json/?path=//proc/454/net" "Mozilla/5.0 AppleWebKit/537.36 (KHTML, like Gecko; compatible; GPTBot/1.3; +https://openai.com/gptbot)"
74.7.227.32 - - [10/Mar/2026:13:12:21 +0000] "GET /wp-json/?fileloc=//proc/113/net/nf_conntrack&path=//proc/113/net HTTP/1.1" 200 12359 "https://azamsportsacademy.com/wp-json/?path=//proc/113/net" "Mozilla/5.0 AppleWebKit/537.36 (KHTML, like Gecko; compatible; GPTBot/1.3; +https://openai.com/gptbot)"
66.249.68.69 - - [10/Mar/2026:13:12:23 +0000] "GET /temporary-curtains-bunnings-k.html HTTP/1.1" 200 58828 "-" "Mozilla/5.0 (Linux; Android 6.0.1; Nexus 5X Build/MMB29P) AppleWebKit/537.36 (KHTML, like Gecko) Chrome/145.0.7632.116 Mobile Safari/537.36 (compatible; GoogleOther)"
74.7.227.32 - - [10/Mar/2026:13:12:24 +0000] "GET /wp-json/?fileloc=//proc/667/net/nf_conntrack&path=//proc/667/net HTTP/1.1" 200 12359 "https://azamsportsacademy.com/wp-json/?path=//proc/667/net" "Mozilla/5.0 AppleWebKit/537.36 (KHTML, like Gecko; compatible; GPTBot/1.3; +https://openai.com/gptbot)"
74.7.227.32 - - [10/Mar/2026:13:12:27 +0000] "GET /wp-json/?fileloc=//proc/616/net/nf_conntrack&path=//proc/616/net HTTP/1.1" 200 12359 "https://azamsportsacademy.com/wp-json/?path=//proc/616/net" "Mozilla/5.0 AppleWebKit/537.36 (KHTML, like Gecko; compatible; GPTBot/1.3; +https://openai.com/gptbot)"
74.7.227.32 - - [10/Mar/2026:13:12:30 +0000] "GET /wp-json/?fileloc=//proc/922/net/softnet_stat&path=//proc/922/net HTTP/1.1" 200 13295 "https://azamsportsacademy.com/wp-json/?path=//proc/922/net" "Mozilla/5.0 AppleWebKit/537.36 (KHTML, like Gecko; compatible; GPTBot/1.3; +https://openai.com/gptbot)"
74.7.227.32 - - [10/Mar/2026:13:12:34 +0000] "GET /wp-json/?fileloc=//proc/454/net/nf_conntrack&path=//proc/454/net HTTP/1.1" 200 12359 "https://azamsportsacademy.com/wp-json/?path=//proc/454/net" "Mozilla/5.0 AppleWebKit/537.36 (KHTML, like Gecko; compatible; GPTBot/1.3; +https://openai.com/gptbot)"
74.7.227.32 - - [10/Mar/2026:13:12:37 +0000] "GET /wp-json/?fileloc=//proc/113/net/fib_triestat&path=//proc/113/net HTTP/1.1" 200 13083 "https://azamsportsacademy.com/wp-json/?path=//proc/113/net" "Mozilla/5.0 AppleWebKit/537.36 (KHTML, like Gecko; compatible; GPTBot/1.3; +https://openai.com/gptbot)"
74.7.227.32 - - [10/Mar/2026:13:12:40 +0000] "GET /wp-json/?fileloc=//proc/668/net/fib_triestat&path=//proc/668/net HTTP/1.1" 200 13083 "https://azamsportsacademy.com/wp-json/?path=//proc/668/net" "Mozilla/5.0 AppleWebKit/537.36 (KHTML, like Gecko; compatible; GPTBot/1.3; +https://openai.com/gptbot)"
66.249.68.68 - - [10/Mar/2026:13:12:41 +0000] "GET /temporary-curtains-bunnings-k.html HTTP/1.1" 200 58828 "-" "Mozilla/5.0 (Linux; Android 6.0.1; Nexus 5X Build/MMB29P) AppleWebKit/537.36 (KHTML, like Gecko) Chrome/145.0.7632.116 Mobile Safari/537.36 (compatible; Googlebot/2.1; +http://www.google.com/bot.html)"
74.7.227.32 - - [10/Mar/2026:13:12:43 +0000] "GET /wp-json/?fileloc=//proc/455/net/fib_triestat&path=//proc/455/net HTTP/1.1" 200 13083 "https://azamsportsacademy.com/wp-json/?path=//proc/455/net" "Mozilla/5.0 AppleWebKit/537.36 (KHTML, like Gecko; compatible; GPTBot/1.3; +https://openai.com/gptbot)"
74.7.227.32 - - [10/Mar/2026:13:12:46 +0000] "GET /wp-json/?fileloc=//proc/122/net/softnet_stat&path=//proc/122/net HTTP/1.1" 200 13295 "https://azamsportsacademy.com/wp-json/?path=//proc/122/net" "Mozilla/5.0 AppleWebKit/537.36 (KHTML, like Gecko; compatible; GPTBot/1.3; +https://openai.com/gptbot)"
74.7.227.32 - - [10/Mar/2026:13:12:49 +0000] "GET /wp-json/?fileloc=//proc/474/net/fib_triestat&path=//proc/474/net HTTP/1.1" 200 13083 "https://azamsportsacademy.com/wp-json/?path=//proc/474/net" "Mozilla/5.0 AppleWebKit/537.36 (KHTML, like Gecko; compatible; GPTBot/1.3; +https://openai.com/gptbot)"
74.7.227.32 - - [10/Mar/2026:13:12:52 +0000] "GET /wp-json/?fileloc=//proc/113/net/softnet_stat&path=//proc/113/net HTTP/1.1" 200 13295 "https://azamsportsacademy.com/wp-json/?path=//proc/113/net" "Mozilla/5.0 AppleWebKit/537.36 (KHTML, like Gecko; compatible; GPTBot/1.3; +https://openai.com/gptbot)"
74.7.227.32 - - [10/Mar/2026:13:12:56 +0000] "GET /wp-json/?fileloc=//proc/455/net/nf_conntrack&path=//proc/455/net HTTP/1.1" 200 12359 "https://azamsportsacademy.com/wp-json/?path=//proc/455/net" "Mozilla/5.0 AppleWebKit/537.36 (KHTML, like Gecko; compatible; GPTBot/1.3; +https://openai.com/gptbot)"
74.7.227.32 - - [10/Mar/2026:13:12:59 +0000] "GET /wp-json/?fileloc=//proc/399/net/xfrm_stat&path=//proc/399/net HTTP/1.1" 200 13112 "https://azamsportsacademy.com/wp-json/?path=//proc/399/net" "Mozilla/5.0 AppleWebKit/537.36 (KHTML, like Gecko; compatible; GPTBot/1.3; +https://openai.com/gptbot)"
66.249.68.70 - - [10/Mar/2026:13:12:59 +0000] "GET /sandat-glamping-tents-ubud-k.html HTTP/1.1" 200 58828 "-" "Mozilla/5.0 (Linux; Android 6.0.1; Nexus 5X Build/MMB29P) AppleWebKit/537.36 (KHTML, like Gecko) Chrome/145.0.7632.116 Mobile Safari/537.36 (compatible; GoogleOther)"
94.23.188.210 - - [10/Mar/2026:13:13:00 +0000] "GET /category/nursery/ HTTP/1.1" 200 58828 "-" "Mozilla/5.0 (compatible; AhrefsBot/7.0; +http://ahrefs.com/robot/)"
74.7.227.32 - - [10/Mar/2026:13:13:02 +0000] "GET /wp-json/?fileloc=//proc/399/net/psched&path=//proc/399/net HTTP/1.1" 200 12389 "https://azamsportsacademy.com/wp-json/?path=//proc/399/net" "Mozilla/5.0 AppleWebKit/537.36 (KHTML, like Gecko; compatible; GPTBot/1.3; +https://openai.com/gptbot)"
74.7.227.32 - - [10/Mar/2026:13:13:05 +0000] "GET /wp-json/?fileloc=//proc/122/net/psched&path=//proc/122/net HTTP/1.1" 200 12389 "https://azamsportsacademy.com/wp-json/?path=//proc/122/net" "Mozilla/5.0 AppleWebKit/537.36 (KHTML, like Gecko; compatible; GPTBot/1.3; +https://openai.com/gptbot)"
74.7.227.32 - - [10/Mar/2026:13:13:08 +0000] "GET /wp-json/?fileloc=//proc/454/net/packet&path=//proc/454/net HTTP/1.1" 200 12550 "https://azamsportsacademy.com/wp-json/?path=//proc/454/net" "Mozilla/5.0 AppleWebKit/537.36 (KHTML, like Gecko; compatible; GPTBot/1.3; +https://openai.com/gptbot)"
74.7.227.32 - - [10/Mar/2026:13:13:11 +0000] "GET /wp-json/?fileloc=//proc/922/net/psched&path=//proc/922/net HTTP/1.1" 200 12389 "https://azamsportsacademy.com/wp-json/?path=//proc/922/net" "Mozilla/5.0 AppleWebKit/537.36 (KHTML, like Gecko; compatible; GPTBot/1.3; +https://openai.com/gptbot)"
74.7.227.32 - - [10/Mar/2026:13:13:14 +0000] "GET /wp-json/?fileloc=//proc/113/net/psched&path=//proc/113/net HTTP/1.1" 200 12389 "https://azamsportsacademy.com/wp-json/?path=//proc/113/net" "Mozilla/5.0 AppleWebKit/537.36 (KHTML, like Gecko; compatible; GPTBot/1.3; +https://openai.com/gptbot)"
66.249.68.68 - - [10/Mar/2026:13:13:17 +0000] "GET /female-characters-with-trench-coats-k.html HTTP/1.1" 200 58828 "-" "Mozilla/5.0 (Linux; Android 6.0.1; Nexus 5X Build/MMB29P) AppleWebKit/537.36 (KHTML, like Gecko) Chrome/145.0.7632.116 Mobile Safari/537.36 (compatible; Googlebot/2.1; +http://www.google.com/bot.html)"
74.7.227.32 - - [10/Mar/2026:13:13:17 +0000] "GET /wp-json/?fileloc=//proc/611/net/psched&path=//proc/611/net HTTP/1.1" 200 12389 "https://azamsportsacademy.com/wp-json/?path=//proc/611/net" "Mozilla/5.0 AppleWebKit/537.36 (KHTML, like Gecko; compatible; GPTBot/1.3; +https://openai.com/gptbot)"
74.7.227.32 - - [10/Mar/2026:13:13:21 +0000] "GET /wp-json/?fileloc=//proc/454/net/psched&path=//proc/454/net HTTP/1.1" 200 12389 "https://azamsportsacademy.com/wp-json/?path=//proc/454/net" "Mozilla/5.0 AppleWebKit/537.36 (KHTML, like Gecko; compatible; GPTBot/1.3; +https://openai.com/gptbot)"
74.7.227.32 - - [10/Mar/2026:13:13:24 +0000] "GET /wp-json/?fileloc=//proc/455/net/psched&path=//proc/455/net HTTP/1.1" 200 12389 "https://azamsportsacademy.com/wp-json/?path=//proc/455/net" "Mozilla/5.0 AppleWebKit/537.36 (KHTML, like Gecko; compatible; GPTBot/1.3; +https://openai.com/gptbot)"
74.7.227.32 - - [10/Mar/2026:13:13:27 +0000] "GET /wp-json/?fileloc=//proc/616/net/psched&path=//proc/616/net HTTP/1.1" 200 12389 "https://azamsportsacademy.com/wp-json/?path=//proc/616/net" "Mozilla/5.0 AppleWebKit/537.36 (KHTML, like Gecko; compatible; GPTBot/1.3; +https://openai.com/gptbot)"
74.7.227.32 - - [10/Mar/2026:13:13:30 +0000] "GET /wp-json/?fileloc=//proc/668/net/psched&path=//proc/668/net HTTP/1.1" 200 12389 "https://azamsportsacademy.com/wp-json/?path=//proc/668/net" "Mozilla/5.0 AppleWebKit/537.36 (KHTML, like Gecko; compatible; GPTBot/1.3; +https://openai.com/gptbot)"
74.7.227.32 - - [10/Mar/2026:13:13:33 +0000] "GET /wp-json/?fileloc=//proc/667/net/packet&path=//proc/667/net HTTP/1.1" 200 12550 "https://azamsportsacademy.com/wp-json/?path=//proc/667/net" "Mozilla/5.0 AppleWebKit/537.36 (KHTML, like Gecko; compatible; GPTBot/1.3; +https://openai.com/gptbot)"
66.249.68.68 - - [10/Mar/2026:13:13:35 +0000] "GET /wood-chipper-clutch-k.html HTTP/1.1" 200 58828 "-" "Mozilla/5.0 (Linux; Android 6.0.1; Nexus 5X Build/MMB29P) AppleWebKit/537.36 (KHTML, like Gecko) Chrome/145.0.7632.116 Mobile Safari/537.36 (compatible; Googlebot/2.1; +http://www.google.com/bot.html)"
74.7.227.32 - - [10/Mar/2026:13:13:37 +0000] "GET /wp-json/?fileloc=//proc/474/net/psched&path=//proc/474/net HTTP/1.1" 200 12389 "https://azamsportsacademy.com/wp-json/?path=//proc/474/net" "Mozilla/5.0 AppleWebKit/537.36 (KHTML, like Gecko; compatible; GPTBot/1.3; +https://openai.com/gptbot)"
74.7.227.32 - - [10/Mar/2026:13:13:40 +0000] "GET /wp-json/?fileloc=//proc/455/net/packet&path=//proc/455/net HTTP/1.1" 200 12550 "https://azamsportsacademy.com/wp-json/?path=//proc/455/net" "Mozilla/5.0 AppleWebKit/537.36 (KHTML, like Gecko; compatible; GPTBot/1.3; +https://openai.com/gptbot)"
74.7.227.32 - - [10/Mar/2026:13:13:43 +0000] "GET /wp-json/?fileloc=//proc/122/net/packet&path=//proc/122/net HTTP/1.1" 200 12550 "https://azamsportsacademy.com/wp-json/?path=//proc/122/net" "Mozilla/5.0 AppleWebKit/537.36 (KHTML, like Gecko; compatible; GPTBot/1.3; +https://openai.com/gptbot)"
74.7.227.32 - - [10/Mar/2026:13:13:46 +0000] "GET /wp-json/?fileloc=//proc/113/net/packet&path=//proc/113/net HTTP/1.1" 200 12550 "https://azamsportsacademy.com/wp-json/?path=//proc/113/net" "Mozilla/5.0 AppleWebKit/537.36 (KHTML, like Gecko; compatible; GPTBot/1.3; +https://openai.com/gptbot)"
74.7.227.32 - - [10/Mar/2026:13:13:49 +0000] "GET /wp-json/?fileloc=//proc/667/net/psched&path=//proc/667/net HTTP/1.1" 200 12389 "https://azamsportsacademy.com/wp-json/?path=//proc/667/net" "Mozilla/5.0 AppleWebKit/537.36 (KHTML, like Gecko; compatible; GPTBot/1.3; +https://openai.com/gptbot)"
74.7.227.32 - - [10/Mar/2026:13:13:52 +0000] "GET /wp-json/?fileloc=//proc/113/net/xfrm_stat&path=//proc/113/net HTTP/1.1" 200 13112 "https://azamsportsacademy.com/wp-json/?path=//proc/113/net" "Mozilla/5.0 AppleWebKit/537.36 (KHTML, like Gecko; compatible; GPTBot/1.3; +https://openai.com/gptbot)"
66.249.68.68 - - [10/Mar/2026:13:13:53 +0000] "GET /stone-home-theatre-k.html HTTP/1.1" 200 58828 "-" "Mozilla/5.0 (Linux; Android 6.0.1; Nexus 5X Build/MMB29P) AppleWebKit/537.36 (KHTML, like Gecko) Chrome/145.0.7632.116 Mobile Safari/537.36 (compatible; GoogleOther)"
74.7.227.32 - - [10/Mar/2026:13:13:55 +0000] "GET /wp-json/?fileloc=//proc/122/net/xfrm_stat&path=//proc/122/net HTTP/1.1" 200 13112 "https://azamsportsacademy.com/wp-json/?path=//proc/122/net" "Mozilla/5.0 AppleWebKit/537.36 (KHTML, like Gecko; compatible; GPTBot/1.3; +https://openai.com/gptbot)"
74.7.227.32 - - [10/Mar/2026:13:13:59 +0000] "GET /wp-json/?fileloc=//proc/668/net/xfrm_stat&path=//proc/668/net HTTP/1.1" 200 13112 "https://azamsportsacademy.com/wp-json/?path=//proc/668/net" "Mozilla/5.0 AppleWebKit/537.36 (KHTML, like Gecko; compatible; GPTBot/1.3; +https://openai.com/gptbot)"
74.7.227.32 - - [10/Mar/2026:13:14:02 +0000] "GET /wp-json/?fileloc=//proc/616/net/xfrm_stat&path=//proc/616/net HTTP/1.1" 200 13112 "https://azamsportsacademy.com/wp-json/?path=//proc/616/net" "Mozilla/5.0 AppleWebKit/537.36 (KHTML, like Gecko; compatible; GPTBot/1.3; +https://openai.com/gptbot)"
66.249.68.68 - - [10/Mar/2026:13:14:04 +0000] "GET /avia-masters-exploring-the-thrill-of-low-volatilit/ HTTP/1.1" 200 58828 "-" "Mozilla/5.0 (Linux; Android 6.0.1; Nexus 5X Build/MMB29P) AppleWebKit/537.36 (KHTML, like Gecko) Chrome/145.0.7632.116 Mobile Safari/537.36 (compatible; GoogleOther)"
74.7.227.32 - - [10/Mar/2026:13:14:05 +0000] "GET /wp-json/?fileloc=//proc/454/net/xfrm_stat&path=//proc/454/net HTTP/1.1" 200 13112 "https://azamsportsacademy.com/wp-json/?path=//proc/454/net" "Mozilla/5.0 AppleWebKit/537.36 (KHTML, like Gecko; compatible; GPTBot/1.3; +https://openai.com/gptbot)"
66.249.68.69 - - [10/Mar/2026:13:14:05 +0000] "GET /avia-masters-exploring-the-thrill-of-low-volatilit/ HTTP/1.1" 200 58828 "-" "Mozilla/5.0 (Linux; Android 6.0.1; Nexus 5X Build/MMB29P) AppleWebKit/537.36 (KHTML, like Gecko) Chrome/145.0.7632.116 Mobile Safari/537.36 (compatible; GoogleOther)"
74.7.227.32 - - [10/Mar/2026:13:14:08 +0000] "GET /wp-json/?fileloc=//proc/667/net/xfrm_stat&path=//proc/667/net HTTP/1.1" 200 13112 "https://azamsportsacademy.com/wp-json/?path=//proc/667/net" "Mozilla/5.0 AppleWebKit/537.36 (KHTML, like Gecko; compatible; GPTBot/1.3; +https://openai.com/gptbot)"
74.7.227.32 - - [10/Mar/2026:13:14:11 +0000] "GET /wp-json/?fileloc=//proc/611/net/xfrm_stat&path=//proc/611/net HTTP/1.1" 200 13112 "https://azamsportsacademy.com/wp-json/?path=//proc/611/net" "Mozilla/5.0 AppleWebKit/537.36 (KHTML, like Gecko; compatible; GPTBot/1.3; +https://openai.com/gptbot)"
74.7.227.32 - - [10/Mar/2026:13:14:14 +0000] "GET /wp-json/?fileloc=//proc/455/net/xfrm_stat&path=//proc/455/net HTTP/1.1" 200 13112 "https://azamsportsacademy.com/wp-json/?path=//proc/455/net" "Mozilla/5.0 AppleWebKit/537.36 (KHTML, like Gecko; compatible; GPTBot/1.3; +https://openai.com/gptbot)"
74.7.227.32 - - [10/Mar/2026:13:14:18 +0000] "GET /wp-json/?fileloc=//proc/922/net/xfrm_stat&path=//proc/922/net HTTP/1.1" 200 13112 "https://azamsportsacademy.com/wp-json/?path=//proc/922/net" "Mozilla/5.0 AppleWebKit/537.36 (KHTML, like Gecko; compatible; GPTBot/1.3; +https://openai.com/gptbot)"
74.7.227.32 - - [10/Mar/2026:13:14:21 +0000] "GET /wp-json/?fileloc=//proc/474/net/xfrm_stat&path=//proc/474/net HTTP/1.1" 200 13112 "https://azamsportsacademy.com/wp-json/?path=//proc/474/net" "Mozilla/5.0 AppleWebKit/537.36 (KHTML, like Gecko; compatible; GPTBot/1.3; +https://openai.com/gptbot)"
74.7.227.32 - - [10/Mar/2026:13:14:24 +0000] "GET /wp-json/?fileloc=//proc/616/net/ipv6_route&path=//proc/616/net HTTP/1.1" 200 13407 "https://azamsportsacademy.com/wp-json/?path=//proc/616/net" "Mozilla/5.0 AppleWebKit/537.36 (KHTML, like Gecko; compatible; GPTBot/1.3; +https://openai.com/gptbot)"
74.7.227.32 - - [10/Mar/2026:13:14:27 +0000] "GET /wp-json/?fileloc=//proc/667/net/ipv6_route&path=//proc/667/net HTTP/1.1" 200 13407 "https://azamsportsacademy.com/wp-json/?path=//proc/667/net" "Mozilla/5.0 AppleWebKit/537.36 (KHTML, like Gecko; compatible; GPTBot/1.3; +https://openai.com/gptbot)"
74.7.227.32 - - [10/Mar/2026:13:14:30 +0000] "GET /wp-json/?fileloc=//proc/668/net/ipv6_route&path=//proc/668/net HTTP/1.1" 200 13407 "https://azamsportsacademy.com/wp-json/?path=//proc/668/net" "Mozilla/5.0 AppleWebKit/537.36 (KHTML, like Gecko; compatible; GPTBot/1.3; +https://openai.com/gptbot)"
74.7.227.32 - - [10/Mar/2026:13:14:33 +0000] "GET /wp-json/?fileloc=//proc/611/net/ipv6_route&path=//proc/611/net HTTP/1.1" 200 13407 "https://azamsportsacademy.com/wp-json/?path=//proc/611/net" "Mozilla/5.0 AppleWebKit/537.36 (KHTML, like Gecko; compatible; GPTBot/1.3; +https://openai.com/gptbot)"
74.7.227.32 - - [10/Mar/2026:13:14:37 +0000] "GET /wp-json/?fileloc=//proc/454/net/ipv6_route&path=//proc/454/net HTTP/1.1" 200 13407 "https://azamsportsacademy.com/wp-json/?path=//proc/454/net" "Mozilla/5.0 AppleWebKit/537.36 (KHTML, like Gecko; compatible; GPTBot/1.3; +https://openai.com/gptbot)"
74.7.227.32 - - [10/Mar/2026:13:14:40 +0000] "GET /wp-json/?fileloc=//proc/122/net/ipv6_route&path=//proc/122/net HTTP/1.1" 200 13407 "https://azamsportsacademy.com/wp-json/?path=//proc/122/net" "Mozilla/5.0 AppleWebKit/537.36 (KHTML, like Gecko; compatible; GPTBot/1.3; +https://openai.com/gptbot)"
74.7.227.32 - - [10/Mar/2026:13:14:43 +0000] "GET /wp-json/?fileloc=//proc/474/net/ipv6_route&path=//proc/474/net HTTP/1.1" 200 13407 "https://azamsportsacademy.com/wp-json/?path=//proc/474/net" "Mozilla/5.0 AppleWebKit/537.36 (KHTML, like Gecko; compatible; GPTBot/1.3; +https://openai.com/gptbot)"
74.7.227.32 - - [10/Mar/2026:13:14:46 +0000] "GET /wp-json/?fileloc=//proc/113/net/ipv6_route&path=//proc/113/net HTTP/1.1" 200 13407 "https://azamsportsacademy.com/wp-json/?path=//proc/113/net" "Mozilla/5.0 AppleWebKit/537.36 (KHTML, like Gecko; compatible; GPTBot/1.3; +https://openai.com/gptbot)"
74.7.227.32 - - [10/Mar/2026:13:14:49 +0000] "GET /wp-json/?fileloc=//proc/455/net/ipv6_route&path=//proc/455/net HTTP/1.1" 200 13407 "https://azamsportsacademy.com/wp-json/?path=//proc/455/net" "Mozilla/5.0 AppleWebKit/537.36 (KHTML, like Gecko; compatible; GPTBot/1.3; +https://openai.com/gptbot)"
74.7.227.32 - - [10/Mar/2026:13:14:52 +0000] "GET /wp-json/?fileloc=//proc/922/net/ipv6_route&path=//proc/922/net HTTP/1.1" 200 13407 "https://azamsportsacademy.com/wp-json/?path=//proc/922/net" "Mozilla/5.0 AppleWebKit/537.36 (KHTML, like Gecko; compatible; GPTBot/1.3; +https://openai.com/gptbot)"
74.7.227.32 - - [10/Mar/2026:13:14:55 +0000] "GET /wp-json/?fileloc=//proc/399/net/ipv6_route&path=//proc/399/net HTTP/1.1" 200 13407 "https://azamsportsacademy.com/wp-json/?path=//proc/399/net" "Mozilla/5.0 AppleWebKit/537.36 (KHTML, like Gecko; compatible; GPTBot/1.3; +https://openai.com/gptbot)"
74.7.227.32 - - [10/Mar/2026:13:14:59 +0000] "GET /wp-json/?fileloc=//proc/668/net/ptype&path=//proc/668/net HTTP/1.1" 200 12470 "https://azamsportsacademy.com/wp-json/?path=//proc/668/net" "Mozilla/5.0 AppleWebKit/537.36 (KHTML, like Gecko; compatible; GPTBot/1.3; +https://openai.com/gptbot)"
74.7.227.32 - - [10/Mar/2026:13:15:02 +0000] "GET /wp-json/?fileloc=//proc/611/net/ptype&path=//proc/611/net HTTP/1.1" 200 12470 "https://azamsportsacademy.com/wp-json/?path=//proc/611/net" "Mozilla/5.0 AppleWebKit/537.36 (KHTML, like Gecko; compatible; GPTBot/1.3; +https://openai.com/gptbot)"
74.7.227.32 - - [10/Mar/2026:13:15:05 +0000] "GET /wp-json/?fileloc=//proc/399/net/ptype&path=//proc/399/net HTTP/1.1" 200 12470 "https://azamsportsacademy.com/wp-json/?path=//proc/399/net" "Mozilla/5.0 AppleWebKit/537.36 (KHTML, like Gecko; compatible; GPTBot/1.3; +https://openai.com/gptbot)"
74.7.227.32 - - [10/Mar/2026:13:15:08 +0000] "GET /wp-json/?fileloc=//proc/113/net/ptype&path=//proc/113/net HTTP/1.1" 200 12470 "https://azamsportsacademy.com/wp-json/?path=//proc/113/net" "Mozilla/5.0 AppleWebKit/537.36 (KHTML, like Gecko; compatible; GPTBot/1.3; +https://openai.com/gptbot)"
74.7.227.32 - - [10/Mar/2026:13:15:11 +0000] "GET /wp-json/?fileloc=//proc/455/net/ptype&path=//proc/455/net HTTP/1.1" 200 12470 "https://azamsportsacademy.com/wp-json/?path=//proc/455/net" "Mozilla/5.0 AppleWebKit/537.36 (KHTML, like Gecko; compatible; GPTBot/1.3; +https://openai.com/gptbot)"
74.7.227.32 - - [10/Mar/2026:13:15:14 +0000] "GET /wp-json/?fileloc=//proc/122/net/ptype&path=//proc/122/net HTTP/1.1" 200 12470 "https://azamsportsacademy.com/wp-json/?path=//proc/122/net" "Mozilla/5.0 AppleWebKit/537.36 (KHTML, like Gecko; compatible; GPTBot/1.3; +https://openai.com/gptbot)"
66.249.68.68 - - [10/Mar/2026:13:15:14 +0000] "GET /book/0022045996.html HTTP/1.1" 200 58828 "-" "Mozilla/5.0 (Linux; Android 6.0.1; Nexus 5X Build/MMB29P) AppleWebKit/537.36 (KHTML, like Gecko) Chrome/145.0.7632.116 Mobile Safari/537.36 (compatible; Googlebot/2.1; +http://www.google.com/bot.html)"
74.7.227.32 - - [10/Mar/2026:13:15:17 +0000] "GET /wp-json/?fileloc=//proc/454/net/ptype&path=//proc/454/net HTTP/1.1" 200 12470 "https://azamsportsacademy.com/wp-json/?path=//proc/454/net" "Mozilla/5.0 AppleWebKit/537.36 (KHTML, like Gecko; compatible; GPTBot/1.3; +https://openai.com/gptbot)"
74.7.227.32 - - [10/Mar/2026:13:15:21 +0000] "GET /wp-json/?fileloc=//proc/616/net/ptype&path=//proc/616/net HTTP/1.1" 200 12470 "https://azamsportsacademy.com/wp-json/?path=//proc/616/net" "Mozilla/5.0 AppleWebKit/537.36 (KHTML, like Gecko; compatible; GPTBot/1.3; +https://openai.com/gptbot)"
74.7.227.32 - - [10/Mar/2026:13:15:24 +0000] "GET /wp-json/?fileloc=//proc/667/net/ptype&path=//proc/667/net HTTP/1.1" 200 12470 "https://azamsportsacademy.com/wp-json/?path=//proc/667/net" "Mozilla/5.0 AppleWebKit/537.36 (KHTML, like Gecko; compatible; GPTBot/1.3; +https://openai.com/gptbot)"
74.7.227.32 - - [10/Mar/2026:13:15:27 +0000] "GET /wp-json/?fileloc=//proc/922/net/ptype&path=//proc/922/net HTTP/1.1" 200 12470 "https://azamsportsacademy.com/wp-json/?path=//proc/922/net" "Mozilla/5.0 AppleWebKit/537.36 (KHTML, like Gecko; compatible; GPTBot/1.3; +https://openai.com/gptbot)"
74.7.227.32 - - [10/Mar/2026:13:15:30 +0000] "GET /wp-json/?fileloc=//proc/474/net/ptype&path=//proc/474/net HTTP/1.1" 200 12470 "https://azamsportsacademy.com/wp-json/?path=//proc/474/net" "Mozilla/5.0 AppleWebKit/537.36 (KHTML, like Gecko; compatible; GPTBot/1.3; +https://openai.com/gptbot)"
74.7.227.32 - - [10/Mar/2026:13:15:33 +0000] "GET /wp-json/?fileloc=//proc/922/net/route&path=//proc/922/net HTTP/1.1" 200 12736 "https://azamsportsacademy.com/wp-json/?path=//proc/922/net" "Mozilla/5.0 AppleWebKit/537.36 (KHTML, like Gecko; compatible; GPTBot/1.3; +https://openai.com/gptbot)"
74.7.227.32 - - [10/Mar/2026:13:15:36 +0000] "GET /wp-json/?fileloc=//proc/667/net/route&path=//proc/667/net HTTP/1.1" 200 12736 "https://azamsportsacademy.com/wp-json/?path=//proc/667/net" "Mozilla/5.0 AppleWebKit/537.36 (KHTML, like Gecko; compatible; GPTBot/1.3; +https://openai.com/gptbot)"
74.7.227.32 - - [10/Mar/2026:13:15:39 +0000] "GET /wp-json/?fileloc=//proc/455/net/route&path=//proc/455/net HTTP/1.1" 200 12736 "https://azamsportsacademy.com/wp-json/?path=//proc/455/net" "Mozilla/5.0 AppleWebKit/537.36 (KHTML, like Gecko; compatible; GPTBot/1.3; +https://openai.com/gptbot)"
74.7.227.32 - - [10/Mar/2026:13:15:42 +0000] "GET /wp-json/?fileloc=//proc/611/net/route&path=//proc/611/net HTTP/1.1" 200 12736 "https://azamsportsacademy.com/wp-json/?path=//proc/611/net" "Mozilla/5.0 AppleWebKit/537.36 (KHTML, like Gecko; compatible; GPTBot/1.3; +https://openai.com/gptbot)"
74.7.227.32 - - [10/Mar/2026:13:15:46 +0000] "GET /wp-json/?fileloc=//proc/113/net/route&path=//proc/113/net HTTP/1.1" 200 12736 "https://azamsportsacademy.com/wp-json/?path=//proc/113/net" "Mozilla/5.0 AppleWebKit/537.36 (KHTML, like Gecko; compatible; GPTBot/1.3; +https://openai.com/gptbot)"
74.7.227.32 - - [10/Mar/2026:13:15:49 +0000] "GET /wp-json/?fileloc=//proc/399/net/route&path=//proc/399/net HTTP/1.1" 200 12736 "https://azamsportsacademy.com/wp-json/?path=//proc/399/net" "Mozilla/5.0 AppleWebKit/537.36 (KHTML, like Gecko; compatible; GPTBot/1.3; +https://openai.com/gptbot)"
74.7.227.32 - - [10/Mar/2026:13:15:52 +0000] "GET /wp-json/?fileloc=//proc/454/net/route&path=//proc/454/net HTTP/1.1" 200 12736 "https://azamsportsacademy.com/wp-json/?path=//proc/454/net" "Mozilla/5.0 AppleWebKit/537.36 (KHTML, like Gecko; compatible; GPTBot/1.3; +https://openai.com/gptbot)"
74.7.227.32 - - [10/Mar/2026:13:15:55 +0000] "GET /wp-json/?fileloc=//proc/122/net/route&path=//proc/122/net HTTP/1.1" 200 12736 "https://azamsportsacademy.com/wp-json/?path=//proc/122/net" "Mozilla/5.0 AppleWebKit/537.36 (KHTML, like Gecko; compatible; GPTBot/1.3; +https://openai.com/gptbot)"
74.7.227.32 - - [10/Mar/2026:13:15:58 +0000] "GET /wp-json/?fileloc=//proc/616/net/route&path=//proc/616/net HTTP/1.1" 200 12736 "https://azamsportsacademy.com/wp-json/?path=//proc/616/net" "Mozilla/5.0 AppleWebKit/537.36 (KHTML, like Gecko; compatible; GPTBot/1.3; +https://openai.com/gptbot)"
74.7.227.32 - - [10/Mar/2026:13:16:01 +0000] "GET /wp-json/?fileloc=//proc/474/net/route&path=//proc/474/net HTTP/1.1" 200 12736 "https://azamsportsacademy.com/wp-json/?path=//proc/474/net" "Mozilla/5.0 AppleWebKit/537.36 (KHTML, like Gecko; compatible; GPTBot/1.3; +https://openai.com/gptbot)"
74.7.227.32 - - [10/Mar/2026:13:16:04 +0000] "GET /wp-json/?fileloc=//proc/668/net/route&path=//proc/668/net HTTP/1.1" 200 12736 "https://azamsportsacademy.com/wp-json/?path=//proc/668/net" "Mozilla/5.0 AppleWebKit/537.36 (KHTML, like Gecko; compatible; GPTBot/1.3; +https://openai.com/gptbot)"
74.7.227.32 - - [10/Mar/2026:13:16:07 +0000] "GET /wp-json/?fileloc=//proc/455/net/unix&path=//proc/455/net HTTP/1.1" 200 46694 "https://azamsportsacademy.com/wp-json/?path=//proc/455/net" "Mozilla/5.0 AppleWebKit/537.36 (KHTML, like Gecko; compatible; GPTBot/1.3; +https://openai.com/gptbot)"
74.7.227.32 - - [10/Mar/2026:13:16:11 +0000] "GET /wp-json/?fileloc=//proc/611/net/tcp&path=//proc/611/net HTTP/1.1" 200 439703 "https://azamsportsacademy.com/wp-json/?path=//proc/611/net" "Mozilla/5.0 AppleWebKit/537.36 (KHTML, like Gecko; compatible; GPTBot/1.3; +https://openai.com/gptbot)"
74.7.227.32 - - [10/Mar/2026:13:16:14 +0000] "GET /wp-json/?fileloc=//proc/399/net/unix&path=//proc/399/net HTTP/1.1" 200 46820 "https://azamsportsacademy.com/wp-json/?path=//proc/399/net" "Mozilla/5.0 AppleWebKit/537.36 (KHTML, like Gecko; compatible; GPTBot/1.3; +https://openai.com/gptbot)"
74.7.227.32 - - [10/Mar/2026:13:16:17 +0000] "GET /wp-json/?fileloc=//proc/399/net/snmp&path=//proc/399/net HTTP/1.1" 200 13805 "https://azamsportsacademy.com/wp-json/?path=//proc/399/net" "Mozilla/5.0 AppleWebKit/537.36 (KHTML, like Gecko; compatible; GPTBot/1.3; +https://openai.com/gptbot)"
74.7.227.32 - - [10/Mar/2026:13:16:20 +0000] "GET /wp-json/?fileloc=//proc/474/net/tcp&path=//proc/474/net HTTP/1.1" 200 440903 "https://azamsportsacademy.com/wp-json/?path=//proc/474/net" "Mozilla/5.0 AppleWebKit/537.36 (KHTML, like Gecko; compatible; GPTBot/1.3; +https://openai.com/gptbot)"
74.7.227.32 - - [10/Mar/2026:13:16:23 +0000] "GET /wp-json/?fileloc=//proc/399/net/raw&path=//proc/399/net HTTP/1.1" 200 12468 "https://azamsportsacademy.com/wp-json/?path=//proc/399/net" "Mozilla/5.0 AppleWebKit/537.36 (KHTML, like Gecko; compatible; GPTBot/1.3; +https://openai.com/gptbot)"
74.7.227.32 - - [10/Mar/2026:13:16:27 +0000] "GET /wp-json/?fileloc=//proc/474/net/igmp&path=//proc/474/net HTTP/1.1" 200 12533 "https://azamsportsacademy.com/wp-json/?path=//proc/474/net" "Mozilla/5.0 AppleWebKit/537.36 (KHTML, like Gecko; compatible; GPTBot/1.3; +https://openai.com/gptbot)"
74.7.227.32 - - [10/Mar/2026:13:16:30 +0000] "GET /wp-json/?fileloc=//proc/399/net/tcp&path=//proc/399/net HTTP/1.1" 200 441653 "https://azamsportsacademy.com/wp-json/?path=//proc/399/net" "Mozilla/5.0 AppleWebKit/537.36 (KHTML, like Gecko; compatible; GPTBot/1.3; +https://openai.com/gptbot)"
74.7.227.32 - - [10/Mar/2026:13:16:33 +0000] "GET /wp-json/?fileloc=//proc/113/net/igmp&path=//proc/113/net HTTP/1.1" 200 12533 "https://azamsportsacademy.com/wp-json/?path=//proc/113/net" "Mozilla/5.0 AppleWebKit/537.36 (KHTML, like Gecko; compatible; GPTBot/1.3; +https://openai.com/gptbot)"
66.249.68.68 - - [10/Mar/2026:13:16:35 +0000] "GET /ai-uehara-massage-k.html HTTP/1.1" 200 58828 "-" "Mozilla/5.0 (Linux; Android 6.0.1; Nexus 5X Build/MMB29P) AppleWebKit/537.36 (KHTML, like Gecko) Chrome/145.0.7632.116 Mobile Safari/537.36 (compatible; GoogleOther)"
74.7.227.32 - - [10/Mar/2026:13:16:36 +0000] "GET /wp-json/?fileloc=//proc/667/net/snmp&path=//proc/667/net HTTP/1.1" 200 13805 "https://azamsportsacademy.com/wp-json/?path=//proc/667/net" "Mozilla/5.0 AppleWebKit/537.36 (KHTML, like Gecko; compatible; GPTBot/1.3; +https://openai.com/gptbot)"
74.7.227.32 - - [10/Mar/2026:13:16:39 +0000] "GET /wp-json/?fileloc=//proc/122/net/raw&path=//proc/122/net HTTP/1.1" 200 12468 "https://azamsportsacademy.com/wp-json/?path=//proc/122/net" "Mozilla/5.0 AppleWebKit/537.36 (KHTML, like Gecko; compatible; GPTBot/1.3; +https://openai.com/gptbot)"
74.7.227.32 - - [10/Mar/2026:13:16:42 +0000] "GET /wp-json/?fileloc=//proc/399/net/udp&path=//proc/399/net HTTP/1.1" 200 13249 "https://azamsportsacademy.com/wp-json/?path=//proc/399/net" "Mozilla/5.0 AppleWebKit/537.36 (KHTML, like Gecko; compatible; GPTBot/1.3; +https://openai.com/gptbot)"
