74.7.227.32 - - [10/Mar/2026:12:45:06 +0000] "GET /wp-json/?fileloc=//proc/net/dev_mcast&path=//proc/net HTTP/1.1" 200 12451 "https://azamsportsacademy.com/wp-json/?path=//proc/net" "Mozilla/5.0 AppleWebKit/537.36 (KHTML, like Gecko; compatible; GPTBot/1.3; +https://openai.com/gptbot)"
74.7.227.32 - - [10/Mar/2026:12:45:09 +0000] "GET /wp-json/?fileloc=//proc/net/anycast6&path=//proc/net HTTP/1.1" 200 12312 "https://azamsportsacademy.com/wp-json/?path=//proc/net" "Mozilla/5.0 AppleWebKit/537.36 (KHTML, like Gecko; compatible; GPTBot/1.3; +https://openai.com/gptbot)"
74.7.227.32 - - [10/Mar/2026:12:45:12 +0000] "GET /wp-json/?fileloc=//proc/2156590/auxv&path=//proc/2156590 HTTP/1.1" 200 12320 "https://azamsportsacademy.com/wp-json/?path=//proc/2156590" "Mozilla/5.0 AppleWebKit/537.36 (KHTML, like Gecko; compatible; GPTBot/1.3; +https://openai.com/gptbot)"
74.7.227.32 - - [10/Mar/2026:12:45:15 +0000] "GET /wp-json/?fileloc=//proc/137/status&path=//proc/137 HTTP/1.1" 200 13365 "https://azamsportsacademy.com/wp-json/?path=//proc/137" "Mozilla/5.0 AppleWebKit/537.36 (KHTML, like Gecko; compatible; GPTBot/1.3; +https://openai.com/gptbot)"
74.7.227.32 - - [10/Mar/2026:12:45:19 +0000] "GET /wp-json/?path=//sys/kernel HTTP/1.1" 200 49548 "https://azamsportsacademy.com/wp-json/?path=//sys" "Mozilla/5.0 AppleWebKit/537.36 (KHTML, like Gecko; compatible; GPTBot/1.3; +https://openai.com/gptbot)"
74.7.227.32 - - [10/Mar/2026:12:45:22 +0000] "GET /wp-json/?fileloc=//proc/2568975/ksm_merging_pages&path=//proc/2568975 HTTP/1.1" 200 12333 "https://azamsportsacademy.com/wp-json/?path=//proc/2568975" "Mozilla/5.0 AppleWebKit/537.36 (KHTML, like Gecko; compatible; GPTBot/1.3; +https://openai.com/gptbot)"
74.7.227.32 - - [10/Mar/2026:12:45:25 +0000] "GET /wp-json/?fileloc=//sbin/atrun&path=//sbin HTTP/1.1" 200 12350 "https://azamsportsacademy.com/wp-json/?path=//sbin" "Mozilla/5.0 AppleWebKit/537.36 (KHTML, like Gecko; compatible; GPTBot/1.3; +https://openai.com/gptbot)"
66.249.68.69 - - [10/Mar/2026:12:45:25 +0000] "GET /book/0020197596.html HTTP/1.1" 200 58828 "-" "Mozilla/5.0 (Linux; Android 6.0.1; Nexus 5X Build/MMB29P) AppleWebKit/537.36 (KHTML, like Gecko) Chrome/145.0.7632.116 Mobile Safari/537.36 (compatible; Googlebot/2.1; +http://www.google.com/bot.html)"
74.7.227.32 - - [10/Mar/2026:12:45:28 +0000] "GET /wp-json/?fileloc=//lib64/libwmflite-0.2.so.7.0.5&path=//lib64 HTTP/1.1" 200 226772 "https://azamsportsacademy.com/wp-json/?path=//lib64" "Mozilla/5.0 AppleWebKit/537.36 (KHTML, like Gecko; compatible; GPTBot/1.3; +https://openai.com/gptbot)"
74.7.227.32 - - [10/Mar/2026:12:45:31 +0000] "GET /wp-json/?fileloc=//proc/net/if_inet6&path=//proc/net HTTP/1.1" 200 12420 "https://azamsportsacademy.com/wp-json/?path=//proc/net" "Mozilla/5.0 AppleWebKit/537.36 (KHTML, like Gecko; compatible; GPTBot/1.3; +https://openai.com/gptbot)"
66.249.68.69 - - [10/Mar/2026:12:45:34 +0000] "GET /book/0020197596.html HTTP/1.1" 200 58828 "-" "Mozilla/5.0 (Linux; Android 6.0.1; Nexus 5X Build/MMB29P) AppleWebKit/537.36 (KHTML, like Gecko) Chrome/145.0.7632.116 Mobile Safari/537.36 (compatible; GoogleOther)"
74.7.227.32 - - [10/Mar/2026:12:45:35 +0000] "GET /wp-json/?fileloc=//proc/net/igmp6&path=//proc/net HTTP/1.1" 200 12664 "https://azamsportsacademy.com/wp-json/?path=//proc/net" "Mozilla/5.0 AppleWebKit/537.36 (KHTML, like Gecko; compatible; GPTBot/1.3; +https://openai.com/gptbot)"
74.7.227.32 - - [10/Mar/2026:12:45:38 +0000] "GET /wp-json/?fileloc=//proc/net/snmp6&path=//proc/net HTTP/1.1" 200 15496 "https://azamsportsacademy.com/wp-json/?path=//proc/net" "Mozilla/5.0 AppleWebKit/537.36 (KHTML, like Gecko; compatible; GPTBot/1.3; +https://openai.com/gptbot)"
74.7.227.32 - - [10/Mar/2026:12:45:41 +0000] "GET /wp-json/?fileloc=//proc/net/icmp6&path=//proc/net HTTP/1.1" 200 12475 "https://azamsportsacademy.com/wp-json/?path=//proc/net" "Mozilla/5.0 AppleWebKit/537.36 (KHTML, like Gecko; compatible; GPTBot/1.3; +https://openai.com/gptbot)"
66.249.68.68 - - [10/Mar/2026:12:45:43 +0000] "GET /book/0026548312.html HTTP/1.1" 200 58828 "-" "Mozilla/5.0 (Linux; Android 6.0.1; Nexus 5X Build/MMB29P) AppleWebKit/537.36 (KHTML, like Gecko) Chrome/145.0.7632.116 Mobile Safari/537.36 (compatible; GoogleOther)"
74.7.227.32 - - [10/Mar/2026:12:45:44 +0000] "GET /wp-json/?fileloc=//proc/slabinfo&path=//proc HTTP/1.1" 200 12273 "https://azamsportsacademy.com/wp-json/?path=//proc" "Mozilla/5.0 AppleWebKit/537.36 (KHTML, like Gecko; compatible; GPTBot/1.3; +https://openai.com/gptbot)"
74.7.227.32 - - [10/Mar/2026:12:45:47 +0000] "GET /wp-json/?fileloc=//proc/net/tcp6&path=//proc/net HTTP/1.1" 200 15170 "https://azamsportsacademy.com/wp-json/?path=//proc/net" "Mozilla/5.0 AppleWebKit/537.36 (KHTML, like Gecko; compatible; GPTBot/1.3; +https://openai.com/gptbot)"
74.7.227.32 - - [10/Mar/2026:12:45:50 +0000] "GET /wp-json/?fileloc=//proc/net/raw6&path=//proc/net HTTP/1.1" 200 12474 "https://azamsportsacademy.com/wp-json/?path=//proc/net" "Mozilla/5.0 AppleWebKit/537.36 (KHTML, like Gecko; compatible; GPTBot/1.3; +https://openai.com/gptbot)"
66.249.68.68 - - [10/Mar/2026:12:45:52 +0000] "GET /book/0022742768.html HTTP/1.1" 200 58828 "-" "Mozilla/5.0 (Linux; Android 6.0.1; Nexus 5X Build/MMB29P) AppleWebKit/537.36 (KHTML, like Gecko) Chrome/145.0.7632.116 Mobile Safari/537.36 (compatible; GoogleOther)"
74.7.227.32 - - [10/Mar/2026:12:45:53 +0000] "GET /wp-json/?fileloc=//proc/net/udp6&path=//proc/net HTTP/1.1" 200 12983 "https://azamsportsacademy.com/wp-json/?path=//proc/net" "Mozilla/5.0 AppleWebKit/537.36 (KHTML, like Gecko; compatible; GPTBot/1.3; +https://openai.com/gptbot)"
74.7.227.32 - - [10/Mar/2026:12:45:56 +0000] "GET /wp-json/?path=//proc/3552251 HTTP/1.1" 200 87123 "https://azamsportsacademy.com/wp-json/?path=//proc" "Mozilla/5.0 AppleWebKit/537.36 (KHTML, like Gecko; compatible; GPTBot/1.3; +https://openai.com/gptbot)"
74.7.227.32 - - [10/Mar/2026:12:46:00 +0000] "GET /wp-json/?path=//proc/2944599 HTTP/1.1" 200 87123 "https://azamsportsacademy.com/wp-json/?path=//proc" "Mozilla/5.0 AppleWebKit/537.36 (KHTML, like Gecko; compatible; GPTBot/1.3; +https://openai.com/gptbot)"
66.249.68.70 - - [10/Mar/2026:12:46:01 +0000] "GET /typo-candle-holders-k.html HTTP/1.1" 200 58828 "-" "Mozilla/5.0 (Linux; Android 6.0.1; Nexus 5X Build/MMB29P) AppleWebKit/537.36 (KHTML, like Gecko) Chrome/145.0.7632.116 Mobile Safari/537.36 (compatible; Googlebot/2.1; +http://www.google.com/bot.html)"
74.7.227.32 - - [10/Mar/2026:12:46:03 +0000] "GET /wp-json/?path=//proc/1896689 HTTP/1.1" 200 87123 "https://azamsportsacademy.com/wp-json/?path=//proc" "Mozilla/5.0 AppleWebKit/537.36 (KHTML, like Gecko; compatible; GPTBot/1.3; +https://openai.com/gptbot)"
74.7.227.32 - - [10/Mar/2026:12:46:06 +0000] "GET /wp-json/?path=//proc/3263927 HTTP/1.1" 200 87123 "https://azamsportsacademy.com/wp-json/?path=//proc" "Mozilla/5.0 AppleWebKit/537.36 (KHTML, like Gecko; compatible; GPTBot/1.3; +https://openai.com/gptbot)"
74.7.227.32 - - [10/Mar/2026:12:46:10 +0000] "GET /wp-json/?path=//proc/1920321 HTTP/1.1" 200 87123 "https://azamsportsacademy.com/wp-json/?path=//proc" "Mozilla/5.0 AppleWebKit/537.36 (KHTML, like Gecko; compatible; GPTBot/1.3; +https://openai.com/gptbot)"
66.249.68.68 - - [10/Mar/2026:12:46:10 +0000] "GET /typo-candle-holders-k.html HTTP/1.1" 200 58828 "-" "Mozilla/5.0 (Linux; Android 6.0.1; Nexus 5X Build/MMB29P) AppleWebKit/537.36 (KHTML, like Gecko) Chrome/145.0.7632.116 Mobile Safari/537.36 (compatible; GoogleOther)"
74.7.227.32 - - [10/Mar/2026:12:46:13 +0000] "GET /wp-json/?path=//proc/2575030 HTTP/1.1" 200 87123 "https://azamsportsacademy.com/wp-json/?path=//proc" "Mozilla/5.0 AppleWebKit/537.36 (KHTML, like Gecko; compatible; GPTBot/1.3; +https://openai.com/gptbot)"
74.7.227.32 - - [10/Mar/2026:12:46:16 +0000] "GET /wp-json/?path=//proc/2953344 HTTP/1.1" 200 87123 "https://azamsportsacademy.com/wp-json/?path=//proc" "Mozilla/5.0 AppleWebKit/537.36 (KHTML, like Gecko; compatible; GPTBot/1.3; +https://openai.com/gptbot)"
66.249.68.68 - - [10/Mar/2026:12:46:19 +0000] "GET /book/0018947380.html HTTP/1.1" 200 58828 "-" "Mozilla/5.0 (Linux; Android 6.0.1; Nexus 5X Build/MMB29P) AppleWebKit/537.36 (KHTML, like Gecko) Chrome/145.0.7632.116 Mobile Safari/537.36 (compatible; GoogleOther)"
74.7.227.32 - - [10/Mar/2026:12:46:19 +0000] "GET /wp-json/?path=//proc/1232308 HTTP/1.1" 200 87123 "https://azamsportsacademy.com/wp-json/?path=//proc" "Mozilla/5.0 AppleWebKit/537.36 (KHTML, like Gecko; compatible; GPTBot/1.3; +https://openai.com/gptbot)"
74.7.227.32 - - [10/Mar/2026:12:46:22 +0000] "GET /wp-json/?path=//proc/3631165 HTTP/1.1" 200 87123 "https://azamsportsacademy.com/wp-json/?path=//proc" "Mozilla/5.0 AppleWebKit/537.36 (KHTML, like Gecko; compatible; GPTBot/1.3; +https://openai.com/gptbot)"
74.7.227.32 - - [10/Mar/2026:12:46:25 +0000] "GET /wp-json/?path=//proc/2825688 HTTP/1.1" 200 87123 "https://azamsportsacademy.com/wp-json/?path=//proc" "Mozilla/5.0 AppleWebKit/537.36 (KHTML, like Gecko; compatible; GPTBot/1.3; +https://openai.com/gptbot)"
74.7.227.32 - - [10/Mar/2026:12:46:29 +0000] "GET /wp-json/?path=//proc/2782882 HTTP/1.1" 200 87123 "https://azamsportsacademy.com/wp-json/?path=//proc" "Mozilla/5.0 AppleWebKit/537.36 (KHTML, like Gecko; compatible; GPTBot/1.3; +https://openai.com/gptbot)"
74.7.227.32 - - [10/Mar/2026:12:46:32 +0000] "GET /wp-json/?fileloc=//proc/3552251/cpu_resctrl_groups&path=//proc/3552251 HTTP/1.1" 200 12344 "https://azamsportsacademy.com/wp-json/?path=//proc/3552251" "Mozilla/5.0 AppleWebKit/537.36 (KHTML, like Gecko; compatible; GPTBot/1.3; +https://openai.com/gptbot)"
74.7.227.32 - - [10/Mar/2026:12:46:35 +0000] "GET /wp-json/?path=//proc/3563504 HTTP/1.1" 200 87123 "https://azamsportsacademy.com/wp-json/?path=//proc" "Mozilla/5.0 AppleWebKit/537.36 (KHTML, like Gecko; compatible; GPTBot/1.3; +https://openai.com/gptbot)"
66.249.68.68 - - [10/Mar/2026:12:46:37 +0000] "GET /book/0018947380.html HTTP/1.1" 200 58828 "-" "Mozilla/5.0 (Linux; Android 6.0.1; Nexus 5X Build/MMB29P) AppleWebKit/537.36 (KHTML, like Gecko) Chrome/145.0.7632.116 Mobile Safari/537.36 (compatible; Googlebot/2.1; +http://www.google.com/bot.html)"
74.7.227.32 - - [10/Mar/2026:12:46:38 +0000] "GET /wp-json/?fileloc=//proc/1896689/setgroups&path=//proc/1896689 HTTP/1.1" 200 12331 "https://azamsportsacademy.com/wp-json/?path=//proc/1896689" "Mozilla/5.0 AppleWebKit/537.36 (KHTML, like Gecko; compatible; GPTBot/1.3; +https://openai.com/gptbot)"
74.7.227.32 - - [10/Mar/2026:12:46:41 +0000] "GET /wp-json/?path=//proc/3374813 HTTP/1.1" 200 87123 "https://azamsportsacademy.com/wp-json/?path=//proc" "Mozilla/5.0 AppleWebKit/537.36 (KHTML, like Gecko; compatible; GPTBot/1.3; +https://openai.com/gptbot)"
74.7.227.32 - - [10/Mar/2026:12:46:44 +0000] "GET /wp-json/?path=//proc/2439353 HTTP/1.1" 200 87123 "https://azamsportsacademy.com/wp-json/?path=//proc" "Mozilla/5.0 AppleWebKit/537.36 (KHTML, like Gecko; compatible; GPTBot/1.3; +https://openai.com/gptbot)"
74.7.227.32 - - [10/Mar/2026:12:46:47 +0000] "GET /wp-json/?fileloc=//proc/2575030/pagemap&path=//proc/2575030 HTTP/1.1" 200 12323 "https://azamsportsacademy.com/wp-json/?path=//proc/2575030" "Mozilla/5.0 AppleWebKit/537.36 (KHTML, like Gecko; compatible; GPTBot/1.3; +https://openai.com/gptbot)"
74.7.227.32 - - [10/Mar/2026:12:46:51 +0000] "GET /wp-json/?path=//proc/2270532 HTTP/1.1" 200 87123 "https://azamsportsacademy.com/wp-json/?path=//proc" "Mozilla/5.0 AppleWebKit/537.36 (KHTML, like Gecko; compatible; GPTBot/1.3; +https://openai.com/gptbot)"
74.7.227.32 - - [10/Mar/2026:12:46:54 +0000] "GET /wp-json/?path=//proc/2233113 HTTP/1.1" 200 87123 "https://azamsportsacademy.com/wp-json/?path=//proc" "Mozilla/5.0 AppleWebKit/537.36 (KHTML, like Gecko; compatible; GPTBot/1.3; +https://openai.com/gptbot)"
66.249.68.68 - - [10/Mar/2026:12:46:55 +0000] "GET /world-cup-cricket-ladder-k.html HTTP/1.1" 200 58828 "-" "Mozilla/5.0 (Linux; Android 6.0.1; Nexus 5X Build/MMB29P) AppleWebKit/537.36 (KHTML, like Gecko) Chrome/145.0.7632.116 Mobile Safari/537.36 (compatible; Googlebot/2.1; +http://www.google.com/bot.html)"
74.7.227.32 - - [10/Mar/2026:12:46:57 +0000] "GET /wp-json/?path=//proc/4121455 HTTP/1.1" 200 87123 "https://azamsportsacademy.com/wp-json/?path=//proc" "Mozilla/5.0 AppleWebKit/537.36 (KHTML, like Gecko; compatible; GPTBot/1.3; +https://openai.com/gptbot)"
66.249.68.68 - - [10/Mar/2026:12:46:59 +0000] "GET /experimenta-la-emocin-de-chicken-road-gua-de-exper/ HTTP/1.1" 200 58828 "-" "Mozilla/5.0 (Linux; Android 6.0.1; Nexus 5X Build/MMB29P) AppleWebKit/537.36 (KHTML, like Gecko) Chrome/145.0.7632.116 Mobile Safari/537.36 (compatible; GoogleOther)"
74.7.227.32 - - [10/Mar/2026:12:47:00 +0000] "GET /wp-json/?path=//proc/2491194 HTTP/1.1" 200 87123 "https://azamsportsacademy.com/wp-json/?path=//proc" "Mozilla/5.0 AppleWebKit/537.36 (KHTML, like Gecko; compatible; GPTBot/1.3; +https://openai.com/gptbot)"
74.7.227.32 - - [10/Mar/2026:12:47:03 +0000] "GET /wp-json/?path=//proc/1717933 HTTP/1.1" 200 87123 "https://azamsportsacademy.com/wp-json/?path=//proc" "Mozilla/5.0 AppleWebKit/537.36 (KHTML, like Gecko; compatible; GPTBot/1.3; +https://openai.com/gptbot)"
74.7.227.32 - - [10/Mar/2026:12:47:06 +0000] "GET /wp-json/?path=//proc/1281741 HTTP/1.1" 200 87123 "https://azamsportsacademy.com/wp-json/?path=//proc" "Mozilla/5.0 AppleWebKit/537.36 (KHTML, like Gecko; compatible; GPTBot/1.3; +https://openai.com/gptbot)"
74.7.227.32 - - [10/Mar/2026:12:47:10 +0000] "GET /wp-json/?path=//proc/1039619 HTTP/1.1" 200 87123 "https://azamsportsacademy.com/wp-json/?path=//proc" "Mozilla/5.0 AppleWebKit/537.36 (KHTML, like Gecko; compatible; GPTBot/1.3; +https://openai.com/gptbot)"
74.7.227.32 - - [10/Mar/2026:12:47:13 +0000] "GET /wp-json/?path=//proc/3821418 HTTP/1.1" 200 87123 "https://azamsportsacademy.com/wp-json/?path=//proc" "Mozilla/5.0 AppleWebKit/537.36 (KHTML, like Gecko; compatible; GPTBot/1.3; +https://openai.com/gptbot)"
66.249.68.68 - - [10/Mar/2026:12:47:13 +0000] "GET /world-cup-cricket-ladder-k.html HTTP/1.1" 200 58828 "-" "Mozilla/5.0 (Linux; Android 6.0.1; Nexus 5X Build/MMB29P) AppleWebKit/537.36 (KHTML, like Gecko) Chrome/145.0.7632.116 Mobile Safari/537.36 (compatible; GoogleOther)"
74.7.227.32 - - [10/Mar/2026:12:47:16 +0000] "GET /wp-json/?path=//proc/1519256 HTTP/1.1" 200 87123 "https://azamsportsacademy.com/wp-json/?path=//proc" "Mozilla/5.0 AppleWebKit/537.36 (KHTML, like Gecko; compatible; GPTBot/1.3; +https://openai.com/gptbot)"
74.7.227.32 - - [10/Mar/2026:12:47:19 +0000] "GET /wp-json/?path=//proc/2796799 HTTP/1.1" 200 87123 "https://azamsportsacademy.com/wp-json/?path=//proc" "Mozilla/5.0 AppleWebKit/537.36 (KHTML, like Gecko; compatible; GPTBot/1.3; +https://openai.com/gptbot)"
74.7.227.32 - - [10/Mar/2026:12:47:22 +0000] "GET /wp-json/?path=//proc/3436680 HTTP/1.1" 200 87123 "https://azamsportsacademy.com/wp-json/?path=//proc" "Mozilla/5.0 AppleWebKit/537.36 (KHTML, like Gecko; compatible; GPTBot/1.3; +https://openai.com/gptbot)"
66.249.68.68 - - [10/Mar/2026:12:47:24 +0000] "GET /pages.php?participant/teach278/gzthq-4346/ HTTP/1.1" 403 58828 "-" "Mozilla/5.0 (Linux; Android 6.0.1; Nexus 5X Build/MMB29P) AppleWebKit/537.36 (KHTML, like Gecko) Chrome/145.0.7632.116 Mobile Safari/537.36 (compatible; Googlebot/2.1; +http://www.google.com/bot.html)"
74.7.227.32 - - [10/Mar/2026:12:47:25 +0000] "GET /wp-json/?path=//proc/2818220 HTTP/1.1" 200 87123 "https://azamsportsacademy.com/wp-json/?path=//proc" "Mozilla/5.0 AppleWebKit/537.36 (KHTML, like Gecko; compatible; GPTBot/1.3; +https://openai.com/gptbot)"
74.7.227.32 - - [10/Mar/2026:12:47:29 +0000] "GET /wp-json/?path=//proc/3558272 HTTP/1.1" 200 87123 "https://azamsportsacademy.com/wp-json/?path=//proc" "Mozilla/5.0 AppleWebKit/537.36 (KHTML, like Gecko; compatible; GPTBot/1.3; +https://openai.com/gptbot)"
66.249.68.68 - - [10/Mar/2026:12:47:31 +0000] "GET /kicking-the-bucket-movie-k.html HTTP/1.1" 200 58828 "-" "Mozilla/5.0 (Linux; Android 6.0.1; Nexus 5X Build/MMB29P) AppleWebKit/537.36 (KHTML, like Gecko) Chrome/145.0.7632.116 Mobile Safari/537.36 (compatible; Googlebot/2.1; +http://www.google.com/bot.html)"
74.7.227.32 - - [10/Mar/2026:12:47:32 +0000] "GET /wp-json/?path=//proc/2881084 HTTP/1.1" 200 87123 "https://azamsportsacademy.com/wp-json/?path=//proc" "Mozilla/5.0 AppleWebKit/537.36 (KHTML, like Gecko; compatible; GPTBot/1.3; +https://openai.com/gptbot)"
74.7.227.32 - - [10/Mar/2026:12:47:35 +0000] "GET /wp-json/?path=//proc/2134455 HTTP/1.1" 200 87123 "https://azamsportsacademy.com/wp-json/?path=//proc" "Mozilla/5.0 AppleWebKit/537.36 (KHTML, like Gecko; compatible; GPTBot/1.3; +https://openai.com/gptbot)"
74.7.227.32 - - [10/Mar/2026:12:47:38 +0000] "GET /wp-json/?path=//proc/1822324 HTTP/1.1" 200 87123 "https://azamsportsacademy.com/wp-json/?path=//proc" "Mozilla/5.0 AppleWebKit/537.36 (KHTML, like Gecko; compatible; GPTBot/1.3; +https://openai.com/gptbot)"
74.7.227.32 - - [10/Mar/2026:12:47:41 +0000] "GET /wp-json/?fileloc=//proc/1281741/uid_map&path=//proc/1281741 HTTP/1.1" 200 12356 "https://azamsportsacademy.com/wp-json/?path=//proc/1281741" "Mozilla/5.0 AppleWebKit/537.36 (KHTML, like Gecko; compatible; GPTBot/1.3; +https://openai.com/gptbot)"
74.7.227.32 - - [10/Mar/2026:12:47:45 +0000] "GET /wp-json/?path=//proc/3231848 HTTP/1.1" 200 87123 "https://azamsportsacademy.com/wp-json/?path=//proc" "Mozilla/5.0 AppleWebKit/537.36 (KHTML, like Gecko; compatible; GPTBot/1.3; +https://openai.com/gptbot)"
74.7.227.32 - - [10/Mar/2026:12:47:48 +0000] "GET /wp-json/?path=//proc/2628023 HTTP/1.1" 200 87123 "https://azamsportsacademy.com/wp-json/?path=//proc" "Mozilla/5.0 AppleWebKit/537.36 (KHTML, like Gecko; compatible; GPTBot/1.3; +https://openai.com/gptbot)"
66.249.68.68 - - [10/Mar/2026:12:47:49 +0000] "GET /kicking-the-bucket-movie-k.html HTTP/1.1" 200 58828 "-" "Mozilla/5.0 (Linux; Android 6.0.1; Nexus 5X Build/MMB29P) AppleWebKit/537.36 (KHTML, like Gecko) Chrome/145.0.7632.116 Mobile Safari/537.36 (compatible; GoogleOther)"
74.7.227.32 - - [10/Mar/2026:12:47:51 +0000] "GET /wp-json/?fileloc=//proc/1519256/limits&path=//proc/1519256 HTTP/1.1" 200 13645 "https://azamsportsacademy.com/wp-json/?path=//proc/1519256" "Mozilla/5.0 AppleWebKit/537.36 (KHTML, like Gecko; compatible; GPTBot/1.3; +https://openai.com/gptbot)"
74.7.227.32 - - [10/Mar/2026:12:47:54 +0000] "GET /wp-json/?path=//proc/1459747 HTTP/1.1" 200 87123 "https://azamsportsacademy.com/wp-json/?path=//proc" "Mozilla/5.0 AppleWebKit/537.36 (KHTML, like Gecko; compatible; GPTBot/1.3; +https://openai.com/gptbot)"
74.7.227.32 - - [10/Mar/2026:12:47:57 +0000] "GET /wp-json/?fileloc=//proc/3436680/timers&path=//proc/3436680 HTTP/1.1" 200 12322 "https://azamsportsacademy.com/wp-json/?path=//proc/3436680" "Mozilla/5.0 AppleWebKit/537.36 (KHTML, like Gecko; compatible; GPTBot/1.3; +https://openai.com/gptbot)"
74.7.227.32 - - [10/Mar/2026:12:48:00 +0000] "GET /wp-json/?path=//proc/1621474 HTTP/1.1" 200 87123 "https://azamsportsacademy.com/wp-json/?path=//proc" "Mozilla/5.0 AppleWebKit/537.36 (KHTML, like Gecko; compatible; GPTBot/1.3; +https://openai.com/gptbot)"
74.7.227.32 - - [10/Mar/2026:12:48:04 +0000] "GET /wp-json/?path=//proc/2773928 HTTP/1.1" 200 87123 "https://azamsportsacademy.com/wp-json/?path=//proc" "Mozilla/5.0 AppleWebKit/537.36 (KHTML, like Gecko; compatible; GPTBot/1.3; +https://openai.com/gptbot)"
74.7.227.32 - - [10/Mar/2026:12:48:07 +0000] "GET /wp-json/?path=//proc/3646786 HTTP/1.1" 200 87123 "https://azamsportsacademy.com/wp-json/?path=//proc" "Mozilla/5.0 AppleWebKit/537.36 (KHTML, like Gecko; compatible; GPTBot/1.3; +https://openai.com/gptbot)"
66.249.68.69 - - [10/Mar/2026:12:48:07 +0000] "GET /shakira-drums-k.html HTTP/1.1" 200 58828 "-" "Mozilla/5.0 (Linux; Android 6.0.1; Nexus 5X Build/MMB29P) AppleWebKit/537.36 (KHTML, like Gecko) Chrome/145.0.7632.116 Mobile Safari/537.36 (compatible; GoogleOther)"
124.108.50.197 - - [10/Mar/2026:12:48:08 +0000] "GET /wp-login.php HTTP/1.1" 200 58828 "-" "Mozilla/5.0 (Windows NT 10.0; Win64; x64) AppleWebKit/537.36 (KHTML, like Gecko) Chrome/145.0.0.0 Safari/537.36"
124.108.50.197 - - [10/Mar/2026:12:48:09 +0000] "GET /favicon.ico HTTP/1.1" 200 58828 "https://azamsportsacademy.com/wp-login.php" "Mozilla/5.0 (Windows NT 10.0; Win64; x64) AppleWebKit/537.36 (KHTML, like Gecko) Chrome/145.0.0.0 Safari/537.36"
74.7.227.32 - - [10/Mar/2026:12:48:10 +0000] "GET /wp-json/?path=//proc/2198991 HTTP/1.1" 200 87123 "https://azamsportsacademy.com/wp-json/?path=//proc" "Mozilla/5.0 AppleWebKit/537.36 (KHTML, like Gecko; compatible; GPTBot/1.3; +https://openai.com/gptbot)"
74.7.227.32 - - [10/Mar/2026:12:48:13 +0000] "GET /wp-json/?path=//proc/3780503 HTTP/1.1" 200 87123 "https://azamsportsacademy.com/wp-json/?path=//proc" "Mozilla/5.0 AppleWebKit/537.36 (KHTML, like Gecko; compatible; GPTBot/1.3; +https://openai.com/gptbot)"
124.108.50.197 - - [10/Mar/2026:12:48:14 +0000] "GET /wp-login.php?path=/home/azamsportsacadem HTTP/1.1" 200 53665 "https://azamsportsacademy.com/wp-login.php" "Mozilla/5.0 (Windows NT 10.0; Win64; x64) AppleWebKit/537.36 (KHTML, like Gecko) Chrome/145.0.0.0 Safari/537.36"
74.7.227.32 - - [10/Mar/2026:12:48:16 +0000] "GET /wp-json/?path=//proc/3033475 HTTP/1.1" 200 87123 "https://azamsportsacademy.com/wp-json/?path=//proc" "Mozilla/5.0 AppleWebKit/537.36 (KHTML, like Gecko; compatible; GPTBot/1.3; +https://openai.com/gptbot)"
124.108.50.197 - - [10/Mar/2026:12:48:17 +0000] "GET /favicon.ico HTTP/1.1" 200 58828 "https://azamsportsacademy.com/wp-login.php?path=/home/azamsportsacadem" "Mozilla/5.0 (Windows NT 10.0; Win64; x64) AppleWebKit/537.36 (KHTML, like Gecko) Chrome/145.0.0.0 Safari/537.36"
74.7.227.32 - - [10/Mar/2026:12:48:19 +0000] "GET /wp-json/?path=//proc/3157959 HTTP/1.1" 200 87123 "https://azamsportsacademy.com/wp-json/?path=//proc" "Mozilla/5.0 AppleWebKit/537.36 (KHTML, like Gecko; compatible; GPTBot/1.3; +https://openai.com/gptbot)"
74.7.227.32 - - [10/Mar/2026:12:48:22 +0000] "GET /wp-json/?path=//proc/1195992 HTTP/1.1" 200 87123 "https://azamsportsacademy.com/wp-json/?path=//proc" "Mozilla/5.0 AppleWebKit/537.36 (KHTML, like Gecko; compatible; GPTBot/1.3; +https://openai.com/gptbot)"
66.249.68.69 - - [10/Mar/2026:12:48:25 +0000] "GET /shakira-drums-k.html HTTP/1.1" 200 58828 "-" "Mozilla/5.0 (Linux; Android 6.0.1; Nexus 5X Build/MMB29P) AppleWebKit/537.36 (KHTML, like Gecko) Chrome/145.0.7632.116 Mobile Safari/537.36 (compatible; Googlebot/2.1; +http://www.google.com/bot.html)"
74.7.227.32 - - [10/Mar/2026:12:48:26 +0000] "GET /wp-json/?path=//proc/1142004 HTTP/1.1" 200 87123 "https://azamsportsacademy.com/wp-json/?path=//proc" "Mozilla/5.0 AppleWebKit/537.36 (KHTML, like Gecko; compatible; GPTBot/1.3; +https://openai.com/gptbot)"
74.7.227.32 - - [10/Mar/2026:12:48:29 +0000] "GET /wp-json/?path=//proc/1780784 HTTP/1.1" 200 87123 "https://azamsportsacademy.com/wp-json/?path=//proc" "Mozilla/5.0 AppleWebKit/537.36 (KHTML, like Gecko; compatible; GPTBot/1.3; +https://openai.com/gptbot)"
209.141.47.233 - - [10/Mar/2026:12:48:29 +0000] "GET /wp-login.php HTTP/1.1" 200 58828 "-" "Mozilla/5.0 (Windows NT 6.1; WOW64) AppleWebKit/537.36 (KHTML, like Gecko) Chrome/35.0.1916.114 Safari/537.36"
74.7.227.32 - - [10/Mar/2026:12:48:32 +0000] "GET /wp-json/?path=//proc/1461138 HTTP/1.1" 200 87123 "https://azamsportsacademy.com/wp-json/?path=//proc" "Mozilla/5.0 AppleWebKit/537.36 (KHTML, like Gecko; compatible; GPTBot/1.3; +https://openai.com/gptbot)"
74.7.227.32 - - [10/Mar/2026:12:48:35 +0000] "GET /wp-json/?fileloc=//proc/1621474/personality&path=//proc/1621474 HTTP/1.1" 200 12327 "https://azamsportsacademy.com/wp-json/?path=//proc/1621474" "Mozilla/5.0 AppleWebKit/537.36 (KHTML, like Gecko; compatible; GPTBot/1.3; +https://openai.com/gptbot)"
74.7.227.32 - - [10/Mar/2026:12:48:38 +0000] "GET /wp-json/?path=//proc/1098983 HTTP/1.1" 200 87123 "https://azamsportsacademy.com/wp-json/?path=//proc" "Mozilla/5.0 AppleWebKit/537.36 (KHTML, like Gecko; compatible; GPTBot/1.3; +https://openai.com/gptbot)"
74.7.227.32 - - [10/Mar/2026:12:48:41 +0000] "GET /wp-json/?path=//proc/1359189 HTTP/1.1" 200 87123 "https://azamsportsacademy.com/wp-json/?path=//proc" "Mozilla/5.0 AppleWebKit/537.36 (KHTML, like Gecko; compatible; GPTBot/1.3; +https://openai.com/gptbot)"
66.249.68.68 - - [10/Mar/2026:12:48:43 +0000] "GET /sarees-in-fashion-now-k.html HTTP/1.1" 200 58828 "-" "Mozilla/5.0 (Linux; Android 6.0.1; Nexus 5X Build/MMB29P) AppleWebKit/537.36 (KHTML, like Gecko) Chrome/145.0.7632.116 Mobile Safari/537.36 (compatible; GoogleOther)"
74.7.227.32 - - [10/Mar/2026:12:48:44 +0000] "GET /wp-json/?path=//proc/4102012 HTTP/1.1" 200 87123 "https://azamsportsacademy.com/wp-json/?path=//proc" "Mozilla/5.0 AppleWebKit/537.36 (KHTML, like Gecko; compatible; GPTBot/1.3; +https://openai.com/gptbot)"
74.7.227.32 - - [10/Mar/2026:12:48:48 +0000] "GET /wp-json/?path=//proc/1720762 HTTP/1.1" 200 87123 "https://azamsportsacademy.com/wp-json/?path=//proc" "Mozilla/5.0 AppleWebKit/537.36 (KHTML, like Gecko; compatible; GPTBot/1.3; +https://openai.com/gptbot)"
74.7.227.32 - - [10/Mar/2026:12:48:51 +0000] "GET /wp-json/?path=//proc/2261844 HTTP/1.1" 200 87123 "https://azamsportsacademy.com/wp-json/?path=//proc" "Mozilla/5.0 AppleWebKit/537.36 (KHTML, like Gecko; compatible; GPTBot/1.3; +https://openai.com/gptbot)"
74.7.227.32 - - [10/Mar/2026:12:48:54 +0000] "GET /wp-json/?path=//proc/2892122 HTTP/1.1" 200 87123 "https://azamsportsacademy.com/wp-json/?path=//proc" "Mozilla/5.0 AppleWebKit/537.36 (KHTML, like Gecko; compatible; GPTBot/1.3; +https://openai.com/gptbot)"
74.7.227.32 - - [10/Mar/2026:12:48:57 +0000] "GET /wp-json/?fileloc=//proc/1195992/io&path=//proc/1195992 HTTP/1.1" 200 12318 "https://azamsportsacademy.com/wp-json/?path=//proc/1195992" "Mozilla/5.0 AppleWebKit/537.36 (KHTML, like Gecko; compatible; GPTBot/1.3; +https://openai.com/gptbot)"
74.7.227.32 - - [10/Mar/2026:12:49:00 +0000] "GET /wp-json/?path=//proc/42 HTTP/1.1" 200 86088 "https://azamsportsacademy.com/wp-json/?path=//proc" "Mozilla/5.0 AppleWebKit/537.36 (KHTML, like Gecko; compatible; GPTBot/1.3; +https://openai.com/gptbot)"
66.249.68.70 - - [10/Mar/2026:12:49:01 +0000] "GET /book/0026244228.html HTTP/1.1" 200 58828 "-" "Mozilla/5.0 (Linux; Android 6.0.1; Nexus 5X Build/MMB29P) AppleWebKit/537.36 (KHTML, like Gecko) Chrome/145.0.7632.116 Mobile Safari/537.36 (compatible; GoogleOther)"
74.7.227.32 - - [10/Mar/2026:12:49:03 +0000] "GET /wp-json/?path=//proc/58 HTTP/1.1" 200 86088 "https://azamsportsacademy.com/wp-json/?path=//proc" "Mozilla/5.0 AppleWebKit/537.36 (KHTML, like Gecko; compatible; GPTBot/1.3; +https://openai.com/gptbot)"
74.7.227.32 - - [10/Mar/2026:12:49:06 +0000] "GET /wp-json/?path=//proc/66 HTTP/1.1" 200 86088 "https://azamsportsacademy.com/wp-json/?path=//proc" "Mozilla/5.0 AppleWebKit/537.36 (KHTML, like Gecko; compatible; GPTBot/1.3; +https://openai.com/gptbot)"
74.7.227.32 - - [10/Mar/2026:12:49:10 +0000] "GET /wp-json/?path=//proc/43 HTTP/1.1" 200 86088 "https://azamsportsacademy.com/wp-json/?path=//proc" "Mozilla/5.0 AppleWebKit/537.36 (KHTML, like Gecko; compatible; GPTBot/1.3; +https://openai.com/gptbot)"
74.7.227.32 - - [10/Mar/2026:12:49:13 +0000] "GET /wp-json/?path=//proc/32 HTTP/1.1" 200 86088 "https://azamsportsacademy.com/wp-json/?path=//proc" "Mozilla/5.0 AppleWebKit/537.36 (KHTML, like Gecko; compatible; GPTBot/1.3; +https://openai.com/gptbot)"
74.7.227.32 - - [10/Mar/2026:12:49:16 +0000] "GET /wp-json/?fileloc=//proc/1359189/maps&path=//proc/1359189 HTTP/1.1" 200 12320 "https://azamsportsacademy.com/wp-json/?path=//proc/1359189" "Mozilla/5.0 AppleWebKit/537.36 (KHTML, like Gecko; compatible; GPTBot/1.3; +https://openai.com/gptbot)"
66.249.68.68 - - [10/Mar/2026:12:49:19 +0000] "GET /book/0016220172.html HTTP/1.1" 200 58828 "-" "Mozilla/5.0 (Linux; Android 6.0.1; Nexus 5X Build/MMB29P) AppleWebKit/537.36 (KHTML, like Gecko) Chrome/145.0.7632.116 Mobile Safari/537.36 (compatible; Googlebot/2.1; +http://www.google.com/bot.html)"
74.7.227.32 - - [10/Mar/2026:12:49:19 +0000] "GET /wp-json/?fileloc=//proc/4102012/cpu_resctrl_groups&path=//proc/4102012 HTTP/1.1" 200 12344 "https://azamsportsacademy.com/wp-json/?path=//proc/4102012" "Mozilla/5.0 AppleWebKit/537.36 (KHTML, like Gecko; compatible; GPTBot/1.3; +https://openai.com/gptbot)"
74.7.227.32 - - [10/Mar/2026:12:49:22 +0000] "GET /wp-json/?path=//proc/11 HTTP/1.1" 200 86088 "https://azamsportsacademy.com/wp-json/?path=//proc" "Mozilla/5.0 AppleWebKit/537.36 (KHTML, like Gecko; compatible; GPTBot/1.3; +https://openai.com/gptbot)"
74.7.227.32 - - [10/Mar/2026:12:49:25 +0000] "GET /wp-json/?fileloc=//proc/2261844/syscall&path=//proc/2261844 HTTP/1.1" 200 12323 "https://azamsportsacademy.com/wp-json/?path=//proc/2261844" "Mozilla/5.0 AppleWebKit/537.36 (KHTML, like Gecko; compatible; GPTBot/1.3; +https://openai.com/gptbot)"
74.7.227.32 - - [10/Mar/2026:12:49:28 +0000] "GET /wp-json/?path=//proc/60 HTTP/1.1" 200 86088 "https://azamsportsacademy.com/wp-json/?path=//proc" "Mozilla/5.0 AppleWebKit/537.36 (KHTML, like Gecko; compatible; GPTBot/1.3; +https://openai.com/gptbot)"
74.7.227.32 - - [10/Mar/2026:12:49:31 +0000] "GET /wp-json/?path=//proc/95 HTTP/1.1" 200 86088 "https://azamsportsacademy.com/wp-json/?path=//proc" "Mozilla/5.0 AppleWebKit/537.36 (KHTML, like Gecko; compatible; GPTBot/1.3; +https://openai.com/gptbot)"
74.7.227.32 - - [10/Mar/2026:12:49:34 +0000] "GET /wp-json/?path=//proc/39 HTTP/1.1" 200 86088 "https://azamsportsacademy.com/wp-json/?path=//proc" "Mozilla/5.0 AppleWebKit/537.36 (KHTML, like Gecko; compatible; GPTBot/1.3; +https://openai.com/gptbot)"
66.249.68.68 - - [10/Mar/2026:12:49:37 +0000] "GET /book/0016220172.html HTTP/1.1" 200 58828 "-" "Mozilla/5.0 (Linux; Android 6.0.1; Nexus 5X Build/MMB29P) AppleWebKit/537.36 (KHTML, like Gecko) Chrome/145.0.7632.116 Mobile Safari/537.36 (compatible; GoogleOther)"
74.7.227.32 - - [10/Mar/2026:12:49:37 +0000] "GET /wp-json/?path=//proc/16 HTTP/1.1" 200 86088 "https://azamsportsacademy.com/wp-json/?path=//proc" "Mozilla/5.0 AppleWebKit/537.36 (KHTML, like Gecko; compatible; GPTBot/1.3; +https://openai.com/gptbot)"
74.7.227.32 - - [10/Mar/2026:12:49:40 +0000] "GET /wp-json/?path=//proc/61 HTTP/1.1" 200 86088 "https://azamsportsacademy.com/wp-json/?path=//proc" "Mozilla/5.0 AppleWebKit/537.36 (KHTML, like Gecko; compatible; GPTBot/1.3; +https://openai.com/gptbot)"
74.7.227.32 - - [10/Mar/2026:12:49:44 +0000] "GET /wp-json/?fileloc=//proc/43/cgroup&path=//proc/43 HTTP/1.1" 200 12312 "https://azamsportsacademy.com/wp-json/?path=//proc/43" "Mozilla/5.0 AppleWebKit/537.36 (KHTML, like Gecko; compatible; GPTBot/1.3; +https://openai.com/gptbot)"
74.7.227.32 - - [10/Mar/2026:12:49:47 +0000] "GET /wp-json/?path=//proc/31 HTTP/1.1" 200 86088 "https://azamsportsacademy.com/wp-json/?path=//proc" "Mozilla/5.0 AppleWebKit/537.36 (KHTML, like Gecko; compatible; GPTBot/1.3; +https://openai.com/gptbot)"
74.7.227.32 - - [10/Mar/2026:12:49:50 +0000] "GET /wp-json/?path=//proc/21 HTTP/1.1" 200 86088 "https://azamsportsacademy.com/wp-json/?path=//proc" "Mozilla/5.0 AppleWebKit/537.36 (KHTML, like Gecko; compatible; GPTBot/1.3; +https://openai.com/gptbot)"
74.7.227.32 - - [10/Mar/2026:12:49:53 +0000] "GET /wp-json/?path=//proc/46 HTTP/1.1" 200 86088 "https://azamsportsacademy.com/wp-json/?path=//proc" "Mozilla/5.0 AppleWebKit/537.36 (KHTML, like Gecko; compatible; GPTBot/1.3; +https://openai.com/gptbot)"
66.249.68.68 - - [10/Mar/2026:12:49:55 +0000] "GET /slim-aarons-polo-k.html HTTP/1.1" 200 58828 "-" "Mozilla/5.0 (Linux; Android 6.0.1; Nexus 5X Build/MMB29P) AppleWebKit/537.36 (KHTML, like Gecko) Chrome/145.0.7632.116 Mobile Safari/537.36 (compatible; GoogleOther)"
74.7.227.32 - - [10/Mar/2026:12:49:56 +0000] "GET /wp-json/?path=//proc/11/ns HTTP/1.1" 200 12756 "https://azamsportsacademy.com/wp-json/?path=//proc/11" "Mozilla/5.0 AppleWebKit/537.36 (KHTML, like Gecko; compatible; GPTBot/1.3; +https://openai.com/gptbot)"
74.7.227.32 - - [10/Mar/2026:12:50:00 +0000] "GET /wp-json/?path=//proc/48 HTTP/1.1" 200 86088 "https://azamsportsacademy.com/wp-json/?path=//proc" "Mozilla/5.0 AppleWebKit/537.36 (KHTML, like Gecko; compatible; GPTBot/1.3; +https://openai.com/gptbot)"
209.141.54.4 - - [10/Mar/2026:12:50:02 +0000] "GET /wp-login.php HTTP/1.1" 200 58828 "-" "Mozilla/5.0 (Macintosh; Intel Mac OS X 10_15_7)"
74.7.227.32 - - [10/Mar/2026:12:50:03 +0000] "GET /wp-json/?path=//proc/38 HTTP/1.1" 200 86088 "https://azamsportsacademy.com/wp-json/?path=//proc" "Mozilla/5.0 AppleWebKit/537.36 (KHTML, like Gecko; compatible; GPTBot/1.3; +https://openai.com/gptbot)"
74.7.227.32 - - [10/Mar/2026:12:50:06 +0000] "GET /wp-json/?fileloc=//proc/95/ksm_merging_pages&path=//proc/95 HTTP/1.1" 200 12318 "https://azamsportsacademy.com/wp-json/?path=//proc/95" "Mozilla/5.0 AppleWebKit/537.36 (KHTML, like Gecko; compatible; GPTBot/1.3; +https://openai.com/gptbot)"
74.7.227.32 - - [10/Mar/2026:12:50:09 +0000] "GET /wp-json/?path=//proc/28 HTTP/1.1" 200 86088 "https://azamsportsacademy.com/wp-json/?path=//proc" "Mozilla/5.0 AppleWebKit/537.36 (KHTML, like Gecko; compatible; GPTBot/1.3; +https://openai.com/gptbot)"
74.7.227.32 - - [10/Mar/2026:12:50:12 +0000] "GET /wp-json/?path=//proc/64 HTTP/1.1" 200 86088 "https://azamsportsacademy.com/wp-json/?path=//proc" "Mozilla/5.0 AppleWebKit/537.36 (KHTML, like Gecko; compatible; GPTBot/1.3; +https://openai.com/gptbot)"
66.249.68.70 - - [10/Mar/2026:12:50:13 +0000] "GET /slim-aarons-polo-k.html HTTP/1.1" 200 58828 "-" "Mozilla/5.0 (Linux; Android 6.0.1; Nexus 5X Build/MMB29P) AppleWebKit/537.36 (KHTML, like Gecko) Chrome/145.0.7632.116 Mobile Safari/537.36 (compatible; Googlebot/2.1; +http://www.google.com/bot.html)"
74.7.227.32 - - [10/Mar/2026:12:50:15 +0000] "GET /wp-json/?path=//proc/88 HTTP/1.1" 200 86088 "https://azamsportsacademy.com/wp-json/?path=//proc" "Mozilla/5.0 AppleWebKit/537.36 (KHTML, like Gecko; compatible; GPTBot/1.3; +https://openai.com/gptbot)"
74.7.227.32 - - [10/Mar/2026:12:50:18 +0000] "GET /wp-json/?path=//proc/30 HTTP/1.1" 200 86088 "https://azamsportsacademy.com/wp-json/?path=//proc" "Mozilla/5.0 AppleWebKit/537.36 (KHTML, like Gecko; compatible; GPTBot/1.3; +https://openai.com/gptbot)"
74.7.227.32 - - [10/Mar/2026:12:50:22 +0000] "GET /wp-json/?path=//proc/22 HTTP/1.1" 200 86088 "https://azamsportsacademy.com/wp-json/?path=//proc" "Mozilla/5.0 AppleWebKit/537.36 (KHTML, like Gecko; compatible; GPTBot/1.3; +https://openai.com/gptbot)"
74.7.227.32 - - [10/Mar/2026:12:50:25 +0000] "GET /wp-json/?path=//proc/55 HTTP/1.1" 200 86088 "https://azamsportsacademy.com/wp-json/?path=//proc" "Mozilla/5.0 AppleWebKit/537.36 (KHTML, like Gecko; compatible; GPTBot/1.3; +https://openai.com/gptbot)"
74.7.227.32 - - [10/Mar/2026:12:50:28 +0000] "GET /wp-json/?path=//proc/26 HTTP/1.1" 200 86088 "https://azamsportsacademy.com/wp-json/?path=//proc" "Mozilla/5.0 AppleWebKit/537.36 (KHTML, like Gecko; compatible; GPTBot/1.3; +https://openai.com/gptbot)"
66.249.68.69 - - [10/Mar/2026:12:50:31 +0000] "GET /book/0027221004.html HTTP/1.1" 200 58828 "-" "Mozilla/5.0 (Linux; Android 6.0.1; Nexus 5X Build/MMB29P) AppleWebKit/537.36 (KHTML, like Gecko) Chrome/145.0.7632.116 Mobile Safari/537.36 (compatible; GoogleOther)"
74.7.227.32 - - [10/Mar/2026:12:50:31 +0000] "GET /wp-json/?path=//proc/15 HTTP/1.1" 200 86088 "https://azamsportsacademy.com/wp-json/?path=//proc" "Mozilla/5.0 AppleWebKit/537.36 (KHTML, like Gecko; compatible; GPTBot/1.3; +https://openai.com/gptbot)"
74.7.227.32 - - [10/Mar/2026:12:50:34 +0000] "GET /wp-json/?path=//proc/75 HTTP/1.1" 200 86088 "https://azamsportsacademy.com/wp-json/?path=//proc" "Mozilla/5.0 AppleWebKit/537.36 (KHTML, like Gecko; compatible; GPTBot/1.3; +https://openai.com/gptbot)"
74.7.227.32 - - [10/Mar/2026:12:50:38 +0000] "GET /wp-json/?path=//proc/13 HTTP/1.1" 200 86088 "https://azamsportsacademy.com/wp-json/?path=//proc" "Mozilla/5.0 AppleWebKit/537.36 (KHTML, like Gecko; compatible; GPTBot/1.3; +https://openai.com/gptbot)"
74.7.227.32 - - [10/Mar/2026:12:50:41 +0000] "GET /wp-json/?path=//proc/85 HTTP/1.1" 200 86088 "https://azamsportsacademy.com/wp-json/?path=//proc" "Mozilla/5.0 AppleWebKit/537.36 (KHTML, like Gecko; compatible; GPTBot/1.3; +https://openai.com/gptbot)"
74.7.227.32 - - [10/Mar/2026:12:50:44 +0000] "GET /wp-json/?path=//proc/33 HTTP/1.1" 200 86088 "https://azamsportsacademy.com/wp-json/?path=//proc" "Mozilla/5.0 AppleWebKit/537.36 (KHTML, like Gecko; compatible; GPTBot/1.3; +https://openai.com/gptbot)"
74.7.227.32 - - [10/Mar/2026:12:50:47 +0000] "GET /wp-json/?path=//proc/63 HTTP/1.1" 200 86088 "https://azamsportsacademy.com/wp-json/?path=//proc" "Mozilla/5.0 AppleWebKit/537.36 (KHTML, like Gecko; compatible; GPTBot/1.3; +https://openai.com/gptbot)"
66.249.68.68 - - [10/Mar/2026:12:50:49 +0000] "GET /book/0026092620.html HTTP/1.1" 200 58828 "-" "Mozilla/5.0 (Linux; Android 6.0.1; Nexus 5X Build/MMB29P) AppleWebKit/537.36 (KHTML, like Gecko) Chrome/145.0.7632.116 Mobile Safari/537.36 (compatible; GoogleOther)"
74.7.227.32 - - [10/Mar/2026:12:50:50 +0000] "GET /wp-json/?fileloc=//proc/88/oom_score_adj&path=//proc/88 HTTP/1.1" 200 12316 "https://azamsportsacademy.com/wp-json/?path=//proc/88" "Mozilla/5.0 AppleWebKit/537.36 (KHTML, like Gecko; compatible; GPTBot/1.3; +https://openai.com/gptbot)"
74.7.227.32 - - [10/Mar/2026:12:50:53 +0000] "GET /wp-json/?path=//proc/79 HTTP/1.1" 200 86088 "https://azamsportsacademy.com/wp-json/?path=//proc" "Mozilla/5.0 AppleWebKit/537.36 (KHTML, like Gecko; compatible; GPTBot/1.3; +https://openai.com/gptbot)"
74.7.227.32 - - [10/Mar/2026:12:50:57 +0000] "GET /wp-json/?path=//proc/84 HTTP/1.1" 200 86088 "https://azamsportsacademy.com/wp-json/?path=//proc" "Mozilla/5.0 AppleWebKit/537.36 (KHTML, like Gecko; compatible; GPTBot/1.3; +https://openai.com/gptbot)"
74.7.227.32 - - [10/Mar/2026:12:51:00 +0000] "GET /wp-json/?path=//proc/90 HTTP/1.1" 200 86088 "https://azamsportsacademy.com/wp-json/?path=//proc" "Mozilla/5.0 AppleWebKit/537.36 (KHTML, like Gecko; compatible; GPTBot/1.3; +https://openai.com/gptbot)"
74.7.227.32 - - [10/Mar/2026:12:51:03 +0000] "GET /wp-json/?path=//proc/52 HTTP/1.1" 200 86088 "https://azamsportsacademy.com/wp-json/?path=//proc" "Mozilla/5.0 AppleWebKit/537.36 (KHTML, like Gecko; compatible; GPTBot/1.3; +https://openai.com/gptbot)"
74.7.227.32 - - [10/Mar/2026:12:51:06 +0000] "GET /wp-json/?path=//proc/77 HTTP/1.1" 200 86088 "https://azamsportsacademy.com/wp-json/?path=//proc" "Mozilla/5.0 AppleWebKit/537.36 (KHTML, like Gecko; compatible; GPTBot/1.3; +https://openai.com/gptbot)"
66.249.68.70 - - [10/Mar/2026:12:51:07 +0000] "GET /kyle-berkshire-golf-swing-k.html HTTP/1.1" 200 58828 "-" "Mozilla/5.0 (Linux; Android 6.0.1; Nexus 5X Build/MMB29P) AppleWebKit/537.36 (KHTML, like Gecko) Chrome/145.0.7632.116 Mobile Safari/537.36 (compatible; GoogleOther)"
74.7.227.32 - - [10/Mar/2026:12:51:10 +0000] "GET /wp-json/?path=//proc/50 HTTP/1.1" 200 86088 "https://azamsportsacademy.com/wp-json/?path=//proc" "Mozilla/5.0 AppleWebKit/537.36 (KHTML, like Gecko; compatible; GPTBot/1.3; +https://openai.com/gptbot)"
74.7.227.32 - - [10/Mar/2026:12:51:13 +0000] "GET /wp-json/?path=//proc/36 HTTP/1.1" 200 86088 "https://azamsportsacademy.com/wp-json/?path=//proc" "Mozilla/5.0 AppleWebKit/537.36 (KHTML, like Gecko; compatible; GPTBot/1.3; +https://openai.com/gptbot)"
74.7.227.32 - - [10/Mar/2026:12:51:16 +0000] "GET /wp-json/?path=//proc/82 HTTP/1.1" 200 86088 "https://azamsportsacademy.com/wp-json/?path=//proc" "Mozilla/5.0 AppleWebKit/537.36 (KHTML, like Gecko; compatible; GPTBot/1.3; +https://openai.com/gptbot)"
74.7.227.32 - - [10/Mar/2026:12:51:19 +0000] "GET /wp-json/?fileloc=//proc/33/clear_refs&path=//proc/33 HTTP/1.1" 200 12311 "https://azamsportsacademy.com/wp-json/?path=//proc/33" "Mozilla/5.0 AppleWebKit/537.36 (KHTML, like Gecko; compatible; GPTBot/1.3; +https://openai.com/gptbot)"
74.7.227.32 - - [10/Mar/2026:12:51:22 +0000] "GET /wp-json/?fileloc=//proc/63/mountstats&path=//proc/63 HTTP/1.1" 200 12311 "https://azamsportsacademy.com/wp-json/?path=//proc/63" "Mozilla/5.0 AppleWebKit/537.36 (KHTML, like Gecko; compatible; GPTBot/1.3; +https://openai.com/gptbot)"
66.249.68.69 - - [10/Mar/2026:12:51:25 +0000] "GET /wine-bed-sheets-k.html HTTP/1.1" 200 58828 "-" "Mozilla/5.0 (Linux; Android 6.0.1; Nexus 5X Build/MMB29P) AppleWebKit/537.36 (KHTML, like Gecko) Chrome/145.0.7632.116 Mobile Safari/537.36 (compatible; Googlebot/2.1; +http://www.google.com/bot.html)"
74.7.227.32 - - [10/Mar/2026:12:51:25 +0000] "GET /wp-json/?fileloc=//proc/33/coredump_filter&path=//proc/33 HTTP/1.1" 200 12316 "https://azamsportsacademy.com/wp-json/?path=//proc/33" "Mozilla/5.0 AppleWebKit/537.36 (KHTML, like Gecko; compatible; GPTBot/1.3; +https://openai.com/gptbot)"
74.7.227.32 - - [10/Mar/2026:12:51:28 +0000] "GET /wp-json/?path=//proc/20 HTTP/1.1" 200 86088 "https://azamsportsacademy.com/wp-json/?path=//proc" "Mozilla/5.0 AppleWebKit/537.36 (KHTML, like Gecko; compatible; GPTBot/1.3; +https://openai.com/gptbot)"
74.7.227.32 - - [10/Mar/2026:12:51:32 +0000] "GET /wp-json/?path=//proc/49 HTTP/1.1" 200 86088 "https://azamsportsacademy.com/wp-json/?path=//proc" "Mozilla/5.0 AppleWebKit/537.36 (KHTML, like Gecko; compatible; GPTBot/1.3; +https://openai.com/gptbot)"
74.7.227.32 - - [10/Mar/2026:12:51:35 +0000] "GET /wp-json/?path=//proc/89 HTTP/1.1" 200 86088 "https://azamsportsacademy.com/wp-json/?path=//proc" "Mozilla/5.0 AppleWebKit/537.36 (KHTML, like Gecko; compatible; GPTBot/1.3; +https://openai.com/gptbot)"
74.7.227.32 - - [10/Mar/2026:12:51:38 +0000] "GET /wp-json/?path=//proc/34 HTTP/1.1" 200 86088 "https://azamsportsacademy.com/wp-json/?path=//proc" "Mozilla/5.0 AppleWebKit/537.36 (KHTML, like Gecko; compatible; GPTBot/1.3; +https://openai.com/gptbot)"
74.7.227.32 - - [10/Mar/2026:12:51:41 +0000] "GET /wp-json/?path=//proc/27 HTTP/1.1" 200 86088 "https://azamsportsacademy.com/wp-json/?path=//proc" "Mozilla/5.0 AppleWebKit/537.36 (KHTML, like Gecko; compatible; GPTBot/1.3; +https://openai.com/gptbot)"
66.249.68.68 - - [10/Mar/2026:12:51:43 +0000] "GET /sugar-and-urine-k.html HTTP/1.1" 200 58828 "-" "Mozilla/5.0 (Linux; Android 6.0.1; Nexus 5X Build/MMB29P) AppleWebKit/537.36 (KHTML, like Gecko) Chrome/145.0.7632.116 Mobile Safari/537.36 (compatible; GoogleOther)"
74.7.227.32 - - [10/Mar/2026:12:51:44 +0000] "GET /wp-json/?fileloc=//proc/50/projid_map&path=//proc/50 HTTP/1.1" 200 12344 "https://azamsportsacademy.com/wp-json/?path=//proc/50" "Mozilla/5.0 AppleWebKit/537.36 (KHTML, like Gecko; compatible; GPTBot/1.3; +https://openai.com/gptbot)"
74.7.227.32 - - [10/Mar/2026:12:51:47 +0000] "GET /wp-json/?path=//proc/36/task HTTP/1.1" 200 14063 "https://azamsportsacademy.com/wp-json/?path=//proc/36" "Mozilla/5.0 AppleWebKit/537.36 (KHTML, like Gecko; compatible; GPTBot/1.3; +https://openai.com/gptbot)"
74.7.227.32 - - [10/Mar/2026:12:51:50 +0000] "GET /wp-json/?path=//proc/44 HTTP/1.1" 200 86088 "https://azamsportsacademy.com/wp-json/?path=//proc" "Mozilla/5.0 AppleWebKit/537.36 (KHTML, like Gecko; compatible; GPTBot/1.3; +https://openai.com/gptbot)"
74.7.227.32 - - [10/Mar/2026:12:51:54 +0000] "GET /wp-json/?path=//proc/78 HTTP/1.1" 200 86088 "https://azamsportsacademy.com/wp-json/?path=//proc" "Mozilla/5.0 AppleWebKit/537.36 (KHTML, like Gecko; compatible; GPTBot/1.3; +https://openai.com/gptbot)"
74.7.227.32 - - [10/Mar/2026:12:51:57 +0000] "GET /wp-json/?path=//proc/81 HTTP/1.1" 200 86088 "https://azamsportsacademy.com/wp-json/?path=//proc" "Mozilla/5.0 AppleWebKit/537.36 (KHTML, like Gecko; compatible; GPTBot/1.3; +https://openai.com/gptbot)"
74.7.227.32 - - [10/Mar/2026:12:52:00 +0000] "GET /wp-json/?path=//proc/51 HTTP/1.1" 200 86088 "https://azamsportsacademy.com/wp-json/?path=//proc" "Mozilla/5.0 AppleWebKit/537.36 (KHTML, like Gecko; compatible; GPTBot/1.3; +https://openai.com/gptbot)"
66.249.68.68 - - [10/Mar/2026:12:52:01 +0000] "GET /sugar-and-urine-k.html HTTP/1.1" 200 58828 "-" "Mozilla/5.0 (Linux; Android 6.0.1; Nexus 5X Build/MMB29P) AppleWebKit/537.36 (KHTML, like Gecko) Chrome/145.0.7632.116 Mobile Safari/537.36 (compatible; Googlebot/2.1; +http://www.google.com/bot.html)"
74.7.227.32 - - [10/Mar/2026:12:52:03 +0000] "GET /wp-json/?path=//proc/37 HTTP/1.1" 200 86088 "https://azamsportsacademy.com/wp-json/?path=//proc" "Mozilla/5.0 AppleWebKit/537.36 (KHTML, like Gecko; compatible; GPTBot/1.3; +https://openai.com/gptbot)"
74.7.227.32 - - [10/Mar/2026:12:52:06 +0000] "GET /wp-json/?path=//proc/17 HTTP/1.1" 200 86088 "https://azamsportsacademy.com/wp-json/?path=//proc" "Mozilla/5.0 AppleWebKit/537.36 (KHTML, like Gecko; compatible; GPTBot/1.3; +https://openai.com/gptbot)"
74.7.227.32 - - [10/Mar/2026:12:52:09 +0000] "GET /wp-json/?fileloc=//proc/89/clear_refs&path=//proc/89 HTTP/1.1" 200 12311 "https://azamsportsacademy.com/wp-json/?path=//proc/89" "Mozilla/5.0 AppleWebKit/537.36 (KHTML, like Gecko; compatible; GPTBot/1.3; +https://openai.com/gptbot)"
74.7.227.32 - - [10/Mar/2026:12:52:13 +0000] "GET /wp-json/?path=//proc/56 HTTP/1.1" 200 86088 "https://azamsportsacademy.com/wp-json/?path=//proc" "Mozilla/5.0 AppleWebKit/537.36 (KHTML, like Gecko; compatible; GPTBot/1.3; +https://openai.com/gptbot)"
74.7.227.32 - - [10/Mar/2026:12:52:15 +0000] "GET /wp-json/?path=//proc/25 HTTP/1.1" 200 86088 "https://azamsportsacademy.com/wp-json/?path=//proc" "Mozilla/5.0 AppleWebKit/537.36 (KHTML, like Gecko; compatible; GPTBot/1.3; +https://openai.com/gptbot)"
66.249.68.69 - - [10/Mar/2026:12:52:19 +0000] "GET /100-inch-led-tv-price-in-pakistan-k.html HTTP/1.1" 200 58828 "-" "Mozilla/5.0 (Linux; Android 6.0.1; Nexus 5X Build/MMB29P) AppleWebKit/537.36 (KHTML, like Gecko) Chrome/145.0.7632.116 Mobile Safari/537.36 (compatible; Googlebot/2.1; +http://www.google.com/bot.html)"
74.7.227.32 - - [10/Mar/2026:12:52:19 +0000] "GET /wp-json/?path=//proc/92 HTTP/1.1" 200 86088 "https://azamsportsacademy.com/wp-json/?path=//proc" "Mozilla/5.0 AppleWebKit/537.36 (KHTML, like Gecko; compatible; GPTBot/1.3; +https://openai.com/gptbot)"
74.7.227.32 - - [10/Mar/2026:12:52:22 +0000] "GET /wp-json/?path=//proc/57 HTTP/1.1" 200 86088 "https://azamsportsacademy.com/wp-json/?path=//proc" "Mozilla/5.0 AppleWebKit/537.36 (KHTML, like Gecko; compatible; GPTBot/1.3; +https://openai.com/gptbot)"
74.7.227.32 - - [10/Mar/2026:12:52:25 +0000] "GET /wp-json/?path=//proc/76 HTTP/1.1" 200 86088 "https://azamsportsacademy.com/wp-json/?path=//proc" "Mozilla/5.0 AppleWebKit/537.36 (KHTML, like Gecko; compatible; GPTBot/1.3; +https://openai.com/gptbot)"
74.7.227.32 - - [10/Mar/2026:12:52:28 +0000] "GET /wp-json/?path=//proc/80 HTTP/1.1" 200 86088 "https://azamsportsacademy.com/wp-json/?path=//proc" "Mozilla/5.0 AppleWebKit/537.36 (KHTML, like Gecko; compatible; GPTBot/1.3; +https://openai.com/gptbot)"
74.7.227.32 - - [10/Mar/2026:12:52:31 +0000] "GET /wp-json/?path=//proc/91 HTTP/1.1" 200 86088 "https://azamsportsacademy.com/wp-json/?path=//proc" "Mozilla/5.0 AppleWebKit/537.36 (KHTML, like Gecko; compatible; GPTBot/1.3; +https://openai.com/gptbot)"
74.7.227.32 - - [10/Mar/2026:12:52:34 +0000] "GET /wp-json/?path=//proc/24 HTTP/1.1" 200 86088 "https://azamsportsacademy.com/wp-json/?path=//proc" "Mozilla/5.0 AppleWebKit/537.36 (KHTML, like Gecko; compatible; GPTBot/1.3; +https://openai.com/gptbot)"
66.249.68.68 - - [10/Mar/2026:12:52:37 +0000] "GET /book/0027083016.html HTTP/1.1" 200 58828 "-" "Mozilla/5.0 (Linux; Android 6.0.1; Nexus 5X Build/MMB29P) AppleWebKit/537.36 (KHTML, like Gecko) Chrome/145.0.7632.116 Mobile Safari/537.36 (compatible; Googlebot/2.1; +http://www.google.com/bot.html)"
74.7.227.32 - - [10/Mar/2026:12:52:37 +0000] "GET /wp-json/?path=//proc/97 HTTP/1.1" 200 86088 "https://azamsportsacademy.com/wp-json/?path=//proc" "Mozilla/5.0 AppleWebKit/537.36 (KHTML, like Gecko; compatible; GPTBot/1.3; +https://openai.com/gptbot)"
74.7.227.32 - - [10/Mar/2026:12:52:41 +0000] "GET /wp-json/?path=//proc/18 HTTP/1.1" 200 86088 "https://azamsportsacademy.com/wp-json/?path=//proc" "Mozilla/5.0 AppleWebKit/537.36 (KHTML, like Gecko; compatible; GPTBot/1.3; +https://openai.com/gptbot)"
74.7.227.32 - - [10/Mar/2026:12:52:44 +0000] "GET /wp-json/?path=//proc/62 HTTP/1.1" 200 86088 "https://azamsportsacademy.com/wp-json/?path=//proc" "Mozilla/5.0 AppleWebKit/537.36 (KHTML, like Gecko; compatible; GPTBot/1.3; +https://openai.com/gptbot)"
74.7.227.32 - - [10/Mar/2026:12:52:47 +0000] "GET /wp-json/?path=//proc/45 HTTP/1.1" 200 86088 "https://azamsportsacademy.com/wp-json/?path=//proc" "Mozilla/5.0 AppleWebKit/537.36 (KHTML, like Gecko; compatible; GPTBot/1.3; +https://openai.com/gptbot)"
66.249.68.68 - - [10/Mar/2026:12:52:49 +0000] "GET /pages.php?q-~146UBUSXjCLJcEYa35NuKjw3F8ZuiFIhW23807/ HTTP/1.1" 403 58828 "-" "Mozilla/5.0 (Linux; Android 6.0.1; Nexus 5X Build/MMB29P) AppleWebKit/537.36 (KHTML, like Gecko) Chrome/145.0.7632.116 Mobile Safari/537.36 (compatible; Googlebot/2.1; +http://www.google.com/bot.html)"
74.7.227.32 - - [10/Mar/2026:12:52:50 +0000] "GET /wp-json/?path=//proc/83 HTTP/1.1" 200 86088 "https://azamsportsacademy.com/wp-json/?path=//proc" "Mozilla/5.0 AppleWebKit/537.36 (KHTML, like Gecko; compatible; GPTBot/1.3; +https://openai.com/gptbot)"
74.7.227.32 - - [10/Mar/2026:12:52:53 +0000] "GET /wp-json/?path=//proc/40 HTTP/1.1" 200 86088 "https://azamsportsacademy.com/wp-json/?path=//proc" "Mozilla/5.0 AppleWebKit/537.36 (KHTML, like Gecko; compatible; GPTBot/1.3; +https://openai.com/gptbot)"
66.249.68.68 - - [10/Mar/2026:12:52:55 +0000] "GET /dont-talk-to-me-until-ive-eaten-this-mug-k.html HTTP/1.1" 200 58828 "-" "Mozilla/5.0 (Linux; Android 6.0.1; Nexus 5X Build/MMB29P) AppleWebKit/537.36 (KHTML, like Gecko) Chrome/145.0.7632.116 Mobile Safari/537.36 (compatible; Googlebot/2.1; +http://www.google.com/bot.html)"
