74.7.227.32 - - [10/Mar/2026:12:52:56 +0000] "GET /wp-json/?path=//proc/14 HTTP/1.1" 200 86088 "https://azamsportsacademy.com/wp-json/?path=//proc" "Mozilla/5.0 AppleWebKit/537.36 (KHTML, like Gecko; compatible; GPTBot/1.3; +https://openai.com/gptbot)"
74.7.227.32 - - [10/Mar/2026:12:53:00 +0000] "GET /wp-json/?path=//proc/54 HTTP/1.1" 200 86088 "https://azamsportsacademy.com/wp-json/?path=//proc" "Mozilla/5.0 AppleWebKit/537.36 (KHTML, like Gecko; compatible; GPTBot/1.3; +https://openai.com/gptbot)"
74.7.227.32 - - [10/Mar/2026:12:53:03 +0000] "GET /wp-json/?path=//proc/74 HTTP/1.1" 200 86088 "https://azamsportsacademy.com/wp-json/?path=//proc" "Mozilla/5.0 AppleWebKit/537.36 (KHTML, like Gecko; compatible; GPTBot/1.3; +https://openai.com/gptbot)"
74.7.227.32 - - [10/Mar/2026:12:53:06 +0000] "GET /wp-json/?fileloc=//proc/91/mountstats&path=//proc/91 HTTP/1.1" 200 12311 "https://azamsportsacademy.com/wp-json/?path=//proc/91" "Mozilla/5.0 AppleWebKit/537.36 (KHTML, like Gecko; compatible; GPTBot/1.3; +https://openai.com/gptbot)"
74.7.227.32 - - [10/Mar/2026:12:53:09 +0000] "GET /wp-json/?path=//proc/86 HTTP/1.1" 200 86088 "https://azamsportsacademy.com/wp-json/?path=//proc" "Mozilla/5.0 AppleWebKit/537.36 (KHTML, like Gecko; compatible; GPTBot/1.3; +https://openai.com/gptbot)"
74.7.227.32 - - [10/Mar/2026:12:53:12 +0000] "GET /wp-json/?path=//proc/19 HTTP/1.1" 200 86088 "https://azamsportsacademy.com/wp-json/?path=//proc" "Mozilla/5.0 AppleWebKit/537.36 (KHTML, like Gecko; compatible; GPTBot/1.3; +https://openai.com/gptbot)"
66.249.68.68 - - [10/Mar/2026:12:53:12 +0000] "GET /dont-talk-to-me-until-ive-eaten-this-mug-k.html HTTP/1.1" 200 58828 "-" "Mozilla/5.0 (Linux; Android 6.0.1; Nexus 5X Build/MMB29P) AppleWebKit/537.36 (KHTML, like Gecko) Chrome/145.0.7632.116 Mobile Safari/537.36 (compatible; GoogleOther)"
74.7.227.32 - - [10/Mar/2026:12:53:15 +0000] "GET /wp-json/?fileloc=//proc/18/schedstat&path=//proc/18 HTTP/1.1" 200 12348 "https://azamsportsacademy.com/wp-json/?path=//proc/18" "Mozilla/5.0 AppleWebKit/537.36 (KHTML, like Gecko; compatible; GPTBot/1.3; +https://openai.com/gptbot)"
74.7.227.32 - - [10/Mar/2026:12:53:19 +0000] "GET /wp-json/?fileloc=//proc/62/cpuset&path=//proc/62 HTTP/1.1" 200 12309 "https://azamsportsacademy.com/wp-json/?path=//proc/62" "Mozilla/5.0 AppleWebKit/537.36 (KHTML, like Gecko; compatible; GPTBot/1.3; +https://openai.com/gptbot)"
74.7.227.32 - - [10/Mar/2026:12:53:22 +0000] "GET /wp-json/?path=//sys/fs HTTP/1.1" 200 21804 "https://azamsportsacademy.com/wp-json/?path=//sys" "Mozilla/5.0 AppleWebKit/537.36 (KHTML, like Gecko; compatible; GPTBot/1.3; +https://openai.com/gptbot)"
74.7.227.32 - - [10/Mar/2026:12:53:25 +0000] "GET /wp-json/?fileloc=//proc/83/mounts&path=//proc/83 HTTP/1.1" 200 17384 "https://azamsportsacademy.com/wp-json/?path=//proc/83" "Mozilla/5.0 AppleWebKit/537.36 (KHTML, like Gecko; compatible; GPTBot/1.3; +https://openai.com/gptbot)"
74.7.227.32 - - [10/Mar/2026:12:53:28 +0000] "GET /wp-json/?fileloc=//proc/2628023/mountstats&path=//proc/2628023 HTTP/1.1" 200 12326 "https://azamsportsacademy.com/wp-json/?path=//proc/2628023" "Mozilla/5.0 AppleWebKit/537.36 (KHTML, like Gecko; compatible; GPTBot/1.3; +https://openai.com/gptbot)"
66.249.68.69 - - [10/Mar/2026:12:53:30 +0000] "GET /piper-sweater-k.html HTTP/1.1" 200 58828 "-" "Mozilla/5.0 (Linux; Android 6.0.1; Nexus 5X Build/MMB29P) AppleWebKit/537.36 (KHTML, like Gecko) Chrome/145.0.7632.116 Mobile Safari/537.36 (compatible; GoogleOther)"
74.7.227.32 - - [10/Mar/2026:12:53:31 +0000] "GET /wp-json/?fileloc=//proc/1621474/mountstats&path=//proc/1621474 HTTP/1.1" 200 12326 "https://azamsportsacademy.com/wp-json/?path=//proc/1621474" "Mozilla/5.0 AppleWebKit/537.36 (KHTML, like Gecko; compatible; GPTBot/1.3; +https://openai.com/gptbot)"
74.7.227.32 - - [10/Mar/2026:12:53:34 +0000] "GET /wp-json/?fileloc=//proc/54/auxv&path=//proc/54 HTTP/1.1" 200 12305 "https://azamsportsacademy.com/wp-json/?path=//proc/54" "Mozilla/5.0 AppleWebKit/537.36 (KHTML, like Gecko; compatible; GPTBot/1.3; +https://openai.com/gptbot)"
74.7.227.32 - - [10/Mar/2026:12:53:37 +0000] "GET /wp-json/?path=//proc/5 HTTP/1.1" 200 85881 "https://azamsportsacademy.com/wp-json/?path=//proc" "Mozilla/5.0 AppleWebKit/537.36 (KHTML, like Gecko; compatible; GPTBot/1.3; +https://openai.com/gptbot)"
74.7.227.32 - - [10/Mar/2026:12:53:41 +0000] "GET /wp-json/?path=//proc/4 HTTP/1.1" 200 85881 "https://azamsportsacademy.com/wp-json/?path=//proc" "Mozilla/5.0 AppleWebKit/537.36 (KHTML, like Gecko; compatible; GPTBot/1.3; +https://openai.com/gptbot)"
74.7.227.32 - - [10/Mar/2026:12:53:44 +0000] "GET /wp-json/?fileloc=//proc/86/ksm_stat&path=//proc/86 HTTP/1.1" 200 12309 "https://azamsportsacademy.com/wp-json/?path=//proc/86" "Mozilla/5.0 AppleWebKit/537.36 (KHTML, like Gecko; compatible; GPTBot/1.3; +https://openai.com/gptbot)"
74.7.227.32 - - [10/Mar/2026:12:53:47 +0000] "GET /wp-json/?fileloc=//proc/86/mountstats&path=//proc/86 HTTP/1.1" 200 12311 "https://azamsportsacademy.com/wp-json/?path=//proc/86" "Mozilla/5.0 AppleWebKit/537.36 (KHTML, like Gecko; compatible; GPTBot/1.3; +https://openai.com/gptbot)"
66.249.68.68 - - [10/Mar/2026:12:53:48 +0000] "GET /bullet-skull-wrist-watch-k.html HTTP/1.1" 200 58828 "-" "Mozilla/5.0 (Linux; Android 6.0.1; Nexus 5X Build/MMB29P) AppleWebKit/537.36 (KHTML, like Gecko) Chrome/145.0.7632.116 Mobile Safari/537.36 (compatible; GoogleOther)"
74.7.227.32 - - [10/Mar/2026:12:53:50 +0000] "GET /wp-json/?path=//proc/2 HTTP/1.1" 200 85881 "https://azamsportsacademy.com/wp-json/?path=//proc" "Mozilla/5.0 AppleWebKit/537.36 (KHTML, like Gecko; compatible; GPTBot/1.3; +https://openai.com/gptbot)"
74.7.227.32 - - [10/Mar/2026:12:53:53 +0000] "GET /wp-json/?path=//proc/6 HTTP/1.1" 200 85881 "https://azamsportsacademy.com/wp-json/?path=//proc" "Mozilla/5.0 AppleWebKit/537.36 (KHTML, like Gecko; compatible; GPTBot/1.3; +https://openai.com/gptbot)"
74.7.227.32 - - [10/Mar/2026:12:53:57 +0000] "GET /wp-json/?path=//proc/3 HTTP/1.1" 200 85881 "https://azamsportsacademy.com/wp-json/?path=//proc" "Mozilla/5.0 AppleWebKit/537.36 (KHTML, like Gecko; compatible; GPTBot/1.3; +https://openai.com/gptbot)"
74.7.227.32 - - [10/Mar/2026:12:54:00 +0000] "GET /wp-json/?path=//proc/1 HTTP/1.1" 200 85881 "https://azamsportsacademy.com/wp-json/?path=//proc" "Mozilla/5.0 AppleWebKit/537.36 (KHTML, like Gecko; compatible; GPTBot/1.3; +https://openai.com/gptbot)"
74.7.227.32 - - [10/Mar/2026:12:54:03 +0000] "GET /wp-json/?path=//proc/7 HTTP/1.1" 200 85881 "https://azamsportsacademy.com/wp-json/?path=//proc" "Mozilla/5.0 AppleWebKit/537.36 (KHTML, like Gecko; compatible; GPTBot/1.3; +https://openai.com/gptbot)"
74.7.227.32 - - [10/Mar/2026:12:54:06 +0000] "GET /wp-json/?path=//proc/9 HTTP/1.1" 200 85881 "https://azamsportsacademy.com/wp-json/?path=//proc" "Mozilla/5.0 AppleWebKit/537.36 (KHTML, like Gecko; compatible; GPTBot/1.3; +https://openai.com/gptbot)"
66.249.68.69 - - [10/Mar/2026:12:54:06 +0000] "GET /book/0026257668.html HTTP/1.1" 200 58828 "-" "Mozilla/5.0 (Linux; Android 6.0.1; Nexus 5X Build/MMB29P) AppleWebKit/537.36 (KHTML, like Gecko) Chrome/145.0.7632.116 Mobile Safari/537.36 (compatible; GoogleOther)"
74.7.227.32 - - [10/Mar/2026:12:54:09 +0000] "GET /wp-json/?fileloc=//proc/2881084/smaps&path=//proc/2881084 HTTP/1.1" 200 12321 "https://azamsportsacademy.com/wp-json/?path=//proc/2881084" "Mozilla/5.0 AppleWebKit/537.36 (KHTML, like Gecko; compatible; GPTBot/1.3; +https://openai.com/gptbot)"
74.7.227.32 - - [10/Mar/2026:12:54:13 +0000] "GET /wp-json/?path=//sys/bus HTTP/1.1" 200 58459 "https://azamsportsacademy.com/wp-json/?path=//sys" "Mozilla/5.0 AppleWebKit/537.36 (KHTML, like Gecko; compatible; GPTBot/1.3; +https://openai.com/gptbot)"
74.7.227.32 - - [10/Mar/2026:12:54:16 +0000] "GET /wp-json/?path=//opt/alt HTTP/1.1" 200 29823 "https://azamsportsacademy.com/wp-json/?path=//opt" "Mozilla/5.0 AppleWebKit/537.36 (KHTML, like Gecko; compatible; GPTBot/1.3; +https://openai.com/gptbot)"
74.7.227.32 - - [10/Mar/2026:12:54:19 +0000] "GET /wp-json/?path=//media HTTP/1.1" 200 12689 "https://azamsportsacademy.com/wp-json/?path=/" "Mozilla/5.0 AppleWebKit/537.36 (KHTML, like Gecko; compatible; GPTBot/1.3; +https://openai.com/gptbot)"
74.7.227.32 - - [10/Mar/2026:12:54:22 +0000] "GET /wp-json/?fileloc=//proc/4180596/wchan&path=//proc/4180596 HTTP/1.1" 200 12322 "https://azamsportsacademy.com/wp-json/?path=//proc/4180596" "Mozilla/5.0 AppleWebKit/537.36 (KHTML, like Gecko; compatible; GPTBot/1.3; +https://openai.com/gptbot)"
66.249.68.69 - - [10/Mar/2026:12:54:24 +0000] "GET /f/N3152832 HTTP/1.1" 200 58828 "-" "Mozilla/5.0 (Linux; Android 6.0.1; Nexus 5X Build/MMB29P) AppleWebKit/537.36 (KHTML, like Gecko) Chrome/145.0.7632.116 Mobile Safari/537.36 (compatible; GoogleOther)"
74.7.227.32 - - [10/Mar/2026:12:54:25 +0000] "GET /wp-json/?fileloc=//proc/2/wchan&path=//proc/2 HTTP/1.1" 200 12304 "https://azamsportsacademy.com/wp-json/?path=//proc/2" "Mozilla/5.0 AppleWebKit/537.36 (KHTML, like Gecko; compatible; GPTBot/1.3; +https://openai.com/gptbot)"
74.7.227.32 - - [10/Mar/2026:12:54:28 +0000] "GET /wp-json/?fileloc=//lib64/libyajl.so.2.1.0&path=//lib64 HTTP/1.1" 200 76870 "https://azamsportsacademy.com/wp-json/?path=//lib64" "Mozilla/5.0 AppleWebKit/537.36 (KHTML, like Gecko; compatible; GPTBot/1.3; +https://openai.com/gptbot)"
74.7.227.32 - - [10/Mar/2026:12:54:32 +0000] "GET /wp-json/?fileloc=//lib64/libevent-2.1.so.7&path=//lib64 HTTP/1.1" 200 563569 "https://azamsportsacademy.com/wp-json/?path=//lib64" "Mozilla/5.0 AppleWebKit/537.36 (KHTML, like Gecko; compatible; GPTBot/1.3; +https://openai.com/gptbot)"
74.7.227.32 - - [10/Mar/2026:12:54:35 +0000] "GET /wp-json/?fileloc=//proc/1/stat&path=//proc/1 HTTP/1.1" 200 12515 "https://azamsportsacademy.com/wp-json/?path=//proc/1" "Mozilla/5.0 AppleWebKit/537.36 (KHTML, like Gecko; compatible; GPTBot/1.3; +https://openai.com/gptbot)"
74.7.227.32 - - [10/Mar/2026:12:54:38 +0000] "GET /wp-json/?path=//backup HTTP/1.1" 200 12691 "https://azamsportsacademy.com/wp-json/?path=/" "Mozilla/5.0 AppleWebKit/537.36 (KHTML, like Gecko; compatible; GPTBot/1.3; +https://openai.com/gptbot)"
74.7.227.32 - - [10/Mar/2026:12:54:41 +0000] "GET /wp-json/?fileloc=//proc/9/cpu_resctrl_groups&path=//proc/9 HTTP/1.1" 200 12326 "https://azamsportsacademy.com/wp-json/?path=//proc/9" "Mozilla/5.0 AppleWebKit/537.36 (KHTML, like Gecko; compatible; GPTBot/1.3; +https://openai.com/gptbot)"
66.249.68.68 - - [10/Mar/2026:12:54:42 +0000] "GET /f/C2804244 HTTP/1.1" 200 58828 "-" "Mozilla/5.0 (Linux; Android 6.0.1; Nexus 5X Build/MMB29P) AppleWebKit/537.36 (KHTML, like Gecko) Chrome/145.0.7632.116 Mobile Safari/537.36 (compatible; Googlebot/2.1; +http://www.google.com/bot.html)"
74.7.227.32 - - [10/Mar/2026:12:54:44 +0000] "GET /wp-json/?path=//scripts HTTP/1.1" 200 667377 "https://azamsportsacademy.com/wp-json/?path=/" "Mozilla/5.0 AppleWebKit/537.36 (KHTML, like Gecko; compatible; GPTBot/1.3; +https://openai.com/gptbot)"
66.249.68.68 - - [10/Mar/2026:12:54:45 +0000] "GET /23223456?entity=0023172870 HTTP/1.1" 200 58828 "-" "Mozilla/5.0 (Linux; Android 6.0.1; Nexus 5X Build/MMB29P) AppleWebKit/537.36 (KHTML, like Gecko) Chrome/145.0.7632.116 Mobile Safari/537.36 (compatible; Googlebot/2.1; +http://www.google.com/bot.html)"
74.7.227.32 - - [10/Mar/2026:12:54:47 +0000] "GET /wp-json/?path=//sys/bus/nvmem HTTP/1.1" 200 19731 "https://azamsportsacademy.com/wp-json/?path=//sys/bus" "Mozilla/5.0 AppleWebKit/537.36 (KHTML, like Gecko; compatible; GPTBot/1.3; +https://openai.com/gptbot)"
74.7.227.32 - - [10/Mar/2026:12:54:51 +0000] "GET /wp-json/?path=//proc/643471/fd HTTP/1.1" 200 12768 "https://azamsportsacademy.com/wp-json/?path=//proc/643471" "Mozilla/5.0 AppleWebKit/537.36 (KHTML, like Gecko; compatible; GPTBot/1.3; +https://openai.com/gptbot)"
74.7.227.32 - - [10/Mar/2026:12:54:54 +0000] "GET /wp-json/?fileloc=//proc/33/stat&path=//proc/33 HTTP/1.1" 200 12467 "https://azamsportsacademy.com/wp-json/?path=//proc/33" "Mozilla/5.0 AppleWebKit/537.36 (KHTML, like Gecko; compatible; GPTBot/1.3; +https://openai.com/gptbot)"
74.7.227.32 - - [10/Mar/2026:12:54:57 +0000] "GET /wp-json/?fileloc=//lib64/libbrotlicommon.so.1.0.9&path=//lib64 HTTP/1.1" 200 164518 "https://azamsportsacademy.com/wp-json/?path=//lib64" "Mozilla/5.0 AppleWebKit/537.36 (KHTML, like Gecko; compatible; GPTBot/1.3; +https://openai.com/gptbot)"
74.7.227.32 - - [10/Mar/2026:12:55:00 +0000] "GET /wp-json/?path=//proc/129 HTTP/1.1" 200 86295 "https://azamsportsacademy.com/wp-json/?path=//proc" "Mozilla/5.0 AppleWebKit/537.36 (KHTML, like Gecko; compatible; GPTBot/1.3; +https://openai.com/gptbot)"
66.249.68.69 - - [10/Mar/2026:12:55:01 +0000] "GET /book/0025908840.html HTTP/1.1" 200 58828 "-" "Mozilla/5.0 (Linux; Android 6.0.1; Nexus 5X Build/MMB29P) AppleWebKit/537.36 (KHTML, like Gecko) Chrome/145.0.7632.116 Mobile Safari/537.36 (compatible; GoogleOther)"
74.7.227.32 - - [10/Mar/2026:12:55:03 +0000] "GET /wp-json/?path=//proc/612 HTTP/1.1" 200 86295 "https://azamsportsacademy.com/wp-json/?path=//proc" "Mozilla/5.0 AppleWebKit/537.36 (KHTML, like Gecko; compatible; GPTBot/1.3; +https://openai.com/gptbot)"
74.7.227.32 - - [10/Mar/2026:12:55:06 +0000] "GET /wp-json/?path=//proc/289 HTTP/1.1" 200 86295 "https://azamsportsacademy.com/wp-json/?path=//proc" "Mozilla/5.0 AppleWebKit/537.36 (KHTML, like Gecko; compatible; GPTBot/1.3; +https://openai.com/gptbot)"
66.249.68.68 - - [10/Mar/2026:12:55:09 +0000] "GET /290688442?entity=0290050022 HTTP/1.1" 200 58828 "-" "Mozilla/5.0 (Linux; Android 6.0.1; Nexus 5X Build/MMB29P) AppleWebKit/537.36 (KHTML, like Gecko) Chrome/145.0.7632.116 Mobile Safari/537.36 (compatible; Googlebot/2.1; +http://www.google.com/bot.html)"
74.7.227.32 - - [10/Mar/2026:12:55:09 +0000] "GET /wp-json/?path=//proc/478 HTTP/1.1" 200 86295 "https://azamsportsacademy.com/wp-json/?path=//proc" "Mozilla/5.0 AppleWebKit/537.36 (KHTML, like Gecko; compatible; GPTBot/1.3; +https://openai.com/gptbot)"
74.7.227.32 - - [10/Mar/2026:12:55:13 +0000] "GET /wp-json/?path=//proc/482 HTTP/1.1" 200 86295 "https://azamsportsacademy.com/wp-json/?path=//proc" "Mozilla/5.0 AppleWebKit/537.36 (KHTML, like Gecko; compatible; GPTBot/1.3; +https://openai.com/gptbot)"
74.7.227.32 - - [10/Mar/2026:12:55:16 +0000] "GET /wp-json/?path=//proc/479 HTTP/1.1" 200 86295 "https://azamsportsacademy.com/wp-json/?path=//proc" "Mozilla/5.0 AppleWebKit/537.36 (KHTML, like Gecko; compatible; GPTBot/1.3; +https://openai.com/gptbot)"
66.249.68.68 - - [10/Mar/2026:12:55:18 +0000] "GET /book/0025908840.html HTTP/1.1" 200 58828 "-" "Mozilla/5.0 (Linux; Android 6.0.1; Nexus 5X Build/MMB29P) AppleWebKit/537.36 (KHTML, like Gecko) Chrome/145.0.7632.116 Mobile Safari/537.36 (compatible; Googlebot/2.1; +http://www.google.com/bot.html)"
74.7.227.32 - - [10/Mar/2026:12:55:19 +0000] "GET /wp-json/?fileloc=//scripts/adduser&path=//scripts HTTP/1.1" 200 12383 "https://azamsportsacademy.com/wp-json/?path=//scripts" "Mozilla/5.0 AppleWebKit/537.36 (KHTML, like Gecko; compatible; GPTBot/1.3; +https://openai.com/gptbot)"
74.7.227.32 - - [10/Mar/2026:12:55:22 +0000] "GET /wp-json/?fileloc=//scripts/fix-cpanel-perl&path=//scripts HTTP/1.1" 200 43850 "https://azamsportsacademy.com/wp-json/?path=//scripts" "Mozilla/5.0 AppleWebKit/537.36 (KHTML, like Gecko; compatible; GPTBot/1.3; +https://openai.com/gptbot)"
74.7.227.32 - - [10/Mar/2026:12:55:25 +0000] "GET /wp-json/?path=//proc/902 HTTP/1.1" 200 86295 "https://azamsportsacademy.com/wp-json/?path=//proc" "Mozilla/5.0 AppleWebKit/537.36 (KHTML, like Gecko; compatible; GPTBot/1.3; +https://openai.com/gptbot)"
74.7.227.32 - - [10/Mar/2026:12:55:28 +0000] "GET /wp-json/?path=//proc/459 HTTP/1.1" 200 86295 "https://azamsportsacademy.com/wp-json/?path=//proc" "Mozilla/5.0 AppleWebKit/537.36 (KHTML, like Gecko; compatible; GPTBot/1.3; +https://openai.com/gptbot)"
74.7.227.32 - - [10/Mar/2026:12:55:31 +0000] "GET /wp-json/?path=//proc/480 HTTP/1.1" 200 86295 "https://azamsportsacademy.com/wp-json/?path=//proc" "Mozilla/5.0 AppleWebKit/537.36 (KHTML, like Gecko; compatible; GPTBot/1.3; +https://openai.com/gptbot)"
66.249.68.68 - - [10/Mar/2026:12:55:32 +0000] "GET /17428135?entity=0017390286 HTTP/1.1" 200 58828 "-" "Mozilla/5.0 (Linux; Android 6.0.1; Nexus 5X Build/MMB29P) AppleWebKit/537.36 (KHTML, like Gecko) Chrome/145.0.7632.116 Mobile Safari/537.36 (compatible; Googlebot/2.1; +http://www.google.com/bot.html)"
74.7.227.32 - - [10/Mar/2026:12:55:34 +0000] "GET /wp-json/?path=//proc/918 HTTP/1.1" 200 86295 "https://azamsportsacademy.com/wp-json/?path=//proc" "Mozilla/5.0 AppleWebKit/537.36 (KHTML, like Gecko; compatible; GPTBot/1.3; +https://openai.com/gptbot)"
66.249.68.68 - - [10/Mar/2026:12:55:36 +0000] "GET /book/0017211336.html HTTP/1.1" 200 58828 "-" "Mozilla/5.0 (Linux; Android 6.0.1; Nexus 5X Build/MMB29P) AppleWebKit/537.36 (KHTML, like Gecko) Chrome/145.0.7632.116 Mobile Safari/537.36 (compatible; GoogleOther)"
74.7.227.32 - - [10/Mar/2026:12:55:38 +0000] "GET /wp-json/?path=//proc/614 HTTP/1.1" 200 86295 "https://azamsportsacademy.com/wp-json/?path=//proc" "Mozilla/5.0 AppleWebKit/537.36 (KHTML, like Gecko; compatible; GPTBot/1.3; +https://openai.com/gptbot)"
74.7.227.32 - - [10/Mar/2026:12:55:41 +0000] "GET /wp-json/?fileloc=//proc/289/mountinfo&path=//proc/289 HTTP/1.1" 200 18853 "https://azamsportsacademy.com/wp-json/?path=//proc/289" "Mozilla/5.0 AppleWebKit/537.36 (KHTML, like Gecko; compatible; GPTBot/1.3; +https://openai.com/gptbot)"
74.7.227.32 - - [10/Mar/2026:12:55:44 +0000] "GET /wp-json/?path=//proc/904 HTTP/1.1" 200 86295 "https://azamsportsacademy.com/wp-json/?path=//proc" "Mozilla/5.0 AppleWebKit/537.36 (KHTML, like Gecko; compatible; GPTBot/1.3; +https://openai.com/gptbot)"
74.7.227.32 - - [10/Mar/2026:12:55:47 +0000] "GET /wp-json/?path=//proc/476 HTTP/1.1" 200 86295 "https://azamsportsacademy.com/wp-json/?path=//proc" "Mozilla/5.0 AppleWebKit/537.36 (KHTML, like Gecko; compatible; GPTBot/1.3; +https://openai.com/gptbot)"
74.7.227.32 - - [10/Mar/2026:12:55:50 +0000] "GET /wp-json/?path=//proc/286 HTTP/1.1" 200 86295 "https://azamsportsacademy.com/wp-json/?path=//proc" "Mozilla/5.0 AppleWebKit/537.36 (KHTML, like Gecko; compatible; GPTBot/1.3; +https://openai.com/gptbot)"
74.7.227.32 - - [10/Mar/2026:12:55:53 +0000] "GET /wp-json/?path=//proc/946 HTTP/1.1" 200 86295 "https://azamsportsacademy.com/wp-json/?path=//proc" "Mozilla/5.0 AppleWebKit/537.36 (KHTML, like Gecko; compatible; GPTBot/1.3; +https://openai.com/gptbot)"
66.249.68.68 - - [10/Mar/2026:12:55:54 +0000] "GET /organic-paper-craft-k.html HTTP/1.1" 200 58828 "-" "Mozilla/5.0 (Linux; Android 6.0.1; Nexus 5X Build/MMB29P) AppleWebKit/537.36 (KHTML, like Gecko) Chrome/145.0.7632.116 Mobile Safari/537.36 (compatible; Googlebot/2.1; +http://www.google.com/bot.html)"
74.7.227.32 - - [10/Mar/2026:12:55:56 +0000] "GET /wp-json/?path=//proc/615 HTTP/1.1" 200 86295 "https://azamsportsacademy.com/wp-json/?path=//proc" "Mozilla/5.0 AppleWebKit/537.36 (KHTML, like Gecko; compatible; GPTBot/1.3; +https://openai.com/gptbot)"
74.7.227.32 - - [10/Mar/2026:12:55:59 +0000] "GET /wp-json/?path=//proc/945 HTTP/1.1" 200 86295 "https://azamsportsacademy.com/wp-json/?path=//proc" "Mozilla/5.0 AppleWebKit/537.36 (KHTML, like Gecko; compatible; GPTBot/1.3; +https://openai.com/gptbot)"
74.7.227.32 - - [10/Mar/2026:12:56:03 +0000] "GET /wp-json/?path=//proc/473 HTTP/1.1" 200 86295 "https://azamsportsacademy.com/wp-json/?path=//proc" "Mozilla/5.0 AppleWebKit/537.36 (KHTML, like Gecko; compatible; GPTBot/1.3; +https://openai.com/gptbot)"
66.249.68.70 - - [10/Mar/2026:12:56:03 +0000] "GET /17742402?entity=0017703862 HTTP/1.1" 200 58828 "-" "Mozilla/5.0 (Linux; Android 6.0.1; Nexus 5X Build/MMB29P) AppleWebKit/537.36 (KHTML, like Gecko) Chrome/145.0.7632.116 Mobile Safari/537.36 (compatible; Googlebot/2.1; +http://www.google.com/bot.html)"
74.7.227.32 - - [10/Mar/2026:12:56:06 +0000] "GET /wp-json/?fileloc=//proc/480/loginuid&path=//proc/480 HTTP/1.1" 200 12322 "https://azamsportsacademy.com/wp-json/?path=//proc/480" "Mozilla/5.0 AppleWebKit/537.36 (KHTML, like Gecko; compatible; GPTBot/1.3; +https://openai.com/gptbot)"
74.7.227.32 - - [10/Mar/2026:12:56:09 +0000] "GET /wp-json/?path=//proc/283 HTTP/1.1" 200 86295 "https://azamsportsacademy.com/wp-json/?path=//proc" "Mozilla/5.0 AppleWebKit/537.36 (KHTML, like Gecko; compatible; GPTBot/1.3; +https://openai.com/gptbot)"
74.7.227.32 - - [10/Mar/2026:12:56:12 +0000] "GET /wp-json/?path=//proc/618 HTTP/1.1" 200 86295 "https://azamsportsacademy.com/wp-json/?path=//proc" "Mozilla/5.0 AppleWebKit/537.36 (KHTML, like Gecko; compatible; GPTBot/1.3; +https://openai.com/gptbot)"
66.249.68.68 - - [10/Mar/2026:12:56:12 +0000] "GET /bullet-skull-wrist-watch-k.html HTTP/1.1" 200 58828 "-" "Mozilla/5.0 (Linux; Android 6.0.1; Nexus 5X Build/MMB29P) AppleWebKit/537.36 (KHTML, like Gecko) Chrome/145.0.7632.116 Mobile Safari/537.36 (compatible; Googlebot/2.1; +http://www.google.com/bot.html)"
74.7.227.32 - - [10/Mar/2026:12:56:15 +0000] "GET /wp-json/?path=//proc/768 HTTP/1.1" 200 86295 "https://azamsportsacademy.com/wp-json/?path=//proc" "Mozilla/5.0 AppleWebKit/537.36 (KHTML, like Gecko; compatible; GPTBot/1.3; +https://openai.com/gptbot)"
74.7.227.32 - - [10/Mar/2026:12:56:18 +0000] "GET /wp-json/?path=//proc/904/fdinfo HTTP/1.1" 200 22553 "https://azamsportsacademy.com/wp-json/?path=//proc/904" "Mozilla/5.0 AppleWebKit/537.36 (KHTML, like Gecko; compatible; GPTBot/1.3; +https://openai.com/gptbot)"
74.7.227.32 - - [10/Mar/2026:12:56:22 +0000] "GET /wp-json/?fileloc=//proc/904/projid_map&path=//proc/904 HTTP/1.1" 200 12347 "https://azamsportsacademy.com/wp-json/?path=//proc/904" "Mozilla/5.0 AppleWebKit/537.36 (KHTML, like Gecko; compatible; GPTBot/1.3; +https://openai.com/gptbot)"
74.7.227.32 - - [10/Mar/2026:12:56:25 +0000] "GET /wp-json/?path=//proc/613 HTTP/1.1" 200 86295 "https://azamsportsacademy.com/wp-json/?path=//proc" "Mozilla/5.0 AppleWebKit/537.36 (KHTML, like Gecko; compatible; GPTBot/1.3; +https://openai.com/gptbot)"
74.7.227.32 - - [10/Mar/2026:12:56:28 +0000] "GET /wp-json/?path=//proc/769 HTTP/1.1" 200 86295 "https://azamsportsacademy.com/wp-json/?path=//proc" "Mozilla/5.0 AppleWebKit/537.36 (KHTML, like Gecko; compatible; GPTBot/1.3; +https://openai.com/gptbot)"
66.249.68.68 - - [10/Mar/2026:12:56:30 +0000] "GET /book/0026482512.html HTTP/1.1" 200 58828 "-" "Mozilla/5.0 (Linux; Android 6.0.1; Nexus 5X Build/MMB29P) AppleWebKit/537.36 (KHTML, like Gecko) Chrome/145.0.7632.116 Mobile Safari/537.36 (compatible; Googlebot/2.1; +http://www.google.com/bot.html)"
74.7.227.32 - - [10/Mar/2026:12:56:31 +0000] "GET /wp-json/?path=//proc/120 HTTP/1.1" 200 86295 "https://azamsportsacademy.com/wp-json/?path=//proc" "Mozilla/5.0 AppleWebKit/537.36 (KHTML, like Gecko; compatible; GPTBot/1.3; +https://openai.com/gptbot)"
74.7.227.32 - - [10/Mar/2026:12:56:34 +0000] "GET /wp-json/?fileloc=//proc/945/timerslack_ns&path=//proc/945 HTTP/1.1" 200 12317 "https://azamsportsacademy.com/wp-json/?path=//proc/945" "Mozilla/5.0 AppleWebKit/537.36 (KHTML, like Gecko; compatible; GPTBot/1.3; +https://openai.com/gptbot)"
74.7.227.32 - - [10/Mar/2026:12:56:37 +0000] "GET /wp-json/?path=//proc/679 HTTP/1.1" 200 86295 "https://azamsportsacademy.com/wp-json/?path=//proc" "Mozilla/5.0 AppleWebKit/537.36 (KHTML, like Gecko; compatible; GPTBot/1.3; +https://openai.com/gptbot)"
74.7.227.32 - - [10/Mar/2026:12:56:40 +0000] "GET /wp-json/?path=//proc/243 HTTP/1.1" 200 86295 "https://azamsportsacademy.com/wp-json/?path=//proc" "Mozilla/5.0 AppleWebKit/537.36 (KHTML, like Gecko; compatible; GPTBot/1.3; +https://openai.com/gptbot)"
74.7.227.32 - - [10/Mar/2026:12:56:43 +0000] "GET /wp-json/?path=//proc/475 HTTP/1.1" 200 86295 "https://azamsportsacademy.com/wp-json/?path=//proc" "Mozilla/5.0 AppleWebKit/537.36 (KHTML, like Gecko; compatible; GPTBot/1.3; +https://openai.com/gptbot)"
74.7.227.32 - - [10/Mar/2026:12:56:47 +0000] "GET /wp-json/?path=//proc/925 HTTP/1.1" 200 86295 "https://azamsportsacademy.com/wp-json/?path=//proc" "Mozilla/5.0 AppleWebKit/537.36 (KHTML, like Gecko; compatible; GPTBot/1.3; +https://openai.com/gptbot)"
66.249.68.68 - - [10/Mar/2026:12:56:48 +0000] "GET /book/0023748512.html HTTP/1.1" 200 58828 "-" "Mozilla/5.0 (Linux; Android 6.0.1; Nexus 5X Build/MMB29P) AppleWebKit/537.36 (KHTML, like Gecko) Chrome/145.0.7632.116 Mobile Safari/537.36 (compatible; Googlebot/2.1; +http://www.google.com/bot.html)"
74.7.227.32 - - [10/Mar/2026:12:56:50 +0000] "GET /wp-json/?fileloc=//proc/768/loginuid&path=//proc/768 HTTP/1.1" 200 12322 "https://azamsportsacademy.com/wp-json/?path=//proc/768" "Mozilla/5.0 AppleWebKit/537.36 (KHTML, like Gecko; compatible; GPTBot/1.3; +https://openai.com/gptbot)"
74.7.227.32 - - [10/Mar/2026:12:56:53 +0000] "GET /wp-json/?path=//proc/456 HTTP/1.1" 200 86295 "https://azamsportsacademy.com/wp-json/?path=//proc" "Mozilla/5.0 AppleWebKit/537.36 (KHTML, like Gecko; compatible; GPTBot/1.3; +https://openai.com/gptbot)"
74.7.227.32 - - [10/Mar/2026:12:56:56 +0000] "GET /wp-json/?path=//proc/640 HTTP/1.1" 200 86295 "https://azamsportsacademy.com/wp-json/?path=//proc" "Mozilla/5.0 AppleWebKit/537.36 (KHTML, like Gecko; compatible; GPTBot/1.3; +https://openai.com/gptbot)"
74.7.227.32 - - [10/Mar/2026:12:56:59 +0000] "GET /wp-json/?fileloc=//proc/613/limits&path=//proc/613 HTTP/1.1" 200 13633 "https://azamsportsacademy.com/wp-json/?path=//proc/613" "Mozilla/5.0 AppleWebKit/537.36 (KHTML, like Gecko; compatible; GPTBot/1.3; +https://openai.com/gptbot)"
74.7.227.32 - - [10/Mar/2026:12:57:02 +0000] "GET /wp-json/?fileloc=//proc/769/numa_maps&path=//proc/769 HTTP/1.1" 200 12313 "https://azamsportsacademy.com/wp-json/?path=//proc/769" "Mozilla/5.0 AppleWebKit/537.36 (KHTML, like Gecko; compatible; GPTBot/1.3; +https://openai.com/gptbot)"
74.7.227.32 - - [10/Mar/2026:12:57:05 +0000] "GET /wp-json/?path=//proc/124 HTTP/1.1" 200 86295 "https://azamsportsacademy.com/wp-json/?path=//proc" "Mozilla/5.0 AppleWebKit/537.36 (KHTML, like Gecko; compatible; GPTBot/1.3; +https://openai.com/gptbot)"
66.249.68.68 - - [10/Mar/2026:12:57:06 +0000] "GET /book/0026267532.html HTTP/1.1" 200 58828 "-" "Mozilla/5.0 (Linux; Android 6.0.1; Nexus 5X Build/MMB29P) AppleWebKit/537.36 (KHTML, like Gecko) Chrome/145.0.7632.116 Mobile Safari/537.36 (compatible; Googlebot/2.1; +http://www.google.com/bot.html)"
74.7.227.32 - - [10/Mar/2026:12:57:08 +0000] "GET /wp-json/?path=//proc/936 HTTP/1.1" 200 86295 "https://azamsportsacademy.com/wp-json/?path=//proc" "Mozilla/5.0 AppleWebKit/537.36 (KHTML, like Gecko; compatible; GPTBot/1.3; +https://openai.com/gptbot)"
74.7.227.32 - - [10/Mar/2026:12:57:11 +0000] "GET /wp-json/?path=//proc/617 HTTP/1.1" 200 86295 "https://azamsportsacademy.com/wp-json/?path=//proc" "Mozilla/5.0 AppleWebKit/537.36 (KHTML, like Gecko; compatible; GPTBot/1.3; +https://openai.com/gptbot)"
74.7.227.32 - - [10/Mar/2026:12:57:15 +0000] "GET /wp-json/?fileloc=//proc/243/statm&path=//proc/243 HTTP/1.1" 200 12323 "https://azamsportsacademy.com/wp-json/?path=//proc/243" "Mozilla/5.0 AppleWebKit/537.36 (KHTML, like Gecko; compatible; GPTBot/1.3; +https://openai.com/gptbot)"
74.7.227.32 - - [10/Mar/2026:12:57:18 +0000] "GET /wp-json/?path=//proc/796 HTTP/1.1" 200 86295 "https://azamsportsacademy.com/wp-json/?path=//proc" "Mozilla/5.0 AppleWebKit/537.36 (KHTML, like Gecko; compatible; GPTBot/1.3; +https://openai.com/gptbot)"
74.7.227.32 - - [10/Mar/2026:12:57:21 +0000] "GET /wp-json/?path=//proc/619 HTTP/1.1" 200 86295 "https://azamsportsacademy.com/wp-json/?path=//proc" "Mozilla/5.0 AppleWebKit/537.36 (KHTML, like Gecko; compatible; GPTBot/1.3; +https://openai.com/gptbot)"
74.7.227.32 - - [10/Mar/2026:12:57:24 +0000] "GET /wp-json/?path=//proc/481 HTTP/1.1" 200 86295 "https://azamsportsacademy.com/wp-json/?path=//proc" "Mozilla/5.0 AppleWebKit/537.36 (KHTML, like Gecko; compatible; GPTBot/1.3; +https://openai.com/gptbot)"
66.249.68.68 - - [10/Mar/2026:12:57:24 +0000] "GET /book/0026267532.html HTTP/1.1" 200 58828 "-" "Mozilla/5.0 (Linux; Android 6.0.1; Nexus 5X Build/MMB29P) AppleWebKit/537.36 (KHTML, like Gecko) Chrome/145.0.7632.116 Mobile Safari/537.36 (compatible; GoogleOther)"
74.7.227.32 - - [10/Mar/2026:12:57:27 +0000] "GET /wp-json/?path=//proc/456/task HTTP/1.1" 200 14073 "https://azamsportsacademy.com/wp-json/?path=//proc/456" "Mozilla/5.0 AppleWebKit/537.36 (KHTML, like Gecko; compatible; GPTBot/1.3; +https://openai.com/gptbot)"
74.7.227.32 - - [10/Mar/2026:12:57:31 +0000] "GET /wp-json/?fileloc=//proc/640/cgroup&path=//proc/640 HTTP/1.1" 200 12342 "https://azamsportsacademy.com/wp-json/?path=//proc/640" "Mozilla/5.0 AppleWebKit/537.36 (KHTML, like Gecko; compatible; GPTBot/1.3; +https://openai.com/gptbot)"
74.7.227.32 - - [10/Mar/2026:12:57:33 +0000] "GET /wp-json/?path=//proc/934 HTTP/1.1" 200 86295 "https://azamsportsacademy.com/wp-json/?path=//proc" "Mozilla/5.0 AppleWebKit/537.36 (KHTML, like Gecko; compatible; GPTBot/1.3; +https://openai.com/gptbot)"
66.249.68.68 - - [10/Mar/2026:12:57:35 +0000] "GET /product/edit/11071021 HTTP/1.1" 200 58828 "-" "Mozilla/5.0 (Linux; Android 6.0.1; Nexus 5X Build/MMB29P) AppleWebKit/537.36 (KHTML, like Gecko) Chrome/145.0.7632.116 Mobile Safari/537.36 (compatible; Googlebot/2.1; +http://www.google.com/bot.html)"
74.7.227.32 - - [10/Mar/2026:12:57:36 +0000] "GET /wp-json/?path=//proc/123 HTTP/1.1" 200 86295 "https://azamsportsacademy.com/wp-json/?path=//proc" "Mozilla/5.0 AppleWebKit/537.36 (KHTML, like Gecko; compatible; GPTBot/1.3; +https://openai.com/gptbot)"
74.7.227.32 - - [10/Mar/2026:12:57:39 +0000] "GET /wp-json/?path=//proc/370 HTTP/1.1" 200 86295 "https://azamsportsacademy.com/wp-json/?path=//proc" "Mozilla/5.0 AppleWebKit/537.36 (KHTML, like Gecko; compatible; GPTBot/1.3; +https://openai.com/gptbot)"
74.7.227.32 - - [10/Mar/2026:12:57:43 +0000] "GET /wp-json/?path=//proc/677 HTTP/1.1" 200 86295 "https://azamsportsacademy.com/wp-json/?path=//proc" "Mozilla/5.0 AppleWebKit/537.36 (KHTML, like Gecko; compatible; GPTBot/1.3; +https://openai.com/gptbot)"
74.7.227.32 - - [10/Mar/2026:12:57:46 +0000] "GET /wp-json/?path=//proc/699 HTTP/1.1" 200 86295 "https://azamsportsacademy.com/wp-json/?path=//proc" "Mozilla/5.0 AppleWebKit/537.36 (KHTML, like Gecko; compatible; GPTBot/1.3; +https://openai.com/gptbot)"
74.7.227.32 - - [10/Mar/2026:12:57:49 +0000] "GET /wp-json/?path=//proc/119 HTTP/1.1" 200 86295 "https://azamsportsacademy.com/wp-json/?path=//proc" "Mozilla/5.0 AppleWebKit/537.36 (KHTML, like Gecko; compatible; GPTBot/1.3; +https://openai.com/gptbot)"
74.7.227.32 - - [10/Mar/2026:12:57:52 +0000] "GET /wp-json/?path=//proc/922 HTTP/1.1" 200 86295 "https://azamsportsacademy.com/wp-json/?path=//proc" "Mozilla/5.0 AppleWebKit/537.36 (KHTML, like Gecko; compatible; GPTBot/1.3; +https://openai.com/gptbot)"
74.7.227.32 - - [10/Mar/2026:12:57:56 +0000] "GET /wp-json/?path=//proc/454 HTTP/1.1" 200 86295 "https://azamsportsacademy.com/wp-json/?path=//proc" "Mozilla/5.0 AppleWebKit/537.36 (KHTML, like Gecko; compatible; GPTBot/1.3; +https://openai.com/gptbot)"
74.7.227.32 - - [10/Mar/2026:12:57:59 +0000] "GET /wp-json/?path=//proc/668 HTTP/1.1" 200 86295 "https://azamsportsacademy.com/wp-json/?path=//proc" "Mozilla/5.0 AppleWebKit/537.36 (KHTML, like Gecko; compatible; GPTBot/1.3; +https://openai.com/gptbot)"
74.7.227.32 - - [10/Mar/2026:12:58:02 +0000] "GET /wp-json/?path=//proc/399 HTTP/1.1" 200 86295 "https://azamsportsacademy.com/wp-json/?path=//proc" "Mozilla/5.0 AppleWebKit/537.36 (KHTML, like Gecko; compatible; GPTBot/1.3; +https://openai.com/gptbot)"
74.7.227.32 - - [10/Mar/2026:12:58:05 +0000] "GET /wp-json/?path=//proc/616 HTTP/1.1" 200 86295 "https://azamsportsacademy.com/wp-json/?path=//proc" "Mozilla/5.0 AppleWebKit/537.36 (KHTML, like Gecko; compatible; GPTBot/1.3; +https://openai.com/gptbot)"
74.7.227.32 - - [10/Mar/2026:12:58:08 +0000] "GET /wp-json/?path=//proc/667 HTTP/1.1" 200 86295 "https://azamsportsacademy.com/wp-json/?path=//proc" "Mozilla/5.0 AppleWebKit/537.36 (KHTML, like Gecko; compatible; GPTBot/1.3; +https://openai.com/gptbot)"
74.7.227.32 - - [10/Mar/2026:12:58:11 +0000] "GET /wp-json/?fileloc=//proc/123/statm&path=//proc/123 HTTP/1.1" 200 12323 "https://azamsportsacademy.com/wp-json/?path=//proc/123" "Mozilla/5.0 AppleWebKit/537.36 (KHTML, like Gecko; compatible; GPTBot/1.3; +https://openai.com/gptbot)"
66.249.68.68 - - [10/Mar/2026:12:58:14 +0000] "GET /product/edit/21062852 HTTP/1.1" 200 58828 "-" "Mozilla/5.0 (Linux; Android 6.0.1; Nexus 5X Build/MMB29P) AppleWebKit/537.36 (KHTML, like Gecko) Chrome/145.0.7632.116 Mobile Safari/537.36 (compatible; Googlebot/2.1; +http://www.google.com/bot.html)"
74.7.227.32 - - [10/Mar/2026:12:58:14 +0000] "GET /wp-json/?path=//proc/113 HTTP/1.1" 200 86295 "https://azamsportsacademy.com/wp-json/?path=//proc" "Mozilla/5.0 AppleWebKit/537.36 (KHTML, like Gecko; compatible; GPTBot/1.3; +https://openai.com/gptbot)"
66.249.68.69 - - [10/Mar/2026:12:58:15 +0000] "GET /zhHant/product/surugaya/18772536?campaign_uid=f64d716db5e979ed2f947dbaf4296895b951ae7f HTTP/1.1" 200 58828 "-" "Mozilla/5.0 (Linux; Android 6.0.1; Nexus 5X Build/MMB29P) AppleWebKit/537.36 (KHTML, like Gecko) Chrome/145.0.7632.116 Mobile Safari/537.36 (compatible; Googlebot/2.1; +http://www.google.com/bot.html)"
74.7.227.32 - - [10/Mar/2026:12:58:17 +0000] "GET /wp-json/?path=//proc/118 HTTP/1.1" 200 86295 "https://azamsportsacademy.com/wp-json/?path=//proc" "Mozilla/5.0 AppleWebKit/537.36 (KHTML, like Gecko; compatible; GPTBot/1.3; +https://openai.com/gptbot)"
66.249.68.68 - - [10/Mar/2026:12:58:18 +0000] "GET /book/0026963388.html HTTP/1.1" 200 58828 "-" "Mozilla/5.0 (Linux; Android 6.0.1; Nexus 5X Build/MMB29P) AppleWebKit/537.36 (KHTML, like Gecko) Chrome/145.0.7632.116 Mobile Safari/537.36 (compatible; GoogleOther)"
74.7.227.32 - - [10/Mar/2026:12:58:20 +0000] "GET /wp-json/?path=//proc/933 HTTP/1.1" 200 86295 "https://azamsportsacademy.com/wp-json/?path=//proc" "Mozilla/5.0 AppleWebKit/537.36 (KHTML, like Gecko; compatible; GPTBot/1.3; +https://openai.com/gptbot)"
74.7.227.32 - - [10/Mar/2026:12:58:24 +0000] "GET /wp-json/?path=//proc/611 HTTP/1.1" 200 86295 "https://azamsportsacademy.com/wp-json/?path=//proc" "Mozilla/5.0 AppleWebKit/537.36 (KHTML, like Gecko; compatible; GPTBot/1.3; +https://openai.com/gptbot)"
74.7.227.32 - - [10/Mar/2026:12:58:27 +0000] "GET /wp-json/?fileloc=//proc/922/projid_map&path=//proc/922 HTTP/1.1" 200 12347 "https://azamsportsacademy.com/wp-json/?path=//proc/922" "Mozilla/5.0 AppleWebKit/537.36 (KHTML, like Gecko; compatible; GPTBot/1.3; +https://openai.com/gptbot)"
74.7.227.32 - - [10/Mar/2026:12:58:30 +0000] "GET /wp-json/?path=//proc/474 HTTP/1.1" 200 86295 "https://azamsportsacademy.com/wp-json/?path=//proc" "Mozilla/5.0 AppleWebKit/537.36 (KHTML, like Gecko; compatible; GPTBot/1.3; +https://openai.com/gptbot)"
74.7.227.32 - - [10/Mar/2026:12:58:33 +0000] "GET /wp-json/?path=//proc/455 HTTP/1.1" 200 86295 "https://azamsportsacademy.com/wp-json/?path=//proc" "Mozilla/5.0 AppleWebKit/537.36 (KHTML, like Gecko; compatible; GPTBot/1.3; +https://openai.com/gptbot)"
74.7.227.32 - - [10/Mar/2026:12:58:36 +0000] "GET /wp-json/?path=//proc/122 HTTP/1.1" 200 86295 "https://azamsportsacademy.com/wp-json/?path=//proc" "Mozilla/5.0 AppleWebKit/537.36 (KHTML, like Gecko; compatible; GPTBot/1.3; +https://openai.com/gptbot)"
74.7.227.32 - - [10/Mar/2026:12:58:39 +0000] "GET /wp-json/?path=//proc/477 HTTP/1.1" 200 86295 "https://azamsportsacademy.com/wp-json/?path=//proc" "Mozilla/5.0 AppleWebKit/537.36 (KHTML, like Gecko; compatible; GPTBot/1.3; +https://openai.com/gptbot)"
74.7.227.32 - - [10/Mar/2026:12:58:43 +0000] "GET /wp-json/?fileloc=/home/azamsportsacadem/public_html/.inc/uuecatwf.php&path=/home/azamsportsacadem/public_html/.inc HTTP/1.1" 200 27854 "https://azamsportsacademy.com/wp-json/?path=/home/azamsportsacadem/public_html/.inc" "Mozilla/5.0 AppleWebKit/537.36 (KHTML, like Gecko; compatible; GPTBot/1.3; +https://openai.com/gptbot)"
74.7.227.32 - - [10/Mar/2026:12:58:46 +0000] "GET /wp-json/?path=//usr HTTP/1.1" 200 28222 "https://azamsportsacademy.com/wp-json/?path=/" "Mozilla/5.0 AppleWebKit/537.36 (KHTML, like Gecko; compatible; GPTBot/1.3; +https://openai.com/gptbot)"
74.7.227.32 - - [10/Mar/2026:12:58:49 +0000] "GET /wp-json/?fileloc=//proc/113/oom_adj&path=//proc/113 HTTP/1.1" 200 12313 "https://azamsportsacademy.com/wp-json/?path=//proc/113" "Mozilla/5.0 AppleWebKit/537.36 (KHTML, like Gecko; compatible; GPTBot/1.3; +https://openai.com/gptbot)"
74.7.227.32 - - [10/Mar/2026:12:58:52 +0000] "GET /wp-json/?path=//etc HTTP/1.1" 200 474045 "https://azamsportsacademy.com/wp-json/?path=/" "Mozilla/5.0 AppleWebKit/537.36 (KHTML, like Gecko; compatible; GPTBot/1.3; +https://openai.com/gptbot)"
66.249.68.68 - - [10/Mar/2026:12:58:54 +0000] "GET /book/0022336104.html HTTP/1.1" 200 58828 "-" "Mozilla/5.0 (Linux; Android 6.0.1; Nexus 5X Build/MMB29P) AppleWebKit/537.36 (KHTML, like Gecko) Chrome/145.0.7632.116 Mobile Safari/537.36 (compatible; GoogleOther)"
74.7.227.32 - - [10/Mar/2026:12:58:55 +0000] "GET /wp-json/?path=//srv HTTP/1.1" 200 12685 "https://azamsportsacademy.com/wp-json/?path=/" "Mozilla/5.0 AppleWebKit/537.36 (KHTML, like Gecko; compatible; GPTBot/1.3; +https://openai.com/gptbot)"
74.7.227.32 - - [10/Mar/2026:12:58:58 +0000] "GET /wp-json/?path=//bin HTTP/1.1" 200 1931144 "https://azamsportsacademy.com/wp-json/?path=/" "Mozilla/5.0 AppleWebKit/537.36 (KHTML, like Gecko; compatible; GPTBot/1.3; +https://openai.com/gptbot)"
74.7.227.32 - - [10/Mar/2026:12:59:01 +0000] "GET /wp-json/?path=//run HTTP/1.1" 200 158657 "https://azamsportsacademy.com/wp-json/?path=/" "Mozilla/5.0 AppleWebKit/537.36 (KHTML, like Gecko; compatible; GPTBot/1.3; +https://openai.com/gptbot)"
74.7.227.32 - - [10/Mar/2026:12:59:05 +0000] "GET /wp-json/?path=//lib HTTP/1.1" 200 58397 "https://azamsportsacademy.com/wp-json/?path=/" "Mozilla/5.0 AppleWebKit/537.36 (KHTML, like Gecko; compatible; GPTBot/1.3; +https://openai.com/gptbot)"
74.7.227.32 - - [10/Mar/2026:12:59:08 +0000] "GET /wp-json/?path=//var HTTP/1.1" 200 43659 "https://azamsportsacademy.com/wp-json/?path=/" "Mozilla/5.0 AppleWebKit/537.36 (KHTML, like Gecko; compatible; GPTBot/1.3; +https://openai.com/gptbot)"
74.7.227.32 - - [10/Mar/2026:12:59:11 +0000] "GET /wp-json/?path=//proc/fs HTTP/1.1" 200 17900 "https://azamsportsacademy.com/wp-json/?path=//proc" "Mozilla/5.0 AppleWebKit/537.36 (KHTML, like Gecko; compatible; GPTBot/1.3; +https://openai.com/gptbot)"
66.249.68.70 - - [10/Mar/2026:12:59:12 +0000] "GET /yellow-designer-clutch-k.html HTTP/1.1" 200 58828 "-" "Mozilla/5.0 (Linux; Android 6.0.1; Nexus 5X Build/MMB29P) AppleWebKit/537.36 (KHTML, like Gecko) Chrome/145.0.7632.116 Mobile Safari/537.36 (compatible; GoogleOther)"
74.7.227.32 - - [10/Mar/2026:12:59:14 +0000] "GET /wp-json/?fileloc=//lib64/libxcb-xselinux.so&path=//lib64 HTTP/1.1" 200 60891 "https://azamsportsacademy.com/wp-json/?path=//lib64" "Mozilla/5.0 AppleWebKit/537.36 (KHTML, like Gecko; compatible; GPTBot/1.3; +https://openai.com/gptbot)"
74.7.227.32 - - [10/Mar/2026:12:59:17 +0000] "GET /wp-json/?fileloc=//sbin/convertquota&path=//sbin HTTP/1.1" 200 117112 "https://azamsportsacademy.com/wp-json/?path=//sbin" "Mozilla/5.0 AppleWebKit/537.36 (KHTML, like Gecko; compatible; GPTBot/1.3; +https://openai.com/gptbot)"
74.7.227.32 - - [10/Mar/2026:12:59:20 +0000] "GET /wp-json/?path=//usr/lib HTTP/1.1" 200 58867 "https://azamsportsacademy.com/wp-json/?path=//usr" "Mozilla/5.0 AppleWebKit/537.36 (KHTML, like Gecko; compatible; GPTBot/1.3; +https://openai.com/gptbot)"
74.7.227.32 - - [10/Mar/2026:12:59:23 +0000] "GET /wp-json/?path=//usr/tmp HTTP/1.1" 200 12719 "https://azamsportsacademy.com/wp-json/?path=//usr" "Mozilla/5.0 AppleWebKit/537.36 (KHTML, like Gecko; compatible; GPTBot/1.3; +https://openai.com/gptbot)"
74.7.227.32 - - [10/Mar/2026:12:59:27 +0000] "GET /wp-json/?fileloc=//etc/blocked_incoming_email_countries&path=//etc HTTP/1.1" 200 12294 "https://azamsportsacademy.com/wp-json/?path=//etc" "Mozilla/5.0 AppleWebKit/537.36 (KHTML, like Gecko; compatible; GPTBot/1.3; +https://openai.com/gptbot)"
74.7.227.32 - - [10/Mar/2026:12:59:30 +0000] "GET /wp-json/?path=//etc/fonts HTTP/1.1" 200 15446 "https://azamsportsacademy.com/wp-json/?path=//etc" "Mozilla/5.0 AppleWebKit/537.36 (KHTML, like Gecko; compatible; GPTBot/1.3; +https://openai.com/gptbot)"
66.249.68.68 - - [10/Mar/2026:12:59:30 +0000] "GET /cfw08-vector-inverter-k.html HTTP/1.1" 200 58828 "-" "Mozilla/5.0 (Linux; Android 6.0.1; Nexus 5X Build/MMB29P) AppleWebKit/537.36 (KHTML, like Gecko) Chrome/145.0.7632.116 Mobile Safari/537.36 (compatible; Googlebot/2.1; +http://www.google.com/bot.html)"
74.7.227.32 - - [10/Mar/2026:12:59:33 +0000] "GET /wp-json/?fileloc=//bin/ssltap&path=//bin HTTP/1.1" 200 118321 "https://azamsportsacademy.com/wp-json/?path=//bin" "Mozilla/5.0 AppleWebKit/537.36 (KHTML, like Gecko; compatible; GPTBot/1.3; +https://openai.com/gptbot)"
74.7.227.32 - - [10/Mar/2026:12:59:36 +0000] "GET /wp-json/?fileloc=//bin/chattr&path=//bin HTTP/1.1" 200 31923 "https://azamsportsacademy.com/wp-json/?path=//bin" "Mozilla/5.0 AppleWebKit/537.36 (KHTML, like Gecko; compatible; GPTBot/1.3; +https://openai.com/gptbot)"
74.7.227.32 - - [10/Mar/2026:12:59:39 +0000] "GET /wp-json/?fileloc=//bin/cut&path=//bin HTTP/1.1" 200 80579 "https://azamsportsacademy.com/wp-json/?path=//bin" "Mozilla/5.0 AppleWebKit/537.36 (KHTML, like Gecko; compatible; GPTBot/1.3; +https://openai.com/gptbot)"
74.7.227.32 - - [10/Mar/2026:12:59:42 +0000] "GET /wp-json/?fileloc=//bin/setfont&path=//bin HTTP/1.1" 200 87788 "https://azamsportsacademy.com/wp-json/?path=//bin" "Mozilla/5.0 AppleWebKit/537.36 (KHTML, like Gecko; compatible; GPTBot/1.3; +https://openai.com/gptbot)"
74.7.227.32 - - [10/Mar/2026:12:59:46 +0000] "GET /wp-json/?fileloc=//bin/flatpak&path=//bin HTTP/1.1" 200 3061959 "https://azamsportsacademy.com/wp-json/?path=//bin" "Mozilla/5.0 AppleWebKit/537.36 (KHTML, like Gecko; compatible; GPTBot/1.3; +https://openai.com/gptbot)"
74.7.227.32 - - [10/Mar/2026:12:59:49 +0000] "GET /wp-json/?fileloc=//bin/scsi_satl&path=//bin HTTP/1.1" 200 16648 "https://azamsportsacademy.com/wp-json/?path=//bin" "Mozilla/5.0 AppleWebKit/537.36 (KHTML, like Gecko; compatible; GPTBot/1.3; +https://openai.com/gptbot)"
74.7.227.32 - - [10/Mar/2026:12:59:52 +0000] "GET /wp-json/?fileloc=//bin/lesskey&path=//bin HTTP/1.1" 200 42460 "https://azamsportsacademy.com/wp-json/?path=//bin" "Mozilla/5.0 AppleWebKit/537.36 (KHTML, like Gecko; compatible; GPTBot/1.3; +https://openai.com/gptbot)"
74.7.227.32 - - [10/Mar/2026:12:59:55 +0000] "GET /wp-json/?fileloc=//bin/mariadb-secure-installation&path=//bin HTTP/1.1" 200 28101 "https://azamsportsacademy.com/wp-json/?path=//bin" "Mozilla/5.0 AppleWebKit/537.36 (KHTML, like Gecko; compatible; GPTBot/1.3; +https://openai.com/gptbot)"
74.7.227.32 - - [10/Mar/2026:12:59:58 +0000] "GET /wp-json/?fileloc=//bin/unxz&path=//bin HTTP/1.1" 200 134617 "https://azamsportsacademy.com/wp-json/?path=//bin" "Mozilla/5.0 AppleWebKit/537.36 (KHTML, like Gecko; compatible; GPTBot/1.3; +https://openai.com/gptbot)"
74.7.227.32 - - [10/Mar/2026:13:00:01 +0000] "GET /wp-json/?fileloc=//bin/checkmodule&path=//bin HTTP/1.1" 200 747614 "https://azamsportsacademy.com/wp-json/?path=//bin" "Mozilla/5.0 AppleWebKit/537.36 (KHTML, like Gecko; compatible; GPTBot/1.3; +https://openai.com/gptbot)"
74.7.227.32 - - [10/Mar/2026:13:00:04 +0000] "GET /wp-json/?fileloc=//etc/secondarymx&path=//etc HTTP/1.1" 200 12273 "https://azamsportsacademy.com/wp-json/?path=//etc" "Mozilla/5.0 AppleWebKit/537.36 (KHTML, like Gecko; compatible; GPTBot/1.3; +https://openai.com/gptbot)"
66.249.68.70 - - [10/Mar/2026:13:00:06 +0000] "GET /book/0020463832.html HTTP/1.1" 200 58828 "-" "Mozilla/5.0 (Linux; Android 6.0.1; Nexus 5X Build/MMB29P) AppleWebKit/537.36 (KHTML, like Gecko) Chrome/145.0.7632.116 Mobile Safari/537.36 (compatible; Googlebot/2.1; +http://www.google.com/bot.html)"
74.7.227.32 - - [10/Mar/2026:13:00:07 +0000] "GET /wp-json/?path=//run/setrans HTTP/1.1" 200 12727 "https://azamsportsacademy.com/wp-json/?path=//run" "Mozilla/5.0 AppleWebKit/537.36 (KHTML, like Gecko; compatible; GPTBot/1.3; +https://openai.com/gptbot)"
74.7.227.32 - - [10/Mar/2026:13:00:11 +0000] "GET /wp-json/?path=//var/www HTTP/1.1" 200 15323 "https://azamsportsacademy.com/wp-json/?path=//var" "Mozilla/5.0 AppleWebKit/537.36 (KHTML, like Gecko; compatible; GPTBot/1.3; +https://openai.com/gptbot)"
74.7.227.32 - - [10/Mar/2026:13:00:14 +0000] "GET /wp-json/?path=//etc/ssh HTTP/1.1" 200 28303 "https://azamsportsacademy.com/wp-json/?path=//etc" "Mozilla/5.0 AppleWebKit/537.36 (KHTML, like Gecko; compatible; GPTBot/1.3; +https://openai.com/gptbot)"
74.7.227.32 - - [10/Mar/2026:13:00:17 +0000] "GET /wp-json/?path=//etc/opt HTTP/1.1" 200 12719 "https://azamsportsacademy.com/wp-json/?path=//etc" "Mozilla/5.0 AppleWebKit/537.36 (KHTML, like Gecko; compatible; GPTBot/1.3; +https://openai.com/gptbot)"
74.7.227.32 - - [10/Mar/2026:13:00:20 +0000] "GET /wp-json/?path=//var/opt HTTP/1.1" 200 12719 "https://azamsportsacademy.com/wp-json/?path=//var" "Mozilla/5.0 AppleWebKit/537.36 (KHTML, like Gecko; compatible; GPTBot/1.3; +https://openai.com/gptbot)"
74.7.227.32 - - [10/Mar/2026:13:00:23 +0000] "GET /wp-json/?path=//etc/pcp HTTP/1.1" 200 14027 "https://azamsportsacademy.com/wp-json/?path=//etc" "Mozilla/5.0 AppleWebKit/537.36 (KHTML, like Gecko; compatible; GPTBot/1.3; +https://openai.com/gptbot)"
66.249.68.69 - - [10/Mar/2026:13:00:24 +0000] "GET /faint-positive-dip-pregnancy-test-k.html HTTP/1.1" 200 58828 "-" "Mozilla/5.0 (Linux; Android 6.0.1; Nexus 5X Build/MMB29P) AppleWebKit/537.36 (KHTML, like Gecko) Chrome/145.0.7632.116 Mobile Safari/537.36 (compatible; GoogleOther)"
74.7.227.32 - - [10/Mar/2026:13:00:27 +0000] "GET /wp-json/?path=//var/db HTTP/1.1" 200 15311 "https://azamsportsacademy.com/wp-json/?path=//var" "Mozilla/5.0 AppleWebKit/537.36 (KHTML, like Gecko; compatible; GPTBot/1.3; +https://openai.com/gptbot)"
74.7.227.32 - - [10/Mar/2026:13:00:30 +0000] "GET /wp-json/?path=//var/yp HTTP/1.1" 200 12717 "https://azamsportsacademy.com/wp-json/?path=//var" "Mozilla/5.0 AppleWebKit/537.36 (KHTML, like Gecko; compatible; GPTBot/1.3; +https://openai.com/gptbot)"
74.7.227.32 - - [10/Mar/2026:13:00:33 +0000] "GET /wp-json/?path=//etc/pm HTTP/1.1" 200 16636 "https://azamsportsacademy.com/wp-json/?path=//etc" "Mozilla/5.0 AppleWebKit/537.36 (KHTML, like Gecko; compatible; GPTBot/1.3; +https://openai.com/gptbot)"
74.7.227.32 - - [10/Mar/2026:13:00:36 +0000] "GET /wp-json/?fileloc=//bin/dbilogstrip&path=//bin HTTP/1.1" 200 13779 "https://azamsportsacademy.com/wp-json/?path=//bin" "Mozilla/5.0 AppleWebKit/537.36 (KHTML, like Gecko; compatible; GPTBot/1.3; +https://openai.com/gptbot)"
74.7.227.32 - - [10/Mar/2026:13:00:39 +0000] "GET /wp-json/?path=//etc/xdg HTTP/1.1" 200 16695 "https://azamsportsacademy.com/wp-json/?path=//etc" "Mozilla/5.0 AppleWebKit/537.36 (KHTML, like Gecko; compatible; GPTBot/1.3; +https://openai.com/gptbot)"
66.249.68.68 - - [10/Mar/2026:13:00:42 +0000] "GET /stonewall-hotel-oxford-street-k.html HTTP/1.1" 200 58828 "-" "Mozilla/5.0 (Linux; Android 6.0.1; Nexus 5X Build/MMB29P) AppleWebKit/537.36 (KHTML, like Gecko) Chrome/145.0.7632.116 Mobile Safari/537.36 (compatible; GoogleOther)"
74.7.227.32 - - [10/Mar/2026:13:00:43 +0000] "GET /wp-json/?path=//lib/gcc HTTP/1.1" 200 14075 "https://azamsportsacademy.com/wp-json/?path=//lib" "Mozilla/5.0 AppleWebKit/537.36 (KHTML, like Gecko; compatible; GPTBot/1.3; +https://openai.com/gptbot)"
74.7.227.32 - - [10/Mar/2026:13:00:46 +0000] "GET /wp-json/?path=//lib/kbd HTTP/1.1" 200 17991 "https://azamsportsacademy.com/wp-json/?path=//lib" "Mozilla/5.0 AppleWebKit/537.36 (KHTML, like Gecko; compatible; GPTBot/1.3; +https://openai.com/gptbot)"
74.7.227.32 - - [10/Mar/2026:13:00:49 +0000] "GET /wp-json/?path=//var/lib HTTP/1.1" 200 63983 "https://azamsportsacademy.com/wp-json/?path=//var" "Mozilla/5.0 AppleWebKit/537.36 (KHTML, like Gecko; compatible; GPTBot/1.3; +https://openai.com/gptbot)"
74.7.227.32 - - [10/Mar/2026:13:00:52 +0000] "GET /wp-json/?path=//etc/yum HTTP/1.1" 200 16667 "https://azamsportsacademy.com/wp-json/?path=//etc" "Mozilla/5.0 AppleWebKit/537.36 (KHTML, like Gecko; compatible; GPTBot/1.3; +https://openai.com/gptbot)"
74.7.227.32 - - [10/Mar/2026:13:00:55 +0000] "GET /wp-json/?fileloc=//bin/gst-inspect-1.0&path=//bin HTTP/1.1" 200 115893 "https://azamsportsacademy.com/wp-json/?path=//bin" "Mozilla/5.0 AppleWebKit/537.36 (KHTML, like Gecko; compatible; GPTBot/1.3; +https://openai.com/gptbot)"
74.7.227.32 - - [10/Mar/2026:13:00:58 +0000] "GET /wp-json/?path=//var/adm HTTP/1.1" 200 12719 "https://azamsportsacademy.com/wp-json/?path=//var" "Mozilla/5.0 AppleWebKit/537.36 (KHTML, like Gecko; compatible; GPTBot/1.3; +https://openai.com/gptbot)"
66.249.68.68 - - [10/Mar/2026:13:01:00 +0000] "GET /f/D1429050 HTTP/1.1" 200 58828 "-" "Mozilla/5.0 (Linux; Android 6.0.1; Nexus 5X Build/MMB29P) AppleWebKit/537.36 (KHTML, like Gecko) Chrome/145.0.7632.116 Mobile Safari/537.36 (compatible; GoogleOther)"
74.7.227.32 - - [10/Mar/2026:13:01:01 +0000] "GET /wp-json/?path=//etc/egl HTTP/1.1" 200 14091 "https://azamsportsacademy.com/wp-json/?path=//etc" "Mozilla/5.0 AppleWebKit/537.36 (KHTML, like Gecko; compatible; GPTBot/1.3; +https://openai.com/gptbot)"
74.7.227.32 - - [10/Mar/2026:13:01:05 +0000] "GET /wp-json/?path=//var/run HTTP/1.1" 200 160239 "https://azamsportsacademy.com/wp-json/?path=//var" "Mozilla/5.0 AppleWebKit/537.36 (KHTML, like Gecko; compatible; GPTBot/1.3; +https://openai.com/gptbot)"
74.7.227.32 - - [10/Mar/2026:13:01:08 +0000] "GET /wp-json/?path=//var/ftp HTTP/1.1" 200 12719 "https://azamsportsacademy.com/wp-json/?path=//var" "Mozilla/5.0 AppleWebKit/537.36 (KHTML, like Gecko; compatible; GPTBot/1.3; +https://openai.com/gptbot)"
