HEX
Server: Apache
System: Linux 13-202-242-94.cprapid.com 5.14.0-611.16.1.el9_7.x86_64 #1 SMP PREEMPT_DYNAMIC Mon Dec 22 03:40:39 EST 2025 x86_64
User: azamsportsacadem (1064)
PHP: 8.1.34
Disabled: exec,passthru,shell_exec,system
Upload Files
File: /home/azamsportsacadem/access-logs/azamsportsacademy.com-ssl_log
13.202.242.94 - - [10/Mar/2026:11:40:37 +0000] "POST /wp-cron.php?doing_wp_cron=1773142837.4720530509948730468750 HTTP/1.1" 200 - "https://azamsportsacademy.com/wp-cron.php?doing_wp_cron=1773142837.4720530509948730468750" "WordPress/5.7.14; https://azamsportsacademy.com"
66.249.68.68 - - [10/Mar/2026:11:40:36 +0000] "GET /free-car-tracker-k.html HTTP/1.1" 404 170350 "-" "Mozilla/5.0 (Linux; Android 6.0.1; Nexus 5X Build/MMB29P) AppleWebKit/537.36 (KHTML, like Gecko) Chrome/145.0.7632.116 Mobile Safari/537.36 (compatible; Googlebot/2.1; +http://www.google.com/bot.html)"
13.202.242.94 - - [10/Mar/2026:11:40:55 +0000] "POST /wp-cron.php?doing_wp_cron=1773142855.3828699588775634765625 HTTP/1.1" 200 - "https://azamsportsacademy.com/wp-cron.php?doing_wp_cron=1773142855.3828699588775634765625" "WordPress/5.7.14; https://azamsportsacademy.com"
66.249.68.68 - - [10/Mar/2026:11:40:54 +0000] "GET /farrowing-cage-k.html HTTP/1.1" 404 170350 "-" "Mozilla/5.0 (Linux; Android 6.0.1; Nexus 5X Build/MMB29P) AppleWebKit/537.36 (KHTML, like Gecko) Chrome/145.0.7632.116 Mobile Safari/537.36 (compatible; GoogleOther)"
66.249.68.69 - - [10/Mar/2026:11:41:09 +0000] "GET /pages.php?q-~35ZKSeIlyy6sDv5ibhV7qW07Hy7dnHXQ452/ HTTP/1.1" 404 170350 "-" "Mozilla/5.0 (Linux; Android 6.0.1; Nexus 5X Build/MMB29P) AppleWebKit/537.36 (KHTML, like Gecko) Chrome/145.0.7632.116 Mobile Safari/537.36 (compatible; Googlebot/2.1; +http://www.google.com/bot.html)"
66.249.68.70 - - [10/Mar/2026:11:41:12 +0000] "GET /book/0015600280.html HTTP/1.1" 404 170350 "-" "Mozilla/5.0 (Linux; Android 6.0.1; Nexus 5X Build/MMB29P) AppleWebKit/537.36 (KHTML, like Gecko) Chrome/145.0.7632.116 Mobile Safari/537.36 (compatible; Googlebot/2.1; +http://www.google.com/bot.html)"
66.249.68.69 - - [10/Mar/2026:11:41:30 +0000] "GET /book/0017237172.html HTTP/1.1" 404 170350 "-" "Mozilla/5.0 (Linux; Android 6.0.1; Nexus 5X Build/MMB29P) AppleWebKit/537.36 (KHTML, like Gecko) Chrome/145.0.7632.116 Mobile Safari/537.36 (compatible; GoogleOther)"
66.249.68.68 - - [10/Mar/2026:11:41:48 +0000] "GET /book/0017237172.html HTTP/1.1" 404 170350 "-" "Mozilla/5.0 (Linux; Android 6.0.1; Nexus 5X Build/MMB29P) AppleWebKit/537.36 (KHTML, like Gecko) Chrome/145.0.7632.116 Mobile Safari/537.36 (compatible; Googlebot/2.1; +http://www.google.com/bot.html)"
66.249.68.68 - - [10/Mar/2026:11:41:56 +0000] "GET /pages.php?q-~285WIlbkuyCcnubQqL5MezH8Hnc8O16pB45360/ HTTP/1.1" 404 170350 "-" "Mozilla/5.0 (Linux; Android 6.0.1; Nexus 5X Build/MMB29P) AppleWebKit/537.36 (KHTML, like Gecko) Chrome/145.0.7632.116 Mobile Safari/537.36 (compatible; Googlebot/2.1; +http://www.google.com/bot.html)"
66.249.68.69 - - [10/Mar/2026:11:42:06 +0000] "GET /book/0016737660.html HTTP/1.1" 404 170350 "-" "Mozilla/5.0 (Linux; Android 6.0.1; Nexus 5X Build/MMB29P) AppleWebKit/537.36 (KHTML, like Gecko) Chrome/145.0.7632.116 Mobile Safari/537.36 (compatible; Googlebot/2.1; +http://www.google.com/bot.html)"
217.76.58.119 - - [10/Mar/2026:11:42:12 +0000] "HEAD / HTTP/1.1" 200 - "https://azamsportsacademy.com/" "Mozilla/5.0 (Windows NT 10.0; Win64; x64) AppleWebKit/537.36 (KHTML, like Gecko) Chrome/91.0.4472.124 Safari/537.36"
217.76.58.119 - - [10/Mar/2026:11:42:14 +0000] "POST /wp-login.php HTTP/1.1" 200 8415 "https://www.google.com/" "Mozilla/5.0 (Windows NT 10.0; Win64; x64) AppleWebKit/537.36 (KHTML, like Gecko) Chrome/91.0.4472.124 Safari/537.36"
217.76.58.119 - - [10/Mar/2026:11:42:14 +0000] "POST /wp-login.php HTTP/1.1" 302 - "https://azamsportsacademy.com/wp-admin/" "Mozilla/5.0 (Windows NT 10.0; Win64; x64) AppleWebKit/537.36 (KHTML, like Gecko) Chrome/90.0.4430.85 Safari/537.36"
217.76.58.119 - - [10/Mar/2026:11:42:15 +0000] "GET /wp-admin/ HTTP/1.1" 200 253508 "https://azamsportsacademy.com/wp-admin/" "Mozilla/5.0 (Windows NT 10.0; Win64; x64) AppleWebKit/537.36 (KHTML, like Gecko) Chrome/90.0.4430.85 Safari/537.36"
217.76.58.119 - - [10/Mar/2026:11:42:18 +0000] "GET /wp-admin/ HTTP/1.1" 200 253491 "https://www.google.com/" "Mozilla/5.0 (Windows NT 10.0; Win64; x64) AppleWebKit/537.36 (KHTML, like Gecko) Chrome/91.0.4472.124 Safari/537.36"
217.76.58.119 - - [10/Mar/2026:11:42:21 +0000] "GET /wp-admin/plugin-install.php?tab=upload HTTP/1.1" 404 195533 "https://www.google.com/" "Mozilla/5.0 (Windows NT 10.0; Win64; x64) AppleWebKit/537.36 (KHTML, like Gecko) Chrome/91.0.4472.124 Safari/537.36"
217.76.58.119 - - [10/Mar/2026:11:42:22 +0000] "GET /wp-admin/ HTTP/1.1" 200 253508 "-" "Mozilla/5.0 (Windows NT 10.0; Win64; x64) AppleWebKit/537.36 (KHTML, like Gecko) Chrome/133.0.0.0 Safari/537.36"
66.249.68.68 - - [10/Mar/2026:11:42:26 +0000] "GET /book/0016737660.html HTTP/1.1" 404 170350 "-" "Mozilla/5.0 (Linux; Android 6.0.1; Nexus 5X Build/MMB29P) AppleWebKit/537.36 (KHTML, like Gecko) Chrome/145.0.7632.116 Mobile Safari/537.36 (compatible; GoogleOther)"
217.76.58.119 - - [10/Mar/2026:11:42:25 +0000] "POST /wp-admin/admin-ajax.php HTTP/1.1" 200 252 "-" "Mozilla/5.0 (Windows NT 10.0; Win64; x64) AppleWebKit/537.36 (KHTML, like Gecko) Chrome/133.0.0.0 Safari/537.36"
13.202.242.94 - - [10/Mar/2026:11:42:36 +0000] "POST /wp-cron.php?doing_wp_cron=1773142956.3217680454254150390625 HTTP/1.1" 200 - "https://azamsportsacademy.com/wp-cron.php?doing_wp_cron=1773142956.3217680454254150390625" "WordPress/5.7.14; https://azamsportsacademy.com"
217.76.58.119 - - [10/Mar/2026:11:42:35 +0000] "POST /wp-admin/admin-ajax.php HTTP/1.1" 400 1 "-" "Mozilla/5.0 (Windows NT 10.0; Win64; x64) AppleWebKit/537.36 (KHTML, like Gecko) Chrome/133.0.0.0 Safari/537.36"
217.76.58.119 - - [10/Mar/2026:11:42:36 +0000] "GET /wp-admin/plugins.php HTTP/1.1" 200 247558 "-" "Mozilla/5.0 (Windows NT 10.0; Win64; x64) AppleWebKit/537.36 (KHTML, like Gecko) Chrome/133.0.0.0 Safari/537.36"
66.249.68.69 - - [10/Mar/2026:11:42:42 +0000] "GET /bottles-detergent-k.html HTTP/1.1" 404 170350 "-" "Mozilla/5.0 (Linux; Android 6.0.1; Nexus 5X Build/MMB29P) AppleWebKit/537.36 (KHTML, like Gecko) Chrome/145.0.7632.116 Mobile Safari/537.36 (compatible; Googlebot/2.1; +http://www.google.com/bot.html)"
66.249.68.68 - - [10/Mar/2026:11:42:42 +0000] "GET /306902647?entity=0306228590 HTTP/1.1" 404 170350 "-" "Mozilla/5.0 (Linux; Android 6.0.1; Nexus 5X Build/MMB29P) AppleWebKit/537.36 (KHTML, like Gecko) Chrome/145.0.7632.116 Mobile Safari/537.36 (compatible; Googlebot/2.1; +http://www.google.com/bot.html)"
217.76.58.119 - - [10/Mar/2026:11:42:42 +0000] "GET /wp-admin/plugins.php?action=activate&plugin=wp-file-manager%2Ffile_folder_manager.php&plugin_status=all&paged=1&s&_wpnonce=f25b90d301 HTTP/1.1" 302 - "-" "Mozilla/5.0 (Windows NT 10.0; Win64; x64) AppleWebKit/537.36 (KHTML, like Gecko) Chrome/133.0.0.0 Safari/537.36"
217.76.58.119 - - [10/Mar/2026:11:42:44 +0000] "GET /wp-admin/plugins.php?activate=true&plugin_status=all&paged=1&s= HTTP/1.1" 200 249404 "-" "Mozilla/5.0 (Windows NT 10.0; Win64; x64) AppleWebKit/537.36 (KHTML, like Gecko) Chrome/133.0.0.0 Safari/537.36"
217.76.58.119 - - [10/Mar/2026:11:42:47 +0000] "GET /wp-admin/admin.php?page=wp_file_manager HTTP/1.1" 200 195658 "https://www.google.com/" "Mozilla/5.0 (Windows NT 10.0; Win64; x64) AppleWebKit/537.36 (KHTML, like Gecko) Chrome/91.0.4472.124 Safari/537.36"
217.76.58.119 - - [10/Mar/2026:11:42:49 +0000] "POST /wp-admin/admin-ajax.php HTTP/1.1" 200 1515 "https://azamsportsacademy.com/wp-admin/admin.php?ssd" "Mozilla/5.0 (Windows NT 10.0; Win64; x64) AppleWebKit/537.36 (KHTML, like Gecko) Chrome/133.0.0.0 Safari/537.36"
217.76.58.119 - - [10/Mar/2026:11:42:51 +0000] "GET /chytv.php HTTP/1.1" 404 170350 "https://www.google.com/" "Mozilla/5.0 (Windows NT 10.0; Win64; x64) AppleWebKit/537.36 (KHTML, like Gecko) Chrome/91.0.4472.124 Safari/537.36"
217.76.58.119 - - [10/Mar/2026:11:42:52 +0000] "GET /wp-admin/theme-install.php?tab=upload HTTP/1.1" 404 195532 "https://www.google.com/" "Mozilla/5.0 (Windows NT 10.0; Win64; x64) AppleWebKit/537.36 (KHTML, like Gecko) Chrome/91.0.4472.124 Safari/537.36"
217.76.58.119 - - [10/Mar/2026:11:42:53 +0000] "GET /wp-admin/ HTTP/1.1" 200 254891 "-" "Mozilla/5.0 (Windows NT 10.0; Win64; x64) AppleWebKit/537.36 (KHTML, like Gecko) Chrome/133.0.0.0 Safari/537.36"
217.76.58.119 - - [10/Mar/2026:11:42:55 +0000] "GET /wp-admin/plugin-editor.php?plugin=wp-file-manager%2Ffile_folder_manager.php&Submit=Select HTTP/1.1" 200 559066 "-" "Mozilla/5.0 (Windows NT 10.0; Win64; x64) AppleWebKit/537.36 (KHTML, like Gecko) Chrome/133.0.0.0 Safari/537.36"
13.202.242.94 - - [10/Mar/2026:11:42:59 +0000] "GET /wp-admin/plugin-editor.php?plugin=wp-file-manager%2Ffile_folder_manager.php&file=wp-file-manager%2Ffile_folder_manager.php&wp_scrape_key=afdb4341b6ff017ff228327858bcf85e&wp_scrape_nonce=1033837476 HTTP/1.1" 200 166990 "https://azamsportsacademy.com/wp-admin/plugin-editor.php?plugin=wp-file-manager%2Ffile_folder_manager.php&file=wp-file-manager%2Ffile_folder_manager.php&wp_scrape_key=afdb4341b6ff017ff228327858bcf85e&wp_scrape_nonce=1033837476" "WordPress/5.7.14; https://azamsportsacademy.com"
13.202.242.94 - - [10/Mar/2026:11:42:59 +0000] "GET /?wp_scrape_key=afdb4341b6ff017ff228327858bcf85e&wp_scrape_nonce=1033837476 HTTP/1.1" 200 58976 "https://azamsportsacademy.com/?wp_scrape_key=afdb4341b6ff017ff228327858bcf85e&wp_scrape_nonce=1033837476" "WordPress/5.7.14; https://azamsportsacademy.com"
217.76.58.119 - - [10/Mar/2026:11:42:58 +0000] "POST /wp-admin/admin-ajax.php HTTP/1.1" 200 63 "-" "Mozilla/5.0 (Windows NT 10.0; Win64; x64) AppleWebKit/537.36 (KHTML, like Gecko) Chrome/133.0.0.0 Safari/537.36"
217.76.58.119 - - [10/Mar/2026:11:43:00 +0000] "GET /wp-content/plugins/wp-file-manager/file_folder_manager.php HTTP/1.1" 403 58828 "https://www.google.com/" "Mozilla/5.0 (Windows NT 10.0; Win64; x64) AppleWebKit/537.36 (KHTML, like Gecko) Chrome/91.0.4472.124 Safari/537.36"
66.249.68.69 - - [10/Mar/2026:11:43:00 +0000] "GET /book/0016768808.html HTTP/1.1" 200 58828 "-" "Mozilla/5.0 (Linux; Android 6.0.1; Nexus 5X Build/MMB29P) AppleWebKit/537.36 (KHTML, like Gecko) Chrome/145.0.7632.116 Mobile Safari/537.36 (compatible; Googlebot/2.1; +http://www.google.com/bot.html)"
209.141.57.163 - - [10/Mar/2026:11:43:07 +0000] "GET /wp-login.php HTTP/1.1" 200 58828 "-" "Mozilla/5.0 (Windows NT 5.1; rv:31.0) Gecko/20100101 Firefox/31.0"
66.249.68.69 - - [10/Mar/2026:11:43:18 +0000] "GET /amara-massage-burwood-k.html HTTP/1.1" 200 58828 "-" "Mozilla/5.0 (Linux; Android 6.0.1; Nexus 5X Build/MMB29P) AppleWebKit/537.36 (KHTML, like Gecko) Chrome/145.0.7632.116 Mobile Safari/537.36 (compatible; Googlebot/2.1; +http://www.google.com/bot.html)"
66.249.68.68 - - [10/Mar/2026:11:43:36 +0000] "GET /book/0020023116.html HTTP/1.1" 200 58828 "-" "Mozilla/5.0 (Linux; Android 6.0.1; Nexus 5X Build/MMB29P) AppleWebKit/537.36 (KHTML, like Gecko) Chrome/145.0.7632.116 Mobile Safari/537.36 (compatible; Googlebot/2.1; +http://www.google.com/bot.html)"
66.249.68.68 - - [10/Mar/2026:11:43:54 +0000] "GET /richardson-number-stability-k.html HTTP/1.1" 200 58828 "-" "Mozilla/5.0 (Linux; Android 6.0.1; Nexus 5X Build/MMB29P) AppleWebKit/537.36 (KHTML, like Gecko) Chrome/145.0.7632.116 Mobile Safari/537.36 (compatible; Googlebot/2.1; +http://www.google.com/bot.html)"
66.249.68.69 - - [10/Mar/2026:11:44:12 +0000] "GET /book/0016107584.html HTTP/1.1" 200 58828 "-" "Mozilla/5.0 (Linux; Android 6.0.1; Nexus 5X Build/MMB29P) AppleWebKit/537.36 (KHTML, like Gecko) Chrome/145.0.7632.116 Mobile Safari/537.36 (compatible; GoogleOther)"
66.249.68.70 - - [10/Mar/2026:11:44:16 +0000] "GET /pages.php?q-~241M9tyEYZVljgagD8PKU4qJQb3q9Vi7l23142/ HTTP/1.1" 403 58828 "-" "Mozilla/5.0 (Linux; Android 6.0.1; Nexus 5X Build/MMB29P) AppleWebKit/537.36 (KHTML, like Gecko) Chrome/145.0.7632.116 Mobile Safari/537.36 (compatible; Googlebot/2.1; +http://www.google.com/bot.html)"
66.249.77.131 - - [10/Mar/2026:11:44:29 +0000] "GET / HTTP/1.1" 200 58828 "-" "Mozilla/5.0 (Linux; Android 6.0.1; Nexus 5X Build/MMB29P) AppleWebKit/537.36 (KHTML, like Gecko) Chrome/145.0.7632.116 Mobile Safari/537.36 (compatible; Googlebot/2.1; +http://www.google.com/bot.html)"
66.249.68.68 - - [10/Mar/2026:11:44:30 +0000] "GET /water-detection-paste-for-oil-tanks-k.html HTTP/1.1" 200 58828 "-" "Mozilla/5.0 (Linux; Android 6.0.1; Nexus 5X Build/MMB29P) AppleWebKit/537.36 (KHTML, like Gecko) Chrome/145.0.7632.116 Mobile Safari/537.36 (compatible; Googlebot/2.1; +http://www.google.com/bot.html)"
66.249.68.69 - - [10/Mar/2026:11:44:48 +0000] "GET /water-detection-paste-for-oil-tanks-k.html HTTP/1.1" 200 58828 "-" "Mozilla/5.0 (Linux; Android 6.0.1; Nexus 5X Build/MMB29P) AppleWebKit/537.36 (KHTML, like Gecko) Chrome/145.0.7632.116 Mobile Safari/537.36 (compatible; GoogleOther)"
66.249.68.68 - - [10/Mar/2026:11:45:06 +0000] "GET /book/0023249788.html HTTP/1.1" 200 58828 "-" "Mozilla/5.0 (Linux; Android 6.0.1; Nexus 5X Build/MMB29P) AppleWebKit/537.36 (KHTML, like Gecko) Chrome/145.0.7632.116 Mobile Safari/537.36 (compatible; Googlebot/2.1; +http://www.google.com/bot.html)"
66.249.68.68 - - [10/Mar/2026:11:45:24 +0000] "GET /nicolas-cage-love-me-k.html HTTP/1.1" 200 58828 "-" "Mozilla/5.0 (Linux; Android 6.0.1; Nexus 5X Build/MMB29P) AppleWebKit/537.36 (KHTML, like Gecko) Chrome/145.0.7632.116 Mobile Safari/537.36 (compatible; Googlebot/2.1; +http://www.google.com/bot.html)"
66.249.68.68 - - [10/Mar/2026:11:45:34 +0000] "GET /288862661?entity=0288228254 HTTP/1.1" 200 58828 "-" "Mozilla/5.0 (Linux; Android 6.0.1; Nexus 5X Build/MMB29P) AppleWebKit/537.36 (KHTML, like Gecko) Chrome/145.0.7632.116 Mobile Safari/537.36 (compatible; Googlebot/2.1; +http://www.google.com/bot.html)"
66.249.68.68 - - [10/Mar/2026:11:45:42 +0000] "GET /nicolas-cage-love-me-k.html HTTP/1.1" 200 58828 "-" "Mozilla/5.0 (Linux; Android 6.0.1; Nexus 5X Build/MMB29P) AppleWebKit/537.36 (KHTML, like Gecko) Chrome/145.0.7632.116 Mobile Safari/537.36 (compatible; GoogleOther)"
66.249.68.68 - - [10/Mar/2026:11:46:00 +0000] "GET /simple-bucket-list-ideas-k.html HTTP/1.1" 200 58828 "-" "Mozilla/5.0 (Linux; Android 6.0.1; Nexus 5X Build/MMB29P) AppleWebKit/537.36 (KHTML, like Gecko) Chrome/145.0.7632.116 Mobile Safari/537.36 (compatible; Googlebot/2.1; +http://www.google.com/bot.html)"
66.249.68.68 - - [10/Mar/2026:11:46:13 +0000] "GET /298114371?entity=0297459630 HTTP/1.1" 200 58828 "-" "Mozilla/5.0 (Linux; Android 6.0.1; Nexus 5X Build/MMB29P) AppleWebKit/537.36 (KHTML, like Gecko) Chrome/145.0.7632.116 Mobile Safari/537.36 (compatible; Googlebot/2.1; +http://www.google.com/bot.html)"
66.249.68.68 - - [10/Mar/2026:11:46:18 +0000] "GET /f/V2555905 HTTP/1.1" 200 58828 "-" "Mozilla/5.0 (Linux; Android 6.0.1; Nexus 5X Build/MMB29P) AppleWebKit/537.36 (KHTML, like Gecko) Chrome/145.0.7632.116 Mobile Safari/537.36 (compatible; Googlebot/2.1; +http://www.google.com/bot.html)"
66.249.68.68 - - [10/Mar/2026:11:46:20 +0000] "GET /pages.php?q-~119sPaAifuktsA5YYnm5R3Z3s8yBfS4yG18650/ HTTP/1.1" 403 58828 "-" "Mozilla/5.0 (Linux; Android 6.0.1; Nexus 5X Build/MMB29P) AppleWebKit/537.36 (KHTML, like Gecko) Chrome/145.0.7632.116 Mobile Safari/537.36 (compatible; Googlebot/2.1; +http://www.google.com/bot.html)"
66.249.68.68 - - [10/Mar/2026:11:46:36 +0000] "GET /coopworth-fleece-k.html HTTP/1.1" 200 58828 "-" "Mozilla/5.0 (Linux; Android 6.0.1; Nexus 5X Build/MMB29P) AppleWebKit/537.36 (KHTML, like Gecko) Chrome/145.0.7632.116 Mobile Safari/537.36 (compatible; GoogleOther)"
66.249.68.68 - - [10/Mar/2026:11:46:52 +0000] "GET /295152581?entity=0294504350 HTTP/1.1" 200 58828 "-" "Mozilla/5.0 (Linux; Android 6.0.1; Nexus 5X Build/MMB29P) AppleWebKit/537.36 (KHTML, like Gecko) Chrome/145.0.7632.116 Mobile Safari/537.36 (compatible; Googlebot/2.1; +http://www.google.com/bot.html)"
66.249.68.68 - - [10/Mar/2026:11:46:54 +0000] "GET /radiators-ballarat-k.html HTTP/1.1" 200 58828 "-" "Mozilla/5.0 (Linux; Android 6.0.1; Nexus 5X Build/MMB29P) AppleWebKit/537.36 (KHTML, like Gecko) Chrome/145.0.7632.116 Mobile Safari/537.36 (compatible; GoogleOther)"
66.249.68.68 - - [10/Mar/2026:11:47:12 +0000] "GET /asia-mobile-k.html HTTP/1.1" 200 58828 "-" "Mozilla/5.0 (Linux; Android 6.0.1; Nexus 5X Build/MMB29P) AppleWebKit/537.36 (KHTML, like Gecko) Chrome/145.0.7632.116 Mobile Safari/537.36 (compatible; Googlebot/2.1; +http://www.google.com/bot.html)"
66.249.68.68 - - [10/Mar/2026:11:47:22 +0000] "GET /pages.php?q-~83nucVnj6IIn89Y6K1HZ11PgNZfLGdNL14352/ HTTP/1.1" 403 58828 "-" "Mozilla/5.0 (Linux; Android 6.0.1; Nexus 5X Build/MMB29P) AppleWebKit/537.36 (KHTML, like Gecko) Chrome/145.0.7632.116 Mobile Safari/537.36 (compatible; Googlebot/2.1; +http://www.google.com/bot.html)"
66.249.68.68 - - [10/Mar/2026:11:47:30 +0000] "GET /bottles-detergent-k.html HTTP/1.1" 200 58828 "-" "Mozilla/5.0 (Linux; Android 6.0.1; Nexus 5X Build/MMB29P) AppleWebKit/537.36 (KHTML, like Gecko) Chrome/145.0.7632.116 Mobile Safari/537.36 (compatible; GoogleOther)"
66.249.68.68 - - [10/Mar/2026:11:47:30 +0000] "GET /?_gl=1*cjqfp0e*_ga*TMinkatOJUqJNjUQNVeOSXzKNIGS*_ga_ZWVZKEBUE*fGnJ3iZkY5N6BLlGKwlWitKOLWkxMRC3LQF5UcEDmjyeWojV4tmthDj.*_gcl_au=1.1.192920604.173227384*_gcl_aw=CMM.177014604.ASWbvk6sAxOmu8O6aAacBoL4cZGbpS9uXs8iVx2JERjBQf8F6ExkSINXj9J45HKw8BFqA2vjDwXGUp4pjgTEbBQYWR..&_gz=2.196890599.192927593.175427432-868299431.163820964&_bdsid=xr2xwi.n~KGDUT.179570793.170232373&_bd_prev_page=https://azamsportsacademy.com/collect.html?products/151cw42646 HTTP/1.1" 200 58828 "-" "Mozilla/5.0 (Linux; Android 6.0.1; Nexus 5X Build/MMB29P) AppleWebKit/537.36 (KHTML, like Gecko) Chrome/145.0.7632.116 Mobile Safari/537.36 (compatible; Googlebot/2.1; +http://www.google.com/bot.html)"
66.249.68.68 - - [10/Mar/2026:11:47:48 +0000] "GET /2005-prius-brake-light-bulb-k.html HTTP/1.1" 200 58828 "-" "Mozilla/5.0 (Linux; Android 6.0.1; Nexus 5X Build/MMB29P) AppleWebKit/537.36 (KHTML, like Gecko) Chrome/145.0.7632.116 Mobile Safari/537.36 (compatible; GoogleOther)"
66.249.68.70 - - [10/Mar/2026:11:48:06 +0000] "GET /radiators-ballarat-k.html HTTP/1.1" 200 58828 "-" "Mozilla/5.0 (Linux; Android 6.0.1; Nexus 5X Build/MMB29P) AppleWebKit/537.36 (KHTML, like Gecko) Chrome/145.0.7632.116 Mobile Safari/537.36 (compatible; Googlebot/2.1; +http://www.google.com/bot.html)"
66.249.68.69 - - [10/Mar/2026:11:48:09 +0000] "GET /pages.php?q-~88rbNYm0DMxoO46O9vMMdBlzzfy6rI5Q30785/ HTTP/1.1" 403 58828 "-" "Mozilla/5.0 (Linux; Android 6.0.1; Nexus 5X Build/MMB29P) AppleWebKit/537.36 (KHTML, like Gecko) Chrome/145.0.7632.116 Mobile Safari/537.36 (compatible; Googlebot/2.1; +http://www.google.com/bot.html)"
66.249.68.70 - - [10/Mar/2026:11:48:24 +0000] "GET /amara-massage-burwood-k.html HTTP/1.1" 200 58828 "-" "Mozilla/5.0 (Linux; Android 6.0.1; Nexus 5X Build/MMB29P) AppleWebKit/537.36 (KHTML, like Gecko) Chrome/145.0.7632.116 Mobile Safari/537.36 (compatible; GoogleOther)"
66.249.68.69 - - [10/Mar/2026:11:48:56 +0000] "GET /pages.php?accurately/fork265/k0ecw-19893/ HTTP/1.1" 403 58828 "-" "Mozilla/5.0 (Linux; Android 6.0.1; Nexus 5X Build/MMB29P) AppleWebKit/537.36 (KHTML, like Gecko) Chrome/145.0.7632.116 Mobile Safari/537.36 (compatible; Googlebot/2.1; +http://www.google.com/bot.html)"
66.249.68.68 - - [10/Mar/2026:11:50:14 +0000] "GET /291797088?entity=0291156230 HTTP/1.1" 200 58828 "-" "Mozilla/5.0 (Linux; Android 6.0.1; Nexus 5X Build/MMB29P) AppleWebKit/537.36 (KHTML, like Gecko) Chrome/145.0.7632.116 Mobile Safari/537.36 (compatible; Googlebot/2.1; +http://www.google.com/bot.html)"
66.249.68.68 - - [10/Mar/2026:11:50:53 +0000] "GET /307459823?entity=0306784542 HTTP/1.1" 200 58828 "-" "Mozilla/5.0 (Linux; Android 6.0.1; Nexus 5X Build/MMB29P) AppleWebKit/537.36 (KHTML, like Gecko) Chrome/145.0.7632.116 Mobile Safari/537.36 (compatible; Googlebot/2.1; +http://www.google.com/bot.html)"
66.249.68.70 - - [10/Mar/2026:11:51:16 +0000] "GET /zhHant/product/surugaya/9239246?campaign_uid=f64d716db5e979ed2f947dbaf4296895b951ae7f HTTP/1.1" 200 58828 "-" "Mozilla/5.0 (Linux; Android 6.0.1; Nexus 5X Build/MMB29P) AppleWebKit/537.36 (KHTML, like Gecko) Chrome/145.0.7632.116 Mobile Safari/537.36 (compatible; Googlebot/2.1; +http://www.google.com/bot.html)"
66.249.68.70 - - [10/Mar/2026:11:52:02 +0000] "GET /307456311?entity=0306781038 HTTP/1.1" 200 58828 "-" "Mozilla/5.0 (Linux; Android 6.0.1; Nexus 5X Build/MMB29P) AppleWebKit/537.36 (KHTML, like Gecko) Chrome/145.0.7632.116 Mobile Safari/537.36 (compatible; Googlebot/2.1; +http://www.google.com/bot.html)"
185.24.61.178 - - [10/Mar/2026:11:52:12 +0000] "GET / HTTP/1.1" 200 58828 "-" "Mozilla/5.0 (Windows NT 10.0; Win64; x64) AppleWebKit/537.36 (KHTML, like Gecko) Chrome/120.0.0.0 Safari/537.36"
46.72.111.9 - - [10/Mar/2026:11:52:16 +0000] "GET /wp-login.php HTTP/1.1" 200 58828 "-" "Mozilla/5.0 (Windows NT 10.0; Win64; x64) AppleWebKit/537.36 (KHTML, like Gecko) Chrome/120.0.0.0 Safari/537.36"
1.173.50.96 - - [10/Mar/2026:11:52:34 +0000] "POST /wp-login.php HTTP/1.1" 200 58828 "https://azamsportsacademy.com/wp-login.php" "Mozilla/5.0 (Windows NT 10.0; Win64; x64) AppleWebKit/537.36 (KHTML, like Gecko) Chrome/120.0.0.0 Safari/537.36"
180.241.214.37 - - [10/Mar/2026:11:52:43 +0000] "POST /wp-login.php HTTP/1.1" 200 58828 "https://azamsportsacademy.com/wp-login.php" "Mozilla/5.0 (Windows NT 10.0; Win64; x64) AppleWebKit/537.36 (KHTML, like Gecko) Chrome/120.0.0.0 Safari/537.36"
66.249.68.69 - - [10/Mar/2026:11:52:48 +0000] "GET /292262439?entity=0291620558 HTTP/1.1" 200 58828 "-" "Mozilla/5.0 (Linux; Android 6.0.1; Nexus 5X Build/MMB29P) AppleWebKit/537.36 (KHTML, like Gecko) Chrome/145.0.7632.116 Mobile Safari/537.36 (compatible; Googlebot/2.1; +http://www.google.com/bot.html)"
176.205.203.197 - - [10/Mar/2026:11:52:51 +0000] "POST /wp-login.php HTTP/1.1" 200 58828 "https://azamsportsacademy.com/wp-login.php" "Mozilla/5.0 (Windows NT 10.0; Win64; x64) AppleWebKit/537.36 (KHTML, like Gecko) Chrome/120.0.0.0 Safari/537.36"
94.204.197.61 - - [10/Mar/2026:11:52:54 +0000] "POST /xmlrpc.php HTTP/1.1" 200 58828 "-" "WordPress/5.0; https://azamsportsacademy.com"
171.10.116.71 - - [10/Mar/2026:11:54:14 +0000] "GET / HTTP/1.1" 200 58828 "-" "Mozilla/5.0 (Linux; Android 15; 23013RK75C Build/AQ3A.250226.002; wv) AppleWebKit/537.36 (KHTML, like Gecko) Version/4.0 Chrome/131.0.6778.260 Mobile Safari/537.36 aid/6589 bytedancewebview/d8a21c6"
66.249.68.69 - - [10/Mar/2026:11:54:22 +0000] "GET /pages.php?ranch/block217/36ejm-47073/ HTTP/1.1" 403 58828 "-" "Mozilla/5.0 (Linux; Android 6.0.1; Nexus 5X Build/MMB29P) AppleWebKit/537.36 (KHTML, like Gecko) Chrome/145.0.7632.116 Mobile Safari/537.36 (compatible; Googlebot/2.1; +http://www.google.com/bot.html)"
66.249.68.70 - - [10/Mar/2026:11:55:08 +0000] "GET /pages.php?q-~185A48EvvKF7sedy10IztrzpQ11ZnPSSs30682/ HTTP/1.1" 403 58828 "-" "Mozilla/5.0 (Linux; Android 6.0.1; Nexus 5X Build/MMB29P) AppleWebKit/537.36 (KHTML, like Gecko) Chrome/145.0.7632.116 Mobile Safari/537.36 (compatible; Googlebot/2.1; +http://www.google.com/bot.html)"
51.75.236.128 - - [10/Mar/2026:11:55:25 +0000] "GET /category/casino/feed/ HTTP/1.1" 200 58828 "-" "Mozilla/5.0 (compatible; AhrefsBot/7.0; +http://ahrefs.com/robot/)"
66.249.68.68 - - [10/Mar/2026:11:57:20 +0000] "GET /pages.php?financial/reality261/wunjh-8073/ HTTP/1.1" 403 58828 "-" "Mozilla/5.0 (Linux; Android 6.0.1; Nexus 5X Build/MMB29P) AppleWebKit/537.36 (KHTML, like Gecko) Chrome/145.0.7632.116 Mobile Safari/537.36 (compatible; Googlebot/2.1; +http://www.google.com/bot.html)"
66.249.68.68 - - [10/Mar/2026:11:57:37 +0000] "GET /pages.php?q-~292ZT00O0qQa1SWCDqEsqmagMMK7xFt7t6675/ HTTP/1.1" 403 58828 "-" "Mozilla/5.0 (Linux; Android 6.0.1; Nexus 5X Build/MMB29P) AppleWebKit/537.36 (KHTML, like Gecko) Chrome/145.0.7632.116 Mobile Safari/537.36 (compatible; Googlebot/2.1; +http://www.google.com/bot.html)"
17.241.75.166 - - [10/Mar/2026:11:57:44 +0000] "GET /pages.php?q-~123wdeabgKU2XzzdjlZSoZZxl50UGZl5o29598/ HTTP/1.1" 403 58828 "-" "Mozilla/5.0 (Macintosh; Intel Mac OS X 10_15_7) AppleWebKit/605.1.15 (KHTML, like Gecko) Version/17.4 Safari/605.1.15 (Applebot/0.1; +http://www.apple.com/go/applebot)"
66.249.68.69 - - [10/Mar/2026:11:58:16 +0000] "GET /pages.php?base/rely126/9ndwa-37044/ HTTP/1.1" 403 58828 "-" "Mozilla/5.0 (Linux; Android 6.0.1; Nexus 5X Build/MMB29P) AppleWebKit/537.36 (KHTML, like Gecko) Chrome/145.0.7632.116 Mobile Safari/537.36 (compatible; Googlebot/2.1; +http://www.google.com/bot.html)"
66.249.68.69 - - [10/Mar/2026:11:58:48 +0000] "GET /strategic-walkers-padroneggiare-la-strada-ad-alto/ HTTP/1.1" 200 58828 "-" "Mozilla/5.0 (Linux; Android 6.0.1; Nexus 5X Build/MMB29P) AppleWebKit/537.36 (KHTML, like Gecko) Chrome/145.0.7632.116 Mobile Safari/537.36 (compatible; GoogleOther)"
66.249.68.68 - - [10/Mar/2026:11:58:55 +0000] "GET /pages.php?largely/innovation46/0dhcd-8534/ HTTP/1.1" 403 58828 "-" "Mozilla/5.0 (Linux; Android 6.0.1; Nexus 5X Build/MMB29P) AppleWebKit/537.36 (KHTML, like Gecko) Chrome/145.0.7632.116 Mobile Safari/537.36 (compatible; Googlebot/2.1; +http://www.google.com/bot.html)"
66.249.68.70 - - [10/Mar/2026:11:59:34 +0000] "GET /27565919?entity=0027505790 HTTP/1.1" 200 58828 "-" "Mozilla/5.0 (Linux; Android 6.0.1; Nexus 5X Build/MMB29P) AppleWebKit/537.36 (KHTML, like Gecko) Chrome/145.0.7632.116 Mobile Safari/537.36 (compatible; Googlebot/2.1; +http://www.google.com/bot.html)"
66.249.68.68 - - [10/Mar/2026:11:59:34 +0000] "GET /products/22yu48143 HTTP/1.1" 200 58828 "-" "Mozilla/5.0 (Linux; Android 6.0.1; Nexus 5X Build/MMB29P) AppleWebKit/537.36 (KHTML, like Gecko) Chrome/145.0.7632.116 Mobile Safari/537.36 (compatible; Googlebot/2.1; +http://www.google.com/bot.html)"
66.249.68.68 - - [10/Mar/2026:12:00:13 +0000] "GET /pages.php?lean/scary205/n0wh2-21439/ HTTP/1.1" 403 58828 "-" "Mozilla/5.0 (Linux; Android 6.0.1; Nexus 5X Build/MMB29P) AppleWebKit/537.36 (KHTML, like Gecko) Chrome/145.0.7632.116 Mobile Safari/537.36 (compatible; Googlebot/2.1; +http://www.google.com/bot.html)"
66.249.68.68 - - [10/Mar/2026:12:00:52 +0000] "GET /pages.php?q-~37m2AWvPLuGgsiIRCHyUeVUK5yluHjtV16874/ HTTP/1.1" 403 58828 "-" "Mozilla/5.0 (Linux; Android 6.0.1; Nexus 5X Build/MMB29P) AppleWebKit/537.36 (KHTML, like Gecko) Chrome/145.0.7632.116 Mobile Safari/537.36 (compatible; Googlebot/2.1; +http://www.google.com/bot.html)"
66.249.68.70 - - [10/Mar/2026:12:01:21 +0000] "GET /pages.php?bless/online177/chh58-47477/ HTTP/1.1" 403 58828 "-" "Mozilla/5.0 (Linux; Android 6.0.1; Nexus 5X Build/MMB29P) AppleWebKit/537.36 (KHTML, like Gecko) Chrome/145.0.7632.116 Mobile Safari/537.36 (compatible; Googlebot/2.1; +http://www.google.com/bot.html)"
51.75.236.155 - - [10/Mar/2026:12:01:39 +0000] "GET /category/2/ HTTP/1.1" 200 58828 "-" "Mozilla/5.0 (compatible; AhrefsBot/7.0; +http://ahrefs.com/robot/)"
66.249.68.68 - - [10/Mar/2026:12:02:08 +0000] "GET /pages.php?q-~30EOjTFv4Y18ut4NQ61KNLcZdortYbit13107/ HTTP/1.1" 403 58828 "-" "Mozilla/5.0 (Linux; Android 6.0.1; Nexus 5X Build/MMB29P) AppleWebKit/537.36 (KHTML, like Gecko) Chrome/145.0.7632.116 Mobile Safari/537.36 (compatible; Googlebot/2.1; +http://www.google.com/bot.html)"
74.7.227.32 - - [10/Mar/2026:12:03:27 +0000] "GET /wp-content/plugins/designthemes-portfolio-addon/css/responsive.css?ver=5.7.14 HTTP/1.1" 200 51158 "https://azamsportsacademy.com/?sitemapindex_xml" "Mozilla/5.0 AppleWebKit/537.36 (KHTML, like Gecko; compatible; GPTBot/1.3; +https://openai.com/gptbot)"
74.7.227.32 - - [10/Mar/2026:12:03:36 +0000] "GET /wp-includes/js/dist/vendor/wp-polyfill-node-contains.min.js?ver=3.42.0 HTTP/1.1" 200 353 "https://azamsportsacademy.com/?sitemapindex_xml" "Mozilla/5.0 AppleWebKit/537.36 (KHTML, like Gecko; compatible; GPTBot/1.3; +https://openai.com/gptbot)"
74.7.227.32 - - [10/Mar/2026:12:03:38 +0000] "GET /wp-content/themes/pallikoodam/css/browsers.css?ver=1.5 HTTP/1.1" 200 7868 "https://azamsportsacademy.com/?sitemapindex_xml" "Mozilla/5.0 AppleWebKit/537.36 (KHTML, like Gecko; compatible; GPTBot/1.3; +https://openai.com/gptbot)"
66.249.68.69 - - [10/Mar/2026:12:03:41 +0000] "GET /pages.php?participation/affect237/aor1u-21917/ HTTP/1.1" 403 58828 "-" "Mozilla/5.0 (Linux; Android 6.0.1; Nexus 5X Build/MMB29P) AppleWebKit/537.36 (KHTML, like Gecko) Chrome/145.0.7632.116 Mobile Safari/537.36 (compatible; Googlebot/2.1; +http://www.google.com/bot.html)"
66.249.68.70 - - [10/Mar/2026:12:06:01 +0000] "GET /pages.php?advocate/salmon17/glunn-19933/ HTTP/1.1" 403 58828 "-" "Mozilla/5.0 (Linux; Android 6.0.1; Nexus 5X Build/MMB29P) AppleWebKit/537.36 (KHTML, like Gecko) Chrome/145.0.7632.116 Mobile Safari/537.36 (compatible; Googlebot/2.1; +http://www.google.com/bot.html)"
66.249.68.68 - - [10/Mar/2026:12:06:48 +0000] "GET /pages.php?attempt/important31/c0q3a-28473/ HTTP/1.1" 403 58828 "-" "Mozilla/5.0 (Linux; Android 6.0.1; Nexus 5X Build/MMB29P) AppleWebKit/537.36 (KHTML, like Gecko) Chrome/145.0.7632.116 Mobile Safari/537.36 (compatible; Googlebot/2.1; +http://www.google.com/bot.html)"
66.249.68.68 - - [10/Mar/2026:12:07:34 +0000] "GET /cate/43316 HTTP/1.1" 200 58828 "-" "Mozilla/5.0 (Linux; Android 6.0.1; Nexus 5X Build/MMB29P) AppleWebKit/537.36 (KHTML, like Gecko) Chrome/145.0.7632.116 Mobile Safari/537.36 (compatible; Googlebot/2.1; +http://www.google.com/bot.html)"
5.39.1.255 - - [10/Mar/2026:12:08:25 +0000] "GET /casino-utan-spelpaus-betalningsmetoder-och/feed/ HTTP/1.1" 200 58828 "-" "Mozilla/5.0 (compatible; AhrefsBot/7.0; +http://ahrefs.com/robot/)"
66.249.68.68 - - [10/Mar/2026:12:08:51 +0000] "GET /pages.php?q-~66oIhdzF1ovwzZSaH5HTfYOZaA5Xv16Z1659/ HTTP/1.1" 403 58828 "-" "Mozilla/5.0 (Linux; Android 6.0.1; Nexus 5X Build/MMB29P) AppleWebKit/537.36 (KHTML, like Gecko) Chrome/145.0.7632.116 Mobile Safari/537.36 (compatible; Googlebot/2.1; +http://www.google.com/bot.html)"
17.22.253.72 - - [10/Mar/2026:12:10:54 +0000] "GET /pages.php?metropolitan/figure220/2l6qt-46810/ HTTP/1.1" 403 58828 "-" "Mozilla/5.0 (Macintosh; Intel Mac OS X 10_15_7) AppleWebKit/605.1.15 (KHTML, like Gecko) Version/17.4 Safari/605.1.15 (Applebot/0.1; +http://www.apple.com/go/applebot)"
66.249.68.68 - - [10/Mar/2026:12:14:22 +0000] "GET /pages.php?q-~66InCOo6RJ6trNvR1foo8eqksm6au6io44573/ HTTP/1.1" 403 58828 "-" "Mozilla/5.0 (Linux; Android 6.0.1; Nexus 5X Build/MMB29P) AppleWebKit/537.36 (KHTML, like Gecko) Chrome/145.0.7632.116 Mobile Safari/537.36 (compatible; Googlebot/2.1; +http://www.google.com/bot.html)"
66.249.68.69 - - [10/Mar/2026:12:14:35 +0000] "GET /pages.php?q-~3CbnfDc8v4A9hk48m4Ecfqb8dSBieDJ26868/ HTTP/1.1" 403 58828 "-" "Mozilla/5.0 (Linux; Android 6.0.1; Nexus 5X Build/MMB29P) AppleWebKit/537.36 (KHTML, like Gecko) Chrome/145.0.7632.116 Mobile Safari/537.36 (compatible; Googlebot/2.1; +http://www.google.com/bot.html)"
66.249.68.68 - - [10/Mar/2026:12:14:46 +0000] "GET /pages.php?q-~138byfp9npihUwJuxqzw9kKyVc10ZSFgI18925/ HTTP/1.1" 403 58828 "-" "Mozilla/5.0 (Linux; Android 6.0.1; Nexus 5X Build/MMB29P) AppleWebKit/537.36 (KHTML, like Gecko) Chrome/145.0.7632.116 Mobile Safari/537.36 (compatible; Googlebot/2.1; +http://www.google.com/bot.html)"
54.37.118.67 - - [10/Mar/2026:12:15:13 +0000] "GET /tag/art/ HTTP/1.1" 200 58828 "-" "Mozilla/5.0 (compatible; AhrefsBot/7.0; +http://ahrefs.com/robot/)"
66.249.68.69 - - [10/Mar/2026:12:15:20 +0000] "GET /pages.php?q-~123W4I585uZ0snMix9gszPNFIaE3RRU7Z30152/ HTTP/1.1" 403 58828 "-" "Mozilla/5.0 (Linux; Android 6.0.1; Nexus 5X Build/MMB29P) AppleWebKit/537.36 (KHTML, like Gecko) Chrome/145.0.7632.116 Mobile Safari/537.36 (compatible; Googlebot/2.1; +http://www.google.com/bot.html)"
66.249.68.68 - - [10/Mar/2026:12:16:07 +0000] "GET /pages.php?factor/behavioral144/3n39a-28994/ HTTP/1.1" 403 58828 "-" "Mozilla/5.0 (Linux; Android 6.0.1; Nexus 5X Build/MMB29P) AppleWebKit/537.36 (KHTML, like Gecko) Chrome/145.0.7632.116 Mobile Safari/537.36 (compatible; Googlebot/2.1; +http://www.google.com/bot.html)"
66.249.68.69 - - [10/Mar/2026:12:16:54 +0000] "GET /pages.php?killing/boss174/yok0b-24354/ HTTP/1.1" 403 58828 "-" "Mozilla/5.0 (Linux; Android 6.0.1; Nexus 5X Build/MMB29P) AppleWebKit/537.36 (KHTML, like Gecko) Chrome/145.0.7632.116 Mobile Safari/537.36 (compatible; Googlebot/2.1; +http://www.google.com/bot.html)"
66.249.68.68 - - [10/Mar/2026:12:18:13 +0000] "GET /pages.php?q-~8FTFNLtGPRCaLqoJ7aHYCTU8pgdFsbx41817/ HTTP/1.1" 403 58828 "-" "Mozilla/5.0 (Linux; Android 6.0.1; Nexus 5X Build/MMB29P) AppleWebKit/537.36 (KHTML, like Gecko) Chrome/145.0.7632.116 Mobile Safari/537.36 (compatible; Googlebot/2.1; +http://www.google.com/bot.html)"
66.249.68.69 - - [10/Mar/2026:12:18:52 +0000] "GET /pages.php?q-~94NH7dN7id9UxU5b5FzFMIYSHPIWTTGu43025/ HTTP/1.1" 403 58828 "-" "Mozilla/5.0 (Linux; Android 6.0.1; Nexus 5X Build/MMB29P) AppleWebKit/537.36 (KHTML, like Gecko) Chrome/145.0.7632.116 Mobile Safari/537.36 (compatible; Googlebot/2.1; +http://www.google.com/bot.html)"
66.249.68.69 - - [10/Mar/2026:12:18:52 +0000] "GET /pages.php?q-~146nRoc9ndZGiwfnQSjnwlDdMGQHWdeKh22455/ HTTP/1.1" 403 58828 "-" "Mozilla/5.0 (Linux; Android 6.0.1; Nexus 5X Build/MMB29P) AppleWebKit/537.36 (KHTML, like Gecko) Chrome/145.0.7632.116 Mobile Safari/537.36 (compatible; Googlebot/2.1; +http://www.google.com/bot.html)"
66.249.68.70 - - [10/Mar/2026:12:20:26 +0000] "GET /pages.php?q-~141OxhQ7GOIb7IVFWjC2epWphvfL4OwyZ11132/ HTTP/1.1" 403 58828 "-" "Mozilla/5.0 (Linux; Android 6.0.1; Nexus 5X Build/MMB29P) AppleWebKit/537.36 (KHTML, like Gecko) Chrome/145.0.7632.116 Mobile Safari/537.36 (compatible; Googlebot/2.1; +http://www.google.com/bot.html)"
66.249.68.68 - - [10/Mar/2026:12:21:05 +0000] "GET /pages.php?q-~213ZLLJ6d4iHrToZX0KRueY4zEmDhXU7n10588/ HTTP/1.1" 403 58828 "-" "Mozilla/5.0 (Linux; Android 6.0.1; Nexus 5X Build/MMB29P) AppleWebKit/537.36 (KHTML, like Gecko) Chrome/145.0.7632.116 Mobile Safari/537.36 (compatible; Googlebot/2.1; +http://www.google.com/bot.html)"
54.37.118.70 - - [10/Mar/2026:12:21:30 +0000] "GET /tag/school/ HTTP/1.1" 200 58828 "-" "Mozilla/5.0 (compatible; AhrefsBot/7.0; +http://ahrefs.com/robot/)"
66.249.68.69 - - [10/Mar/2026:12:21:45 +0000] "GET /pages.php?q-~46kQVCyHcE0rwA4O98TkrRFxqxm0aavC4899/ HTTP/1.1" 403 58828 "-" "Mozilla/5.0 (Linux; Android 6.0.1; Nexus 5X Build/MMB29P) AppleWebKit/537.36 (KHTML, like Gecko) Chrome/145.0.7632.116 Mobile Safari/537.36 (compatible; Googlebot/2.1; +http://www.google.com/bot.html)"
66.249.68.69 - - [10/Mar/2026:12:21:46 +0000] "GET /product/edit/21593669 HTTP/1.1" 200 58828 "-" "Mozilla/5.0 (Linux; Android 6.0.1; Nexus 5X Build/MMB29P) AppleWebKit/537.36 (KHTML, like Gecko) Chrome/145.0.7632.116 Mobile Safari/537.36 (compatible; Googlebot/2.1; +http://www.google.com/bot.html)"
66.249.68.69 - - [10/Mar/2026:12:22:20 +0000] "GET /pages.php?tap/reach85/9hsky-42345/ HTTP/1.1" 403 58828 "-" "Mozilla/5.0 (Linux; Android 6.0.1; Nexus 5X Build/MMB29P) AppleWebKit/537.36 (KHTML, like Gecko) Chrome/145.0.7632.116 Mobile Safari/537.36 (compatible; Googlebot/2.1; +http://www.google.com/bot.html)"
17.246.15.68 - - [10/Mar/2026:12:22:54 +0000] "GET /pages.php?q-~254EDhheEf9ubVgRRjk7szaC7DCv8AJ1A5779/ HTTP/1.1" 403 58828 "-" "Mozilla/5.0 (Macintosh; Intel Mac OS X 10_15_7) AppleWebKit/605.1.15 (KHTML, like Gecko) Version/17.4 Safari/605.1.15 (Applebot/0.1; +http://www.apple.com/go/applebot)"
66.249.68.68 - - [10/Mar/2026:12:23:07 +0000] "GET /pages.php?q-~114WP9NtfuNu4AmGUPJfnWXvI0NGyBDhh5099/ HTTP/1.1" 403 58828 "-" "Mozilla/5.0 (Linux; Android 6.0.1; Nexus 5X Build/MMB29P) AppleWebKit/537.36 (KHTML, like Gecko) Chrome/145.0.7632.116 Mobile Safari/537.36 (compatible; Googlebot/2.1; +http://www.google.com/bot.html)"
66.249.68.69 - - [10/Mar/2026:12:23:53 +0000] "GET /pages.php?q-~151bsSI9SqmIBXBvs0bAzAfw9xp38TkcD8794/ HTTP/1.1" 403 58828 "-" "Mozilla/5.0 (Linux; Android 6.0.1; Nexus 5X Build/MMB29P) AppleWebKit/537.36 (KHTML, like Gecko) Chrome/145.0.7632.116 Mobile Safari/537.36 (compatible; Googlebot/2.1; +http://www.google.com/bot.html)"
66.249.68.69 - - [10/Mar/2026:12:24:40 +0000] "GET /pages.php?q-~252trRqfLIBqrthCm4ngwiuAfpW98kPyx11789/ HTTP/1.1" 403 58828 "-" "Mozilla/5.0 (Linux; Android 6.0.1; Nexus 5X Build/MMB29P) AppleWebKit/537.36 (KHTML, like Gecko) Chrome/145.0.7632.116 Mobile Safari/537.36 (compatible; Googlebot/2.1; +http://www.google.com/bot.html)"
66.249.68.69 - - [10/Mar/2026:12:25:26 +0000] "GET /pages.php?q-~61qyANgFHITsvPdr2pVt6BYhrwYwnXgL7636/ HTTP/1.1" 403 58828 "-" "Mozilla/5.0 (Linux; Android 6.0.1; Nexus 5X Build/MMB29P) AppleWebKit/537.36 (KHTML, like Gecko) Chrome/145.0.7632.116 Mobile Safari/537.36 (compatible; Googlebot/2.1; +http://www.google.com/bot.html)"
66.249.68.68 - - [10/Mar/2026:12:26:13 +0000] "GET /pages.php?q-~264M9xVmzqSDw2bv8z08PK5pub2YPDw4K11559/ HTTP/1.1" 403 58828 "-" "Mozilla/5.0 (Linux; Android 6.0.1; Nexus 5X Build/MMB29P) AppleWebKit/537.36 (KHTML, like Gecko) Chrome/145.0.7632.116 Mobile Safari/537.36 (compatible; Googlebot/2.1; +http://www.google.com/bot.html)"
111.225.148.99 - - [10/Mar/2026:12:26:47 +0000] "GET /robots.txt HTTP/1.1" 200 88 "-" "Mozilla/5.0 (Linux; Android 5.0) AppleWebKit/537.36 (KHTML, like Gecko) Mobile Safari/537.36 (compatible; Bytespider; https://zhanzhang.toutiao.com/)"
66.249.68.69 - - [10/Mar/2026:12:27:42 +0000] "GET /pages.php?q-~151DAYTLcUnfdB0KTEYCed9yMVdWNjxJy17474/ HTTP/1.1" 403 58828 "-" "Mozilla/5.0 (Linux; Android 6.0.1; Nexus 5X Build/MMB29P) AppleWebKit/537.36 (KHTML, like Gecko) Chrome/145.0.7632.116 Mobile Safari/537.36 (compatible; Googlebot/2.1; +http://www.google.com/bot.html)"
66.249.68.69 - - [10/Mar/2026:12:30:06 +0000] "GET /search?category=309&search_word= HTTP/1.1" 200 58828 "-" "Mozilla/5.0 (Linux; Android 6.0.1; Nexus 5X Build/MMB29P) AppleWebKit/537.36 (KHTML, like Gecko) Chrome/145.0.7632.116 Mobile Safari/537.36 (compatible; Googlebot/2.1; +http://www.google.com/bot.html)"
66.249.68.69 - - [10/Mar/2026:12:30:10 +0000] "GET /wp-content/plugins/yith-woocommerce-wishlist/assets/css/font-awesome.css?ver=4.7.0 HTTP/1.1" 200 30603 "https://azamsportsacademy.com/chicken-road-crash-dominando-el-tiempo-y-el-riesgo/" "Mozilla/5.0 (Linux; Android 6.0.1; Nexus 5X Build/MMB29P) AppleWebKit/537.36 (KHTML, like Gecko) Chrome/145.0.7632.116 Mobile Safari/537.36 (compatible; GoogleOther)"
66.249.68.69 - - [10/Mar/2026:12:30:11 +0000] "GET /wp-content/plugins/designthemes-portfolio-addon/css/jquery.multiscroll.css?ver=5.7.14 HTTP/1.1" 200 2024 "https://azamsportsacademy.com/chicken-road-crash-dominando-el-tiempo-y-el-riesgo/" "Mozilla/5.0 (Linux; Android 6.0.1; Nexus 5X Build/MMB29P) AppleWebKit/537.36 (KHTML, like Gecko) Chrome/145.0.7632.116 Mobile Safari/537.36 (compatible; GoogleOther)"
66.249.68.69 - - [10/Mar/2026:12:30:12 +0000] "GET /wp-content/plugins/yith-woocommerce-wishlist/assets/css/jquery.selectBox.css?ver=1.2.0 HTTP/1.1" 200 2630 "https://azamsportsacademy.com/chicken-road-crash-dominando-el-tiempo-y-el-riesgo/" "Mozilla/5.0 (Linux; Android 6.0.1; Nexus 5X Build/MMB29P) AppleWebKit/537.36 (KHTML, like Gecko) Chrome/145.0.7632.116 Mobile Safari/537.36 (compatible; GoogleOther)"
66.249.68.68 - - [10/Mar/2026:12:30:13 +0000] "GET /wp-content/plugins/designthemes-portfolio-addon/css/jquery.fullPage.css?ver=5.7.14 HTTP/1.1" 200 5218 "https://azamsportsacademy.com/chicken-road-crash-dominando-el-tiempo-y-el-riesgo/" "Mozilla/5.0 (Linux; Android 6.0.1; Nexus 5X Build/MMB29P) AppleWebKit/537.36 (KHTML, like Gecko) Chrome/145.0.7632.116 Mobile Safari/537.36 (compatible; GoogleOther)"
66.249.68.68 - - [10/Mar/2026:12:30:13 +0000] "GET /wp-content/plugins/designthemes-portfolio-addon/css/animations.css?ver=5.7.14 HTTP/1.1" 200 68975 "https://azamsportsacademy.com/chicken-road-crash-dominando-el-tiempo-y-el-riesgo/" "Mozilla/5.0 (Linux; Android 6.0.1; Nexus 5X Build/MMB29P) AppleWebKit/537.36 (KHTML, like Gecko) Chrome/145.0.7632.116 Mobile Safari/537.36 (compatible; GoogleOther)"
66.249.68.69 - - [10/Mar/2026:12:30:14 +0000] "GET /wp-content/plugins/contact-form-7/includes/css/styles.css?ver=5.4.1 HTTP/1.1" 200 2640 "https://azamsportsacademy.com/chicken-road-crash-dominando-el-tiempo-y-el-riesgo/" "Mozilla/5.0 (Linux; Android 6.0.1; Nexus 5X Build/MMB29P) AppleWebKit/537.36 (KHTML, like Gecko) Chrome/145.0.7632.116 Mobile Safari/537.36 (compatible; GoogleOther)"
66.249.68.68 - - [10/Mar/2026:12:30:15 +0000] "GET /wp-content/themes/pallikoodam/css/woocommerce/woocommerce-hovers.css?ver=1.5 HTTP/1.1" 200 113688 "https://azamsportsacademy.com/chicken-road-crash-dominando-el-tiempo-y-el-riesgo/" "Mozilla/5.0 (Linux; Android 6.0.1; Nexus 5X Build/MMB29P) AppleWebKit/537.36 (KHTML, like Gecko) Chrome/145.0.7632.116 Mobile Safari/537.36 (compatible; GoogleOther)"
66.249.68.68 - - [10/Mar/2026:12:30:16 +0000] "GET /wp-content/plugins/LayerSlider/assets/static/layerslider/js/layerslider.kreaturamedia.jquery.js?ver=6.11.8 HTTP/1.1" 200 123164 "https://azamsportsacademy.com/chicken-road-crash-dominando-el-tiempo-y-el-riesgo/" "Mozilla/5.0 (Linux; Android 6.0.1; Nexus 5X Build/MMB29P) AppleWebKit/537.36 (KHTML, like Gecko) Chrome/145.0.7632.116 Mobile Safari/537.36 (compatible; GoogleOther)"
66.249.68.68 - - [10/Mar/2026:12:30:17 +0000] "GET /wp-includes/js/wp-emoji-release.min.js?ver=5.7.14 HTTP/1.1" 200 14229 "https://azamsportsacademy.com/chicken-road-crash-dominando-el-tiempo-y-el-riesgo/" "Mozilla/5.0 (Linux; Android 6.0.1; Nexus 5X Build/MMB29P) AppleWebKit/537.36 (KHTML, like Gecko) Chrome/145.0.7632.116 Mobile Safari/537.36 (compatible; GoogleOther)"
66.249.68.68 - - [10/Mar/2026:12:30:17 +0000] "GET /wp-includes/css/dist/block-library/theme.min.css?ver=5.7.14 HTTP/1.1" 200 2714 "https://azamsportsacademy.com/chicken-road-crash-dominando-el-tiempo-y-el-riesgo/" "Mozilla/5.0 (Linux; Android 6.0.1; Nexus 5X Build/MMB29P) AppleWebKit/537.36 (KHTML, like Gecko) Chrome/145.0.7632.116 Mobile Safari/537.36 (compatible; GoogleOther)"
66.249.68.68 - - [10/Mar/2026:12:30:18 +0000] "GET /wp-content/plugins/designthemes-portfolio-addon/css/designthemes.css?ver=5.7.14 HTTP/1.1" 200 632 "https://azamsportsacademy.com/chicken-road-crash-dominando-el-tiempo-y-el-riesgo/" "Mozilla/5.0 (Linux; Android 6.0.1; Nexus 5X Build/MMB29P) AppleWebKit/537.36 (KHTML, like Gecko) Chrome/145.0.7632.116 Mobile Safari/537.36 (compatible; GoogleOther)"
66.249.68.68 - - [10/Mar/2026:12:30:19 +0000] "GET /wp-content/themes/pallikoodam/css/prettyPhoto.css?ver=1.5 HTTP/1.1" 200 20134 "https://azamsportsacademy.com/chicken-road-crash-dominando-el-tiempo-y-el-riesgo/" "Mozilla/5.0 (Linux; Android 6.0.1; Nexus 5X Build/MMB29P) AppleWebKit/537.36 (KHTML, like Gecko) Chrome/145.0.7632.116 Mobile Safari/537.36 (compatible; GoogleOther)"
66.249.68.68 - - [10/Mar/2026:12:30:19 +0000] "GET /wp-content/themes/pallikoodam/framework/js/modernizr.custom.js?ver=5.7.14 HTTP/1.1" 200 7747 "https://azamsportsacademy.com/chicken-road-crash-dominando-el-tiempo-y-el-riesgo/" "Mozilla/5.0 (Linux; Android 6.0.1; Nexus 5X Build/MMB29P) AppleWebKit/537.36 (KHTML, like Gecko) Chrome/145.0.7632.116 Mobile Safari/537.36 (compatible; GoogleOther)"
66.249.68.68 - - [10/Mar/2026:12:30:20 +0000] "GET /wp-content/themes/pallikoodam/framework/js/magnific/magnific-popup.css?ver=1.5 HTTP/1.1" 200 9686 "https://azamsportsacademy.com/chicken-road-crash-dominando-el-tiempo-y-el-riesgo/" "Mozilla/5.0 (Linux; Android 6.0.1; Nexus 5X Build/MMB29P) AppleWebKit/537.36 (KHTML, like Gecko) Chrome/145.0.7632.116 Mobile Safari/537.36 (compatible; GoogleOther)"
66.249.68.68 - - [10/Mar/2026:12:30:20 +0000] "GET /wp-content/plugins/woocommerce/assets/css/photoswipe/default-skin/default-skin.min.css?ver=5.4.5 HTTP/1.1" 200 7887 "https://azamsportsacademy.com/chicken-road-crash-dominando-el-tiempo-y-el-riesgo/" "Mozilla/5.0 (Linux; Android 6.0.1; Nexus 5X Build/MMB29P) AppleWebKit/537.36 (KHTML, like Gecko) Chrome/145.0.7632.116 Mobile Safari/537.36 (compatible; GoogleOther)"
66.249.68.68 - - [10/Mar/2026:12:30:21 +0000] "GET /wp-content/themes/pallikoodam/css/base.css?ver=1.5 HTTP/1.1" 200 38817 "https://azamsportsacademy.com/chicken-road-crash-dominando-el-tiempo-y-el-riesgo/" "Mozilla/5.0 (Linux; Android 6.0.1; Nexus 5X Build/MMB29P) AppleWebKit/537.36 (KHTML, like Gecko) Chrome/145.0.7632.116 Mobile Safari/537.36 (compatible; GoogleOther)"
66.249.68.68 - - [10/Mar/2026:12:30:22 +0000] "GET /wp-includes/js/dist/vendor/wp-polyfill.min.js?ver=7.4.4 HTTP/1.1" 200 99310 "https://azamsportsacademy.com/chicken-road-crash-dominando-el-tiempo-y-el-riesgo/" "Mozilla/5.0 (Linux; Android 6.0.1; Nexus 5X Build/MMB29P) AppleWebKit/537.36 (KHTML, like Gecko) Chrome/145.0.7632.116 Mobile Safari/537.36 (compatible; GoogleOther)"
66.249.68.68 - - [10/Mar/2026:12:30:22 +0000] "GET /wp-content/plugins/yith-woocommerce-wishlist/assets/js/jquery.yith-wcwl.min.js?ver=3.0.22 HTTP/1.1" 200 24059 "https://azamsportsacademy.com/chicken-road-crash-dominando-el-tiempo-y-el-riesgo/" "Mozilla/5.0 (Linux; Android 6.0.1; Nexus 5X Build/MMB29P) AppleWebKit/537.36 (KHTML, like Gecko) Chrome/145.0.7632.116 Mobile Safari/537.36 (compatible; GoogleOther)"
66.249.68.68 - - [10/Mar/2026:12:30:23 +0000] "GET /wp-content/plugins/designthemes-portfolio-addon/js/jquery.multiscroll.min.js?ver=5.7.14 HTTP/1.1" 200 10151 "https://azamsportsacademy.com/chicken-road-crash-dominando-el-tiempo-y-el-riesgo/" "Mozilla/5.0 (Linux; Android 6.0.1; Nexus 5X Build/MMB29P) AppleWebKit/537.36 (KHTML, like Gecko) Chrome/145.0.7632.116 Mobile Safari/537.36 (compatible; GoogleOther)"
66.249.68.68 - - [10/Mar/2026:12:30:24 +0000] "GET /wp-content/plugins/designthemes-portfolio-addon/js/isotope.pkgd.min.js?ver=5.7.14 HTTP/1.1" 200 35445 "https://azamsportsacademy.com/chicken-road-crash-dominando-el-tiempo-y-el-riesgo/" "Mozilla/5.0 (Linux; Android 6.0.1; Nexus 5X Build/MMB29P) AppleWebKit/537.36 (KHTML, like Gecko) Chrome/145.0.7632.116 Mobile Safari/537.36 (compatible; GoogleOther)"
66.249.68.68 - - [10/Mar/2026:12:30:24 +0000] "GET /wp-content/plugins/woocommerce/assets/js/frontend/woocommerce.min.js?ver=5.4.5 HTTP/1.1" 200 2139 "https://azamsportsacademy.com/chicken-road-crash-dominando-el-tiempo-y-el-riesgo/" "Mozilla/5.0 (Linux; Android 6.0.1; Nexus 5X Build/MMB29P) AppleWebKit/537.36 (KHTML, like Gecko) Chrome/145.0.7632.116 Mobile Safari/537.36 (compatible; GoogleOther)"
66.249.68.68 - - [10/Mar/2026:12:30:25 +0000] "GET /wp-content/themes/pallikoodam/framework/js/jquery.visualNav.min.js?ver=5.7.14 HTTP/1.1" 200 5407 "https://azamsportsacademy.com/chicken-road-crash-dominando-el-tiempo-y-el-riesgo/" "Mozilla/5.0 (Linux; Android 6.0.1; Nexus 5X Build/MMB29P) AppleWebKit/537.36 (KHTML, like Gecko) Chrome/145.0.7632.116 Mobile Safari/537.36 (compatible; GoogleOther)"
66.249.68.68 - - [10/Mar/2026:12:30:26 +0000] "GET /wp-content/themes/pallikoodam/framework/js/pace.min.js?ver=5.7.14 HTTP/1.1" 200 12331 "https://azamsportsacademy.com/chicken-road-crash-dominando-el-tiempo-y-el-riesgo/" "Mozilla/5.0 (Linux; Android 6.0.1; Nexus 5X Build/MMB29P) AppleWebKit/537.36 (KHTML, like Gecko) Chrome/145.0.7632.116 Mobile Safari/537.36 (compatible; GoogleOther)"
66.249.68.68 - - [10/Mar/2026:12:30:26 +0000] "GET /wp-content/themes/pallikoodam/framework/js/woocommerce.js?ver=5.7.14 HTTP/1.1" 200 22298 "https://azamsportsacademy.com/chicken-road-crash-dominando-el-tiempo-y-el-riesgo/" "Mozilla/5.0 (Linux; Android 6.0.1; Nexus 5X Build/MMB29P) AppleWebKit/537.36 (KHTML, like Gecko) Chrome/145.0.7632.116 Mobile Safari/537.36 (compatible; GoogleOther)"
66.249.68.68 - - [10/Mar/2026:12:30:27 +0000] "GET /wp-content/themes/pallikoodam/framework/js/matchHeight.js?ver=5.7.14 HTTP/1.1" 200 11776 "https://azamsportsacademy.com/chicken-road-crash-dominando-el-tiempo-y-el-riesgo/" "Mozilla/5.0 (Linux; Android 6.0.1; Nexus 5X Build/MMB29P) AppleWebKit/537.36 (KHTML, like Gecko) Chrome/145.0.7632.116 Mobile Safari/537.36 (compatible; GoogleOther)"
66.249.68.68 - - [10/Mar/2026:12:30:28 +0000] "GET /wp-content/plugins/designthemes-core/privacy/js/privacy.js?ver=5.7.14 HTTP/1.1" 200 980 "https://azamsportsacademy.com/chicken-road-crash-dominando-el-tiempo-y-el-riesgo/" "Mozilla/5.0 (Linux; Android 6.0.1; Nexus 5X Build/MMB29P) AppleWebKit/537.36 (KHTML, like Gecko) Chrome/145.0.7632.116 Mobile Safari/537.36 (compatible; GoogleOther)"
66.249.68.68 - - [10/Mar/2026:12:30:28 +0000] "GET /wp-content/themes/pallikoodam/framework/js/jquery.parallax.js?ver=5.7.14 HTTP/1.1" 200 963 "https://azamsportsacademy.com/chicken-road-crash-dominando-el-tiempo-y-el-riesgo/" "Mozilla/5.0 (Linux; Android 6.0.1; Nexus 5X Build/MMB29P) AppleWebKit/537.36 (KHTML, like Gecko) Chrome/145.0.7632.116 Mobile Safari/537.36 (compatible; GoogleOther)"
66.249.68.68 - - [10/Mar/2026:12:30:29 +0000] "GET /wp-content/plugins/woocommerce/assets/js/frontend/cart-fragments.min.js?ver=5.4.5 HTTP/1.1" 200 2938 "https://azamsportsacademy.com/chicken-road-crash-dominando-el-tiempo-y-el-riesgo/" "Mozilla/5.0 (Linux; Android 6.0.1; Nexus 5X Build/MMB29P) AppleWebKit/537.36 (KHTML, like Gecko) Chrome/145.0.7632.116 Mobile Safari/537.36 (compatible; GoogleOther)"
66.249.68.68 - - [10/Mar/2026:12:30:30 +0000] "GET /wp-content/plugins/designthemes-portfolio-addon/js/jarallax.js?ver=5.7.14 HTTP/1.1" 200 24908 "https://azamsportsacademy.com/chicken-road-crash-dominando-el-tiempo-y-el-riesgo/" "Mozilla/5.0 (Linux; Android 6.0.1; Nexus 5X Build/MMB29P) AppleWebKit/537.36 (KHTML, like Gecko) Chrome/145.0.7632.116 Mobile Safari/537.36 (compatible; GoogleOther)"
66.249.68.68 - - [10/Mar/2026:12:30:30 +0000] "GET /wp-content/themes/pallikoodam/framework/js/jquery.downcount.js?ver=5.7.14 HTTP/1.1" 200 1180 "https://azamsportsacademy.com/chicken-road-crash-dominando-el-tiempo-y-el-riesgo/" "Mozilla/5.0 (Linux; Android 6.0.1; Nexus 5X Build/MMB29P) AppleWebKit/537.36 (KHTML, like Gecko) Chrome/145.0.7632.116 Mobile Safari/537.36 (compatible; GoogleOther)"
