85.208.98.16 - - [10/Mar/2026:22:12:13 +0000] "GET /varsity-coat-k.html HTTP/1.1" 200 58828 "-" "Mozilla/5.0 (compatible; SemrushBot-BA; +http://www.semrush.com/bot.html)"
91.92.243.238 - - [10/Mar/2026:22:15:00 +0000] "POST /wp-login.php HTTP/1.1" 200 58828 "-" "Mozilla/5.0"
91.92.243.238 - - [10/Mar/2026:22:15:00 +0000] "POST /wp-login.php HTTP/1.1" 200 58828 "-" "Mozilla/5.0"
91.92.243.238 - - [10/Mar/2026:22:15:00 +0000] "POST /wp-login.php HTTP/1.1" 200 58828 "-" "Mozilla/5.0"
91.92.243.238 - - [10/Mar/2026:22:15:00 +0000] "POST /wp-login.php HTTP/1.1" 200 58828 "-" "Mozilla/5.0"
91.92.243.238 - - [10/Mar/2026:22:15:00 +0000] "POST /wp-login.php HTTP/1.1" 200 58828 "-" "Mozilla/5.0"
91.92.243.238 - - [10/Mar/2026:22:15:00 +0000] "POST /wp-login.php HTTP/1.1" 200 58828 "-" "Mozilla/5.0"
85.208.98.23 - - [10/Mar/2026:22:18:44 +0000] "GET /robots.txt HTTP/1.1" 200 88 "-" "Mozilla/5.0 (compatible; SemrushBot-BA; +http://www.semrush.com/bot.html)"
85.208.98.31 - - [10/Mar/2026:22:19:00 +0000] "GET /trousers-shorts-k.html HTTP/1.1" 200 58828 "-" "Mozilla/5.0 (compatible; SemrushBot-BA; +http://www.semrush.com/bot.html)"
85.208.98.23 - - [10/Mar/2026:22:21:33 +0000] "GET /robots.txt HTTP/1.1" 200 88 "-" "Mozilla/5.0 (compatible; SemrushBot-BA; +http://www.semrush.com/bot.html)"
85.208.98.29 - - [10/Mar/2026:22:22:20 +0000] "GET /cleansing-g-k.html HTTP/1.1" 200 58828 "-" "Mozilla/5.0 (compatible; SemrushBot-BA; +http://www.semrush.com/bot.html)"
132.148.128.8 - - [10/Mar/2026:22:24:26 +0000] "GET /.well-known/acme-challenge/HR6G7GSH-WI9QMLOG4SSERM0N2JZR0BB HTTP/1.1" 404 - "-" "Cpanel-HTTP-Client/1.0"
132.148.128.8 - - [10/Mar/2026:22:24:26 +0000] "GET /.well-known/acme-challenge/Q0SX7X4S97012JNSHOP0HF4K9P38DPVF HTTP/1.1" 404 - "-" "Cpanel-HTTP-Client/1.0"
132.148.128.8 - - [10/Mar/2026:22:24:27 +0000] "GET /.well-known/acme-challenge/ER3B6JOS87VHBX-MRUDEK4ZGF11_H3CG HTTP/1.1" 404 - "-" "Cpanel-HTTP-Client/1.0"
132.148.128.8 - - [10/Mar/2026:22:24:27 +0000] "GET /.well-known/acme-challenge/QKXIV0E58C7ZUS82DCLVKTA34UG6Q5-Y HTTP/1.1" 404 - "-" "Cpanel-HTTP-Client/1.0"
172.31.32.34 - - [10/Mar/2026:22:24:28 +0000] "GET /.well-known/acme-challenge/9IDICBCJWV369T6KK5VC_-XZ5Y8G387C HTTP/1.1" 404 - "-" "Cpanel-HTTP-Client/1.0"
172.31.32.34 - - [10/Mar/2026:22:24:29 +0000] "GET /.well-known/acme-challenge/DE3_O54WBXO66QYGYJA5QOOQILFQHZ2E HTTP/1.1" 404 - "-" "Cpanel-HTTP-Client/1.0"
172.31.32.34 - - [10/Mar/2026:22:24:29 +0000] "GET /.well-known/acme-challenge/63S662WXIZWXTKMX30YTVLIE8YQWYKR7 HTTP/1.1" 404 - "-" "Cpanel-HTTP-Client/1.0"
172.31.32.34 - - [10/Mar/2026:22:24:30 +0000] "GET /.well-known/acme-challenge/PEIAYRJSOT2Y5PZYA7JF4B5RPR7A7UYU HTTP/1.1" 404 - "-" "Cpanel-HTTP-Client/1.0"
172.31.32.34 - - [10/Mar/2026:22:24:30 +0000] "GET /.well-known/acme-challenge/X1G0P1_G7S37RQ0YWU1JY8XQMH14_KVM HTTP/1.1" 404 - "-" "Cpanel-HTTP-Client/1.0"
85.208.98.23 - - [10/Mar/2026:22:25:55 +0000] "GET /robots.txt HTTP/1.1" 200 88 "-" "Mozilla/5.0 (compatible; SemrushBot-BA; +http://www.semrush.com/bot.html)"
85.208.98.19 - - [10/Mar/2026:22:26:24 +0000] "GET /brass-ice-ball-maker-k.html HTTP/1.1" 200 58828 "-" "Mozilla/5.0 (compatible; SemrushBot-BA; +http://www.semrush.com/bot.html)"
85.208.98.23 - - [10/Mar/2026:22:26:37 +0000] "GET /robots.txt HTTP/1.1" 200 88 "-" "Mozilla/5.0 (compatible; SemrushBot-BA; +http://www.semrush.com/bot.html)"
91.92.243.238 - - [10/Mar/2026:22:26:44 +0000] "POST /wp-login.php HTTP/1.1" 200 58828 "-" "Mozilla/5.0"
91.92.243.238 - - [10/Mar/2026:22:26:44 +0000] "POST /wp-login.php HTTP/1.1" 200 58828 "-" "Mozilla/5.0"
91.92.243.238 - - [10/Mar/2026:22:26:44 +0000] "POST /wp-login.php HTTP/1.1" 200 58828 "-" "Mozilla/5.0"
91.92.243.238 - - [10/Mar/2026:22:26:44 +0000] "POST /wp-login.php HTTP/1.1" 200 58828 "-" "Mozilla/5.0"
91.92.243.238 - - [10/Mar/2026:22:26:45 +0000] "POST /wp-login.php HTTP/1.1" 200 58828 "-" "Mozilla/5.0"
91.92.243.238 - - [10/Mar/2026:22:26:45 +0000] "POST /wp-login.php HTTP/1.1" 200 58828 "-" "Mozilla/5.0"
85.208.98.20 - - [10/Mar/2026:22:27:10 +0000] "GET /blocked-ear-sinus-k.html HTTP/1.1" 200 58828 "-" "Mozilla/5.0 (compatible; SemrushBot-BA; +http://www.semrush.com/bot.html)"
85.208.98.23 - - [10/Mar/2026:22:27:16 +0000] "GET /robots.txt HTTP/1.1" 200 88 "-" "Mozilla/5.0 (compatible; SemrushBot-BA; +http://www.semrush.com/bot.html)"
85.208.98.23 - - [10/Mar/2026:22:27:30 +0000] "GET /robots.txt HTTP/1.1" 200 88 "-" "Mozilla/5.0 (compatible; SemrushBot-BA; +http://www.semrush.com/bot.html)"
85.208.98.23 - - [10/Mar/2026:22:27:38 +0000] "GET /robots.txt HTTP/1.1" 200 88 "-" "Mozilla/5.0 (compatible; SemrushBot-BA; +http://www.semrush.com/bot.html)"
85.208.98.16 - - [10/Mar/2026:22:27:58 +0000] "GET /jewellery-boutique-uk-k.html HTTP/1.1" 200 58828 "-" "Mozilla/5.0 (compatible; SemrushBot-BA; +http://www.semrush.com/bot.html)"
85.208.98.16 - - [10/Mar/2026:22:28:00 +0000] "GET /arli-bar-broome-k.html HTTP/1.1" 200 58828 "-" "Mozilla/5.0 (compatible; SemrushBot-BA; +http://www.semrush.com/bot.html)"
85.208.98.19 - - [10/Mar/2026:22:28:09 +0000] "GET /av-rolling-cart-k.html HTTP/1.1" 200 58828 "-" "Mozilla/5.0 (compatible; SemrushBot-BA; +http://www.semrush.com/bot.html)"
85.208.98.29 - - [10/Mar/2026:22:28:11 +0000] "GET /36-bookshelf-k.html HTTP/1.1" 200 58828 "-" "Mozilla/5.0 (compatible; SemrushBot-BA; +http://www.semrush.com/bot.html)"
85.208.98.20 - - [10/Mar/2026:22:28:19 +0000] "GET /long-cubby-storage-k.html HTTP/1.1" 200 58828 "-" "Mozilla/5.0 (compatible; SemrushBot-BA; +http://www.semrush.com/bot.html)"
85.208.98.24 - - [10/Mar/2026:22:28:24 +0000] "GET /modern-cubby-storage-k.html HTTP/1.1" 200 58828 "-" "Mozilla/5.0 (compatible; SemrushBot-BA; +http://www.semrush.com/bot.html)"
85.208.98.23 - - [10/Mar/2026:22:28:34 +0000] "GET /robots.txt HTTP/1.1" 200 88 "-" "Mozilla/5.0 (compatible; SemrushBot-BA; +http://www.semrush.com/bot.html)"
66.249.68.70 - - [10/Mar/2026:22:28:51 +0000] "GET /book/0022013360.html HTTP/1.1" 200 58828 "-" "Mozilla/5.0 (Linux; Android 6.0.1; Nexus 5X Build/MMB29P) AppleWebKit/537.36 (KHTML, like Gecko) Chrome/145.0.7632.116 Mobile Safari/537.36 (compatible; Googlebot/2.1; +http://www.google.com/bot.html)"
85.208.98.24 - - [10/Mar/2026:22:28:56 +0000] "GET /2-plastic-chairs-k.html HTTP/1.1" 200 58828 "-" "Mozilla/5.0 (compatible; SemrushBot-BA; +http://www.semrush.com/bot.html)"
66.249.68.70 - - [10/Mar/2026:22:28:57 +0000] "GET /book/0022013360.html HTTP/1.1" 200 58828 "-" "Mozilla/5.0 (Linux; Android 6.0.1; Nexus 5X Build/MMB29P) AppleWebKit/537.36 (KHTML, like Gecko) Chrome/145.0.7632.116 Mobile Safari/537.36 (compatible; GoogleOther)"
85.208.98.22 - - [10/Mar/2026:22:29:11 +0000] "GET /portable-water-sink-k.html HTTP/1.1" 200 58828 "-" "Mozilla/5.0 (compatible; SemrushBot-BA; +http://www.semrush.com/bot.html)"
85.208.98.20 - - [10/Mar/2026:22:29:31 +0000] "GET /art-room-stools-k.html HTTP/1.1" 200 58828 "-" "Mozilla/5.0 (compatible; SemrushBot-BA; +http://www.semrush.com/bot.html)"
85.208.98.23 - - [10/Mar/2026:22:29:34 +0000] "GET /robots.txt HTTP/1.1" 200 88 "-" "Mozilla/5.0 (compatible; SemrushBot-BA; +http://www.semrush.com/bot.html)"
85.208.98.22 - - [10/Mar/2026:22:29:34 +0000] "GET /alphabet-rug-k.html HTTP/1.1" 200 58828 "-" "Mozilla/5.0 (compatible; SemrushBot-BA; +http://www.semrush.com/bot.html)"
85.208.98.19 - - [10/Mar/2026:22:29:41 +0000] "GET /portable-heated-sink-k.html HTTP/1.1" 200 58828 "-" "Mozilla/5.0 (compatible; SemrushBot-BA; +http://www.semrush.com/bot.html)"
85.208.98.29 - - [10/Mar/2026:22:29:45 +0000] "GET /8tb-surveillance-hard-disk-k.html HTTP/1.1" 200 58828 "-" "Mozilla/5.0 (compatible; SemrushBot-BA; +http://www.semrush.com/bot.html)"
85.208.98.24 - - [10/Mar/2026:22:29:54 +0000] "GET /surveillance-hdd-k.html HTTP/1.1" 200 58828 "-" "Mozilla/5.0 (compatible; SemrushBot-BA; +http://www.semrush.com/bot.html)"
85.208.98.31 - - [10/Mar/2026:22:29:56 +0000] "GET /unv-cctv-camera-k.html HTTP/1.1" 200 58828 "-" "Mozilla/5.0 (compatible; SemrushBot-BA; +http://www.semrush.com/bot.html)"
85.208.98.24 - - [10/Mar/2026:22:30:05 +0000] "GET /4tb-surveillance-hdd-k.html HTTP/1.1" 200 58828 "-" "Mozilla/5.0 (compatible; SemrushBot-BA; +http://www.semrush.com/bot.html)"
85.208.98.24 - - [10/Mar/2026:22:30:09 +0000] "GET /big-w-potty-chair-k.html HTTP/1.1" 200 58828 "-" "Mozilla/5.0 (compatible; SemrushBot-BA; +http://www.semrush.com/bot.html)"
85.208.98.23 - - [10/Mar/2026:22:30:12 +0000] "GET /robots.txt HTTP/1.1" 200 88 "-" "Mozilla/5.0 (compatible; SemrushBot-BA; +http://www.semrush.com/bot.html)"
85.208.98.31 - - [10/Mar/2026:22:30:19 +0000] "GET /change-table-mats-k.html HTTP/1.1" 200 58828 "-" "Mozilla/5.0 (compatible; SemrushBot-BA; +http://www.semrush.com/bot.html)"
85.208.98.16 - - [10/Mar/2026:22:30:24 +0000] "GET /f/Q3188421 HTTP/1.1" 200 58828 "-" "Mozilla/5.0 (compatible; SemrushBot-BA; +http://www.semrush.com/bot.html)"
85.208.98.20 - - [10/Mar/2026:22:30:36 +0000] "GET /toddler-carrier-k.html HTTP/1.1" 200 58828 "-" "Mozilla/5.0 (compatible; SemrushBot-BA; +http://www.semrush.com/bot.html)"
85.208.98.20 - - [10/Mar/2026:22:30:40 +0000] "GET /travel-booster-seat-k.html HTTP/1.1" 200 58828 "-" "Mozilla/5.0 (compatible; SemrushBot-BA; +http://www.semrush.com/bot.html)"
85.208.98.16 - - [10/Mar/2026:22:30:57 +0000] "GET /double-pushchair-k.html HTTP/1.1" 200 58828 "-" "Mozilla/5.0 (compatible; SemrushBot-BA; +http://www.semrush.com/bot.html)"
85.208.98.29 - - [10/Mar/2026:22:31:14 +0000] "GET /blue-changing-table-k.html HTTP/1.1" 200 58828 "-" "Mozilla/5.0 (compatible; SemrushBot-BA; +http://www.semrush.com/bot.html)"
85.208.98.19 - - [10/Mar/2026:22:31:54 +0000] "GET /potty-seat-with-tray-k.html HTTP/1.1" 200 58828 "-" "Mozilla/5.0 (compatible; SemrushBot-BA; +http://www.semrush.com/bot.html)"
85.208.98.22 - - [10/Mar/2026:22:32:02 +0000] "GET /f/P2564640 HTTP/1.1" 200 58828 "-" "Mozilla/5.0 (compatible; SemrushBot-BA; +http://www.semrush.com/bot.html)"
85.208.98.24 - - [10/Mar/2026:22:32:23 +0000] "GET /walk-behind-walker-k.html HTTP/1.1" 200 58828 "-" "Mozilla/5.0 (compatible; SemrushBot-BA; +http://www.semrush.com/bot.html)"
85.208.98.31 - - [10/Mar/2026:22:32:26 +0000] "GET /chair-potty-seat-k.html HTTP/1.1" 200 58828 "-" "Mozilla/5.0 (compatible; SemrushBot-BA; +http://www.semrush.com/bot.html)"
85.208.98.29 - - [10/Mar/2026:22:32:51 +0000] "GET /crib-mattress-on-sale-k.html HTTP/1.1" 200 58828 "-" "Mozilla/5.0 (compatible; SemrushBot-BA; +http://www.semrush.com/bot.html)"
85.208.98.29 - - [10/Mar/2026:22:32:55 +0000] "GET /best-potty-training-chair-k.html HTTP/1.1" 200 58828 "-" "Mozilla/5.0 (compatible; SemrushBot-BA; +http://www.semrush.com/bot.html)"
85.208.98.29 - - [10/Mar/2026:22:32:59 +0000] "GET /ls-inverter-k.html HTTP/1.1" 200 58828 "-" "Mozilla/5.0 (compatible; SemrushBot-BA; +http://www.semrush.com/bot.html)"
85.208.98.22 - - [10/Mar/2026:22:32:59 +0000] "GET /borehole-camera-k.html HTTP/1.1" 200 58828 "-" "Mozilla/5.0 (compatible; SemrushBot-BA; +http://www.semrush.com/bot.html)"
85.208.98.31 - - [10/Mar/2026:22:32:59 +0000] "GET /tent-camera-k.html HTTP/1.1" 200 58828 "-" "Mozilla/5.0 (compatible; SemrushBot-BA; +http://www.semrush.com/bot.html)"
85.208.98.23 - - [10/Mar/2026:22:34:00 +0000] "GET /robots.txt HTTP/1.1" 200 88 "-" "Mozilla/5.0 (compatible; SemrushBot-BA; +http://www.semrush.com/bot.html)"
91.92.243.238 - - [10/Mar/2026:22:34:33 +0000] "POST /wp-login.php HTTP/1.1" 200 58828 "-" "Mozilla/5.0"
91.92.243.238 - - [10/Mar/2026:22:34:33 +0000] "POST /wp-login.php HTTP/1.1" 200 58828 "-" "Mozilla/5.0"
91.92.243.238 - - [10/Mar/2026:22:34:33 +0000] "POST /wp-login.php HTTP/1.1" 200 58828 "-" "Mozilla/5.0"
91.92.243.238 - - [10/Mar/2026:22:34:33 +0000] "POST /wp-login.php HTTP/1.1" 200 58828 "-" "Mozilla/5.0"
91.92.243.238 - - [10/Mar/2026:22:34:33 +0000] "POST /wp-login.php HTTP/1.1" 200 58828 "-" "Mozilla/5.0"
91.92.243.238 - - [10/Mar/2026:22:34:33 +0000] "POST /wp-login.php HTTP/1.1" 200 58828 "-" "Mozilla/5.0"
85.208.98.23 - - [10/Mar/2026:22:42:52 +0000] "GET /robots.txt HTTP/1.1" 200 88 "-" "Mozilla/5.0 (compatible; SemrushBot-BA; +http://www.semrush.com/bot.html)"
85.208.98.31 - - [10/Mar/2026:22:43:12 +0000] "GET /legal-paper-notebook-k.html HTTP/1.1" 200 58828 "-" "Mozilla/5.0 (compatible; SemrushBot-BA; +http://www.semrush.com/bot.html)"
85.208.98.20 - - [10/Mar/2026:22:43:30 +0000] "GET /personalized-spiral-notebooks-k.html HTTP/1.1" 200 58828 "-" "Mozilla/5.0 (compatible; SemrushBot-BA; +http://www.semrush.com/bot.html)"
85.208.98.31 - - [10/Mar/2026:22:45:25 +0000] "GET /yellow-note-pad-k.html HTTP/1.1" 200 58828 "-" "Mozilla/5.0 (compatible; SemrushBot-BA; +http://www.semrush.com/bot.html)"
85.208.98.19 - - [10/Mar/2026:22:45:30 +0000] "GET /science-notepad-k.html HTTP/1.1" 200 58828 "-" "Mozilla/5.0 (compatible; SemrushBot-BA; +http://www.semrush.com/bot.html)"
91.92.243.238 - - [10/Mar/2026:22:46:23 +0000] "POST /wp-login.php HTTP/1.1" 200 58828 "-" "Mozilla/5.0"
91.92.243.238 - - [10/Mar/2026:22:46:23 +0000] "POST /wp-login.php HTTP/1.1" 200 58828 "-" "Mozilla/5.0"
91.92.243.238 - - [10/Mar/2026:22:46:23 +0000] "POST /wp-login.php HTTP/1.1" 200 58828 "-" "Mozilla/5.0"
91.92.243.238 - - [10/Mar/2026:22:46:23 +0000] "POST /wp-login.php HTTP/1.1" 200 58828 "-" "Mozilla/5.0"
91.92.243.238 - - [10/Mar/2026:22:46:23 +0000] "POST /wp-login.php HTTP/1.1" 200 58828 "-" "Mozilla/5.0"
91.92.243.238 - - [10/Mar/2026:22:46:23 +0000] "POST /wp-login.php HTTP/1.1" 200 58828 "-" "Mozilla/5.0"
85.208.98.23 - - [10/Mar/2026:22:47:46 +0000] "GET /robots.txt HTTP/1.1" 200 88 "-" "Mozilla/5.0 (compatible; SemrushBot-BA; +http://www.semrush.com/bot.html)"
85.208.98.16 - - [10/Mar/2026:22:48:08 +0000] "GET /pallet-inverter-hire-k.html HTTP/1.1" 200 58828 "-" "Mozilla/5.0 (compatible; SemrushBot-BA; +http://www.semrush.com/bot.html)"
85.208.98.22 - - [10/Mar/2026:22:48:09 +0000] "GET /inline-inverter-k.html HTTP/1.1" 200 58828 "-" "Mozilla/5.0 (compatible; SemrushBot-BA; +http://www.semrush.com/bot.html)"
85.208.98.23 - - [10/Mar/2026:22:48:14 +0000] "GET /robots.txt HTTP/1.1" 200 88 "-" "Mozilla/5.0 (compatible; SemrushBot-BA; +http://www.semrush.com/bot.html)"
85.208.98.19 - - [10/Mar/2026:22:49:25 +0000] "GET /pallet-inverter-k.html HTTP/1.1" 200 58828 "-" "Mozilla/5.0 (compatible; SemrushBot-BA; +http://www.semrush.com/bot.html)"
85.208.98.22 - - [10/Mar/2026:22:49:26 +0000] "GET /block-foam-mattress-k.html HTTP/1.1" 200 58828 "-" "Mozilla/5.0 (compatible; SemrushBot-BA; +http://www.semrush.com/bot.html)"
66.249.77.139 - - [10/Mar/2026:22:52:19 +0000] "GET /robots.txt HTTP/1.1" 200 88 "-" "Mozilla/5.0 (compatible; Googlebot/2.1; +http://www.google.com/bot.html)"
85.208.98.23 - - [10/Mar/2026:22:54:43 +0000] "GET /robots.txt HTTP/1.1" 200 88 "-" "Mozilla/5.0 (compatible; SemrushBot-BA; +http://www.semrush.com/bot.html)"
85.208.98.23 - - [10/Mar/2026:22:54:47 +0000] "GET /robots.txt HTTP/1.1" 200 88 "-" "Mozilla/5.0 (compatible; SemrushBot-BA; +http://www.semrush.com/bot.html)"
85.208.98.16 - - [10/Mar/2026:22:54:56 +0000] "GET /pz-vs-ph-screwdriver-k.html HTTP/1.1" 200 58828 "-" "Mozilla/5.0 (compatible; SemrushBot-BA; +http://www.semrush.com/bot.html)"
85.208.98.19 - - [10/Mar/2026:22:55:02 +0000] "GET /mini-blow-dryer-k.html HTTP/1.1" 200 58828 "-" "Mozilla/5.0 (compatible; SemrushBot-BA; +http://www.semrush.com/bot.html)"
85.208.98.20 - - [10/Mar/2026:22:55:13 +0000] "GET /rpg-name-generator-k.html HTTP/1.1" 200 58828 "-" "Mozilla/5.0 (compatible; SemrushBot-BA; +http://www.semrush.com/bot.html)"
85.208.98.16 - - [10/Mar/2026:22:55:21 +0000] "GET /customized-name-generator-k.html HTTP/1.1" 200 58828 "-" "Mozilla/5.0 (compatible; SemrushBot-BA; +http://www.semrush.com/bot.html)"
85.208.98.22 - - [10/Mar/2026:22:55:29 +0000] "GET /wcue-name-generator-k.html HTTP/1.1" 200 58828 "-" "Mozilla/5.0 (compatible; SemrushBot-BA; +http://www.semrush.com/bot.html)"
85.208.98.19 - - [10/Mar/2026:22:55:34 +0000] "GET /rising-moon-and-sun-calculator-k.html HTTP/1.1" 200 58828 "-" "Mozilla/5.0 (compatible; SemrushBot-BA; +http://www.semrush.com/bot.html)"
85.208.98.23 - - [10/Mar/2026:22:56:32 +0000] "GET /robots.txt HTTP/1.1" 200 88 "-" "Mozilla/5.0 (compatible; SemrushBot-BA; +http://www.semrush.com/bot.html)"
85.208.98.16 - - [10/Mar/2026:22:56:44 +0000] "GET /furniture-hire-sydney-k.html HTTP/1.1" 200 58828 "-" "Mozilla/5.0 (compatible; SemrushBot-BA; +http://www.semrush.com/bot.html)"
91.92.243.238 - - [10/Mar/2026:22:58:13 +0000] "POST /wp-login.php HTTP/1.1" 200 58828 "-" "Mozilla/5.0"
91.92.243.238 - - [10/Mar/2026:22:58:13 +0000] "POST /wp-login.php HTTP/1.1" 200 58828 "-" "Mozilla/5.0"
91.92.243.238 - - [10/Mar/2026:22:58:13 +0000] "POST /wp-login.php HTTP/1.1" 200 58828 "-" "Mozilla/5.0"
91.92.243.238 - - [10/Mar/2026:22:58:13 +0000] "POST /wp-login.php HTTP/1.1" 200 58828 "-" "Mozilla/5.0"
91.92.243.238 - - [10/Mar/2026:22:58:13 +0000] "POST /wp-login.php HTTP/1.1" 200 58828 "-" "Mozilla/5.0"
91.92.243.238 - - [10/Mar/2026:22:58:13 +0000] "POST /wp-login.php HTTP/1.1" 200 58828 "-" "Mozilla/5.0"
85.208.98.23 - - [10/Mar/2026:23:01:33 +0000] "GET /robots.txt HTTP/1.1" 200 88 "-" "Mozilla/5.0 (compatible; SemrushBot-BA; +http://www.semrush.com/bot.html)"
85.208.98.24 - - [10/Mar/2026:23:02:10 +0000] "GET /volans-tequila-blanco-k.html HTTP/1.1" 200 58828 "-" "Mozilla/5.0 (compatible; SemrushBot-BA; +http://www.semrush.com/bot.html)"
85.208.98.23 - - [10/Mar/2026:23:02:47 +0000] "GET /robots.txt HTTP/1.1" 200 88 "-" "Mozilla/5.0 (compatible; SemrushBot-BA; +http://www.semrush.com/bot.html)"
43.135.145.117 - - [10/Mar/2026:23:03:19 +0000] "GET / HTTP/1.1" 200 58828 "-" "Mozilla/5.0 (iPhone; CPU iPhone OS 13_2_3 like Mac OS X) AppleWebKit/605.1.15 (KHTML, like Gecko) Version/13.0.3 Mobile/15E148 Safari/604.1"
85.208.98.22 - - [10/Mar/2026:23:04:15 +0000] "GET /melburne-cup-day-k.html HTTP/1.1" 200 58828 "-" "Mozilla/5.0 (compatible; SemrushBot-BA; +http://www.semrush.com/bot.html)"
85.208.98.23 - - [10/Mar/2026:23:05:22 +0000] "GET /robots.txt HTTP/1.1" 200 88 "-" "Mozilla/5.0 (compatible; SemrushBot-BA; +http://www.semrush.com/bot.html)"
85.208.98.19 - - [10/Mar/2026:23:06:12 +0000] "GET /f/Z811198 HTTP/1.1" 200 58828 "-" "Mozilla/5.0 (compatible; SemrushBot-BA; +http://www.semrush.com/bot.html)"
85.208.98.22 - - [10/Mar/2026:23:06:17 +0000] "GET /quilted-jacket-k.html HTTP/1.1" 200 58828 "-" "Mozilla/5.0 (compatible; SemrushBot-BA; +http://www.semrush.com/bot.html)"
85.208.98.20 - - [10/Mar/2026:23:06:31 +0000] "GET /f/C2562755 HTTP/1.1" 200 58828 "-" "Mozilla/5.0 (compatible; SemrushBot-BA; +http://www.semrush.com/bot.html)"
85.208.98.19 - - [10/Mar/2026:23:06:35 +0000] "GET /stripe-long-sleeve-polo-k.html HTTP/1.1" 200 58828 "-" "Mozilla/5.0 (compatible; SemrushBot-BA; +http://www.semrush.com/bot.html)"
85.208.98.23 - - [10/Mar/2026:23:08:31 +0000] "GET /robots.txt HTTP/1.1" 200 88 "-" "Mozilla/5.0 (compatible; SemrushBot-BA; +http://www.semrush.com/bot.html)"
85.208.98.22 - - [10/Mar/2026:23:09:06 +0000] "GET /juki-mo-2500-k.html HTTP/1.1" 200 58828 "-" "Mozilla/5.0 (compatible; SemrushBot-BA; +http://www.semrush.com/bot.html)"
91.92.243.238 - - [10/Mar/2026:23:10:01 +0000] "POST /wp-login.php HTTP/1.1" 200 58828 "-" "Mozilla/5.0"
91.92.243.238 - - [10/Mar/2026:23:10:01 +0000] "POST /wp-login.php HTTP/1.1" 200 58828 "-" "Mozilla/5.0"
91.92.243.238 - - [10/Mar/2026:23:10:01 +0000] "POST /wp-login.php HTTP/1.1" 200 58828 "-" "Mozilla/5.0"
91.92.243.238 - - [10/Mar/2026:23:10:01 +0000] "POST /wp-login.php HTTP/1.1" 200 58828 "-" "Mozilla/5.0"
91.92.243.238 - - [10/Mar/2026:23:10:01 +0000] "POST /wp-login.php HTTP/1.1" 200 58828 "-" "Mozilla/5.0"
91.92.243.238 - - [10/Mar/2026:23:10:01 +0000] "POST /wp-login.php HTTP/1.1" 200 58828 "-" "Mozilla/5.0"
172.105.55.36 - - [10/Mar/2026:23:11:02 +0000] "GET /.env HTTP/1.1" 200 58828 "-" "Go-http-client/1.1"
185.16.39.114 - - [10/Mar/2026:23:12:23 +0000] "GET / HTTP/1.1" 200 58828 "-" "python-httpx/0.28.1"
85.208.98.23 - - [10/Mar/2026:23:14:30 +0000] "GET /robots.txt HTTP/1.1" 200 88 "-" "Mozilla/5.0 (compatible; SemrushBot-BA; +http://www.semrush.com/bot.html)"
85.208.98.19 - - [10/Mar/2026:23:14:48 +0000] "GET /stone-calculator-k.html HTTP/1.1" 200 58828 "-" "Mozilla/5.0 (compatible; SemrushBot-BA; +http://www.semrush.com/bot.html)"
85.208.98.23 - - [10/Mar/2026:23:16:15 +0000] "GET /robots.txt HTTP/1.1" 200 88 "-" "Mozilla/5.0 (compatible; SemrushBot-BA; +http://www.semrush.com/bot.html)"
66.249.68.71 - - [10/Mar/2026:23:16:17 +0000] "GET /f/X60452 HTTP/1.1" 200 58828 "-" "Mozilla/5.0 (Linux; Android 6.0.1; Nexus 5X Build/MMB29P) AppleWebKit/537.36 (KHTML, like Gecko) Chrome/145.0.7632.116 Mobile Safari/537.36 (compatible; GoogleOther)"
85.208.98.19 - - [10/Mar/2026:23:16:34 +0000] "GET /block-inc-australia-k.html HTTP/1.1" 200 58828 "-" "Mozilla/5.0 (compatible; SemrushBot-BA; +http://www.semrush.com/bot.html)"
43.135.115.233 - - [10/Mar/2026:23:16:37 +0000] "GET /?path=/home/azamsportsacadem/public_html/forshellAttachFunction HTTP/1.1" 200 26803 "-" "Mozilla/5.0 (iPhone; CPU iPhone OS 13_2_3 like Mac OS X) AppleWebKit/605.1.15 (KHTML, like Gecko) Version/13.0.3 Mobile/15E148 Safari/604.1"
91.92.243.238 - - [10/Mar/2026:23:21:47 +0000] "POST /wp-login.php HTTP/1.1" 200 58828 "-" "Mozilla/5.0"
91.92.243.238 - - [10/Mar/2026:23:21:47 +0000] "POST /wp-login.php HTTP/1.1" 200 58828 "-" "Mozilla/5.0"
91.92.243.238 - - [10/Mar/2026:23:21:47 +0000] "POST /wp-login.php HTTP/1.1" 200 58828 "-" "Mozilla/5.0"
91.92.243.238 - - [10/Mar/2026:23:21:47 +0000] "POST /wp-login.php HTTP/1.1" 200 58828 "-" "Mozilla/5.0"
91.92.243.238 - - [10/Mar/2026:23:21:47 +0000] "POST /wp-login.php HTTP/1.1" 200 58828 "-" "Mozilla/5.0"
91.92.243.238 - - [10/Mar/2026:23:21:47 +0000] "POST /wp-login.php HTTP/1.1" 200 58828 "-" "Mozilla/5.0"
85.208.98.23 - - [10/Mar/2026:23:22:55 +0000] "GET /robots.txt HTTP/1.1" 200 88 "-" "Mozilla/5.0 (compatible; SemrushBot-BA; +http://www.semrush.com/bot.html)"
85.208.98.19 - - [10/Mar/2026:23:23:08 +0000] "GET /best-dental-chews-for-cats-k.html HTTP/1.1" 200 58828 "-" "Mozilla/5.0 (compatible; SemrushBot-BA; +http://www.semrush.com/bot.html)"
85.208.98.24 - - [10/Mar/2026:23:23:09 +0000] "GET /rabbit-dog-food-k.html HTTP/1.1" 200 58828 "-" "Mozilla/5.0 (compatible; SemrushBot-BA; +http://www.semrush.com/bot.html)"
85.208.98.29 - - [10/Mar/2026:23:23:19 +0000] "GET /f/Z3188378 HTTP/1.1" 200 58828 "-" "Mozilla/5.0 (compatible; SemrushBot-BA; +http://www.semrush.com/bot.html)"
85.208.98.20 - - [10/Mar/2026:23:23:20 +0000] "GET /dog-breath-treats-k.html HTTP/1.1" 200 58828 "-" "Mozilla/5.0 (compatible; SemrushBot-BA; +http://www.semrush.com/bot.html)"
85.208.98.23 - - [10/Mar/2026:23:27:10 +0000] "GET /robots.txt HTTP/1.1" 200 88 "-" "Mozilla/5.0 (compatible; SemrushBot-BA; +http://www.semrush.com/bot.html)"
85.208.98.20 - - [10/Mar/2026:23:27:35 +0000] "GET /grating-food-k.html HTTP/1.1" 200 58828 "-" "Mozilla/5.0 (compatible; SemrushBot-BA; +http://www.semrush.com/bot.html)"
43.130.150.80 - - [10/Mar/2026:23:27:47 +0000] "GET /?path=/home/azamsportsacadem/public_html/wp-includes HTTP/1.1" 200 372337 "-" "Mozilla/5.0 (iPhone; CPU iPhone OS 13_2_3 like Mac OS X) AppleWebKit/605.1.15 (KHTML, like Gecko) Version/13.0.3 Mobile/15E148 Safari/604.1"
85.208.98.23 - - [10/Mar/2026:23:31:56 +0000] "GET /robots.txt HTTP/1.1" 200 88 "-" "Mozilla/5.0 (compatible; SemrushBot-BA; +http://www.semrush.com/bot.html)"
85.208.98.22 - - [10/Mar/2026:23:32:16 +0000] "GET /money3-car-loan-calculator-k.html HTTP/1.1" 200 58828 "-" "Mozilla/5.0 (compatible; SemrushBot-BA; +http://www.semrush.com/bot.html)"
85.208.98.23 - - [10/Mar/2026:23:32:26 +0000] "GET /robots.txt HTTP/1.1" 200 88 "-" "Mozilla/5.0 (compatible; SemrushBot-BA; +http://www.semrush.com/bot.html)"
85.208.98.31 - - [10/Mar/2026:23:32:46 +0000] "GET /entrance-to-oxford-university-k.html HTTP/1.1" 200 58828 "-" "Mozilla/5.0 (compatible; SemrushBot-BA; +http://www.semrush.com/bot.html)"
91.92.243.238 - - [10/Mar/2026:23:33:42 +0000] "POST /wp-login.php HTTP/1.1" 200 58828 "-" "Mozilla/5.0"
91.92.243.238 - - [10/Mar/2026:23:33:42 +0000] "POST /wp-login.php HTTP/1.1" 200 58828 "-" "Mozilla/5.0"
91.92.243.238 - - [10/Mar/2026:23:33:42 +0000] "POST /wp-login.php HTTP/1.1" 200 58828 "-" "Mozilla/5.0"
91.92.243.238 - - [10/Mar/2026:23:33:42 +0000] "POST /wp-login.php HTTP/1.1" 200 58828 "-" "Mozilla/5.0"
91.92.243.238 - - [10/Mar/2026:23:33:42 +0000] "POST /wp-login.php HTTP/1.1" 200 58828 "-" "Mozilla/5.0"
91.92.243.238 - - [10/Mar/2026:23:33:42 +0000] "POST /wp-login.php HTTP/1.1" 200 58828 "-" "Mozilla/5.0"
85.208.98.23 - - [10/Mar/2026:23:34:58 +0000] "GET /robots.txt HTTP/1.1" 200 88 "-" "Mozilla/5.0 (compatible; SemrushBot-BA; +http://www.semrush.com/bot.html)"
85.208.98.19 - - [10/Mar/2026:23:35:25 +0000] "GET /iphone-5-se-k.html HTTP/1.1" 200 58828 "-" "Mozilla/5.0 (compatible; SemrushBot-BA; +http://www.semrush.com/bot.html)"
43.131.26.226 - - [10/Mar/2026:23:37:21 +0000] "GET /?fileloc=/home/azamsportsacadem/public_html/wp-cron.php&path=/home/azamsportsacadem/public_html HTTP/1.1" 200 16673 "-" "Mozilla/5.0 (iPhone; CPU iPhone OS 13_2_3 like Mac OS X) AppleWebKit/605.1.15 (KHTML, like Gecko) Version/13.0.3 Mobile/15E148 Safari/604.1"
66.249.68.64 - - [10/Mar/2026:23:38:06 +0000] "GET /book/0017309748.html HTTP/1.1" 200 58828 "-" "Mozilla/5.0 (Linux; Android 6.0.1; Nexus 5X Build/MMB29P) AppleWebKit/537.36 (KHTML, like Gecko) Chrome/145.0.7632.116 Mobile Safari/537.36 (compatible; GoogleOther)"
85.208.98.23 - - [10/Mar/2026:23:38:18 +0000] "GET /robots.txt HTTP/1.1" 200 88 "-" "Mozilla/5.0 (compatible; SemrushBot-BA; +http://www.semrush.com/bot.html)"
85.208.98.20 - - [10/Mar/2026:23:38:46 +0000] "GET /kogan-futon-k.html HTTP/1.1" 200 58828 "-" "Mozilla/5.0 (compatible; SemrushBot-BA; +http://www.semrush.com/bot.html)"
85.208.98.22 - - [10/Mar/2026:23:38:48 +0000] "GET /cheap-bed-sheets-singapore-k.html HTTP/1.1" 200 58828 "-" "Mozilla/5.0 (compatible; SemrushBot-BA; +http://www.semrush.com/bot.html)"
85.208.98.31 - - [10/Mar/2026:23:38:57 +0000] "GET /bed-japan-k.html HTTP/1.1" 200 58828 "-" "Mozilla/5.0 (compatible; SemrushBot-BA; +http://www.semrush.com/bot.html)"
85.208.98.23 - - [10/Mar/2026:23:39:17 +0000] "GET /robots.txt HTTP/1.1" 200 88 "-" "Mozilla/5.0 (compatible; SemrushBot-BA; +http://www.semrush.com/bot.html)"
85.208.98.20 - - [10/Mar/2026:23:39:46 +0000] "GET /bed-bunk-k.html HTTP/1.1" 200 58828 "-" "Mozilla/5.0 (compatible; SemrushBot-BA; +http://www.semrush.com/bot.html)"
85.208.98.19 - - [10/Mar/2026:23:39:48 +0000] "GET /loft-beds-k.html HTTP/1.1" 200 58828 "-" "Mozilla/5.0 (compatible; SemrushBot-BA; +http://www.semrush.com/bot.html)"
54.83.56.1 - - [10/Mar/2026:23:39:58 +0000] "GET /category/uncategorized/page/2/ HTTP/1.1" 200 58828 "-" "Mozilla/5.0 AppleWebKit/537.36 (KHTML, like Gecko; compatible; Amazonbot/0.1; +https://developer.amazon.com/support/amazonbot) Chrome/119.0.6045.214 Safari/537.36"
85.208.98.31 - - [10/Mar/2026:23:40:08 +0000] "GET /solid-loft-bed-k.html HTTP/1.1" 200 58828 "-" "Mozilla/5.0 (compatible; SemrushBot-BA; +http://www.semrush.com/bot.html)"
85.208.98.19 - - [10/Mar/2026:23:40:12 +0000] "GET /white-bunk-beds-k.html HTTP/1.1" 200 58828 "-" "Mozilla/5.0 (compatible; SemrushBot-BA; +http://www.semrush.com/bot.html)"
85.208.98.22 - - [10/Mar/2026:23:40:31 +0000] "GET /white-trundle-bed-k.html HTTP/1.1" 200 58828 "-" "Mozilla/5.0 (compatible; SemrushBot-BA; +http://www.semrush.com/bot.html)"
85.208.98.19 - - [10/Mar/2026:23:40:32 +0000] "GET /loft-bed-tent-k.html HTTP/1.1" 200 58828 "-" "Mozilla/5.0 (compatible; SemrushBot-BA; +http://www.semrush.com/bot.html)"
85.208.98.23 - - [10/Mar/2026:23:43:35 +0000] "GET /robots.txt HTTP/1.1" 200 88 "-" "Mozilla/5.0 (compatible; SemrushBot-BA; +http://www.semrush.com/bot.html)"
85.208.98.24 - - [10/Mar/2026:23:44:02 +0000] "GET /finley-end-table-k.html HTTP/1.1" 200 58828 "-" "Mozilla/5.0 (compatible; SemrushBot-BA; +http://www.semrush.com/bot.html)"
91.92.243.238 - - [10/Mar/2026:23:45:40 +0000] "POST /wp-login.php HTTP/1.1" 200 58828 "-" "Mozilla/5.0"
91.92.243.238 - - [10/Mar/2026:23:45:40 +0000] "POST /wp-login.php HTTP/1.1" 200 58828 "-" "Mozilla/5.0"
91.92.243.238 - - [10/Mar/2026:23:45:40 +0000] "POST /wp-login.php HTTP/1.1" 200 58828 "-" "Mozilla/5.0"
91.92.243.238 - - [10/Mar/2026:23:45:40 +0000] "POST /wp-login.php HTTP/1.1" 200 58828 "-" "Mozilla/5.0"
91.92.243.238 - - [10/Mar/2026:23:45:41 +0000] "POST /wp-login.php HTTP/1.1" 200 58828 "-" "Mozilla/5.0"
91.92.243.238 - - [10/Mar/2026:23:45:41 +0000] "POST /wp-login.php HTTP/1.1" 200 58828 "-" "Mozilla/5.0"
43.130.60.195 - - [10/Mar/2026:23:46:37 +0000] "GET /?fileloc=/home/azamsportsacadem/public_html/xmlrpc.php&path=/home/azamsportsacadem/public_html HTTP/1.1" 200 16338 "-" "Mozilla/5.0 (iPhone; CPU iPhone OS 13_2_3 like Mac OS X) AppleWebKit/605.1.15 (KHTML, like Gecko) Version/13.0.3 Mobile/15E148 Safari/604.1"
85.208.98.23 - - [10/Mar/2026:23:48:05 +0000] "GET /robots.txt HTTP/1.1" 200 88 "-" "Mozilla/5.0 (compatible; SemrushBot-BA; +http://www.semrush.com/bot.html)"
85.208.98.31 - - [10/Mar/2026:23:49:16 +0000] "GET /mens-abalone-wedding-band-k.html HTTP/1.1" 200 58828 "-" "Mozilla/5.0 (compatible; SemrushBot-BA; +http://www.semrush.com/bot.html)"
85.208.98.23 - - [10/Mar/2026:23:49:54 +0000] "GET /robots.txt HTTP/1.1" 200 88 "-" "Mozilla/5.0 (compatible; SemrushBot-BA; +http://www.semrush.com/bot.html)"
119.28.140.106 - - [10/Mar/2026:23:51:01 +0000] "GET / HTTP/1.1" 200 58828 "-" "Mozilla/5.0 (iPhone; CPU iPhone OS 13_2_3 like Mac OS X) AppleWebKit/605.1.15 (KHTML, like Gecko) Version/13.0.3 Mobile/15E148 Safari/604.1"
85.208.98.23 - - [10/Mar/2026:23:53:46 +0000] "GET /robots.txt HTTP/1.1" 200 88 "-" "Mozilla/5.0 (compatible; SemrushBot-BA; +http://www.semrush.com/bot.html)"
66.249.68.64 - - [10/Mar/2026:23:54:56 +0000] "GET / HTTP/1.1" 200 58828 "-" "Mozilla/5.0 (Linux; Android 6.0.1; Nexus 5X Build/MMB29P) AppleWebKit/537.36 (KHTML, like Gecko) Chrome/99.0.4844.84 Mobile Safari/537.36 (compatible; Googlebot/2.1; +http://www.google.com/bot.html)"
66.249.68.70 - - [10/Mar/2026:23:54:56 +0000] "GET / HTTP/1.1" 200 58828 "-" "Mozilla/5.0 (compatible; Googlebot/2.1; +http://www.google.com/bot.html)"
66.249.68.71 - - [10/Mar/2026:23:54:57 +0000] "GET /favicon.ico HTTP/1.1" 200 58828 "-" "Googlebot-Image/1.0"
85.208.98.23 - - [10/Mar/2026:23:55:16 +0000] "GET /robots.txt HTTP/1.1" 200 88 "-" "Mozilla/5.0 (compatible; SemrushBot-BA; +http://www.semrush.com/bot.html)"
43.128.149.102 - - [10/Mar/2026:23:56:40 +0000] "GET /?path=/home/azamsportsacadem/public_html/.inc HTTP/1.1" 200 22079 "-" "Mozilla/5.0 (iPhone; CPU iPhone OS 13_2_3 like Mac OS X) AppleWebKit/605.1.15 (KHTML, like Gecko) Version/13.0.3 Mobile/15E148 Safari/604.1"
91.92.243.238 - - [10/Mar/2026:23:57:34 +0000] "POST /wp-login.php HTTP/1.1" 200 58828 "-" "Mozilla/5.0"
91.92.243.238 - - [10/Mar/2026:23:57:34 +0000] "POST /wp-login.php HTTP/1.1" 200 58828 "-" "Mozilla/5.0"
91.92.243.238 - - [10/Mar/2026:23:57:34 +0000] "POST /wp-login.php HTTP/1.1" 200 58828 "-" "Mozilla/5.0"
91.92.243.238 - - [10/Mar/2026:23:57:34 +0000] "POST /wp-login.php HTTP/1.1" 200 58828 "-" "Mozilla/5.0"
91.92.243.238 - - [10/Mar/2026:23:57:34 +0000] "POST /wp-login.php HTTP/1.1" 200 58828 "-" "Mozilla/5.0"
91.92.243.238 - - [10/Mar/2026:23:57:34 +0000] "POST /wp-login.php HTTP/1.1" 200 58828 "-" "Mozilla/5.0"
85.208.98.23 - - [10/Mar/2026:23:58:36 +0000] "GET /robots.txt HTTP/1.1" 200 88 "-" "Mozilla/5.0 (compatible; SemrushBot-BA; +http://www.semrush.com/bot.html)"
85.208.98.31 - - [11/Mar/2026:00:00:56 +0000] "GET /gold-band-rings-for-him-k.html HTTP/1.1" 200 58828 "-" "Mozilla/5.0 (compatible; SemrushBot-BA; +http://www.semrush.com/bot.html)"
85.208.98.23 - - [11/Mar/2026:00:04:15 +0000] "GET /robots.txt HTTP/1.1" 200 88 "-" "Mozilla/5.0 (compatible; SemrushBot-BA; +http://www.semrush.com/bot.html)"
85.208.98.24 - - [11/Mar/2026:00:06:01 +0000] "GET /ew4040-k.html HTTP/1.1" 200 58828 "-" "Mozilla/5.0 (compatible; SemrushBot-BA; +http://www.semrush.com/bot.html)"
43.130.139.177 - - [11/Mar/2026:00:06:52 +0000] "GET /?path=/home/azamsportsacadem/public_html/images HTTP/1.1" 200 15974 "-" "Mozilla/5.0 (iPhone; CPU iPhone OS 13_2_3 like Mac OS X) AppleWebKit/605.1.15 (KHTML, like Gecko) Version/13.0.3 Mobile/15E148 Safari/604.1"
85.208.98.23 - - [11/Mar/2026:00:08:15 +0000] "GET /robots.txt HTTP/1.1" 200 88 "-" "Mozilla/5.0 (compatible; SemrushBot-BA; +http://www.semrush.com/bot.html)"
85.208.98.23 - - [11/Mar/2026:00:08:21 +0000] "GET /robots.txt HTTP/1.1" 200 88 "-" "Mozilla/5.0 (compatible; SemrushBot-BA; +http://www.semrush.com/bot.html)"
91.92.243.238 - - [11/Mar/2026:00:09:28 +0000] "POST /wp-login.php HTTP/1.1" 200 58828 "-" "Mozilla/5.0"
91.92.243.238 - - [11/Mar/2026:00:09:28 +0000] "POST /wp-login.php HTTP/1.1" 200 58828 "-" "Mozilla/5.0"
91.92.243.238 - - [11/Mar/2026:00:09:28 +0000] "POST /wp-login.php HTTP/1.1" 200 58828 "-" "Mozilla/5.0"
91.92.243.238 - - [11/Mar/2026:00:09:28 +0000] "POST /wp-login.php HTTP/1.1" 200 58828 "-" "Mozilla/5.0"
91.92.243.238 - - [11/Mar/2026:00:09:28 +0000] "POST /wp-login.php HTTP/1.1" 200 58828 "-" "Mozilla/5.0"
91.92.243.238 - - [11/Mar/2026:00:09:28 +0000] "POST /wp-login.php HTTP/1.1" 200 58828 "-" "Mozilla/5.0"
85.208.98.22 - - [11/Mar/2026:00:09:49 +0000] "GET /rkv4g36-k.html HTTP/1.1" 200 58828 "-" "Mozilla/5.0 (compatible; SemrushBot-BA; +http://www.semrush.com/bot.html)"
85.208.98.24 - - [11/Mar/2026:00:11:29 +0000] "GET /shoulder-splint-k.html HTTP/1.1" 200 58828 "-" "Mozilla/5.0 (compatible; SemrushBot-BA; +http://www.semrush.com/bot.html)"
85.208.98.23 - - [11/Mar/2026:00:11:50 +0000] "GET /robots.txt HTTP/1.1" 200 88 "-" "Mozilla/5.0 (compatible; SemrushBot-BA; +http://www.semrush.com/bot.html)"
85.208.98.24 - - [11/Mar/2026:00:15:01 +0000] "GET /coin-counting-kiosk-near-me-k.html HTTP/1.1" 200 58828 "-" "Mozilla/5.0 (compatible; SemrushBot-BA; +http://www.semrush.com/bot.html)"
85.208.98.31 - - [11/Mar/2026:00:15:06 +0000] "GET /coin-swap-machine-k.html HTTP/1.1" 200 58828 "-" "Mozilla/5.0 (compatible; SemrushBot-BA; +http://www.semrush.com/bot.html)"
85.208.98.16 - - [11/Mar/2026:00:16:12 +0000] "GET /sheers-with-roller-blinds-k.html HTTP/1.1" 200 58828 "-" "Mozilla/5.0 (compatible; SemrushBot-BA; +http://www.semrush.com/bot.html)"
85.208.98.16 - - [11/Mar/2026:00:16:27 +0000] "GET /top-toothpaste-brands-k.html HTTP/1.1" 200 58828 "-" "Mozilla/5.0 (compatible; SemrushBot-BA; +http://www.semrush.com/bot.html)"
49.51.183.75 - - [11/Mar/2026:00:16:34 +0000] "GET /?fileloc=/home/azamsportsacadem/public_html/forshellAttachFunction/Gmailsmtp.php&path=/home/azamsportsacadem/public_html/forshellAttachFunction HTTP/1.1" 200 14497 "-" "Mozilla/5.0 (iPhone; CPU iPhone OS 13_2_3 like Mac OS X) AppleWebKit/605.1.15 (KHTML, like Gecko) Version/13.0.3 Mobile/15E148 Safari/604.1"
85.208.98.22 - - [11/Mar/2026:00:17:24 +0000] "GET /good-toothpaste-k.html HTTP/1.1" 200 58828 "-" "Mozilla/5.0 (compatible; SemrushBot-BA; +http://www.semrush.com/bot.html)"
178.218.200.216 - - [11/Mar/2026:00:17:25 +0000] "GET /wp-content/uploads/2021/07/abeda_madam_edited.jpg HTTP/1.1" 200 19073 "-" "Mozilla/5.0 (Linux; Android 4.0.4) AppleWebKit/531.1 (KHTML, like Gecko) Chrome/56.0.874.0 Safari/531.1"
85.208.98.16 - - [11/Mar/2026:00:17:30 +0000] "GET /hiit-rowing-machine-10-minutes-k.html HTTP/1.1" 200 58828 "-" "Mozilla/5.0 (compatible; SemrushBot-BA; +http://www.semrush.com/bot.html)"
85.208.98.20 - - [11/Mar/2026:00:17:54 +0000] "GET /f/A809743 HTTP/1.1" 200 58828 "-" "Mozilla/5.0 (compatible; SemrushBot-BA; +http://www.semrush.com/bot.html)"
85.208.98.24 - - [11/Mar/2026:00:18:05 +0000] "GET /cross-trainer-air-walker-k.html HTTP/1.1" 200 58828 "-" "Mozilla/5.0 (compatible; SemrushBot-BA; +http://www.semrush.com/bot.html)"
85.208.98.16 - - [11/Mar/2026:00:18:40 +0000] "GET /fitness-ball-abs-k.html HTTP/1.1" 200 58828 "-" "Mozilla/5.0 (compatible; SemrushBot-BA; +http://www.semrush.com/bot.html)"
85.208.98.31 - - [11/Mar/2026:00:18:58 +0000] "GET /exercise-wheels-k.html HTTP/1.1" 200 58828 "-" "Mozilla/5.0 (compatible; SemrushBot-BA; +http://www.semrush.com/bot.html)"
85.208.98.16 - - [11/Mar/2026:00:19:27 +0000] "GET /foot-exercise-bike-k.html HTTP/1.1" 200 58828 "-" "Mozilla/5.0 (compatible; SemrushBot-BA; +http://www.semrush.com/bot.html)"
167.250.36.28 - - [11/Mar/2026:00:19:30 +0000] "GET http://azamsportsacademy.com/wp-content/uploads/2021/07/WhatsApp-Image-2021-07-09-at-10.52.41-AM.jpeg HTTP/1.1" 200 96906 "-" "Mozilla/5.0 (Android 6.0; Mobile; rv:21.0) Gecko/21.0 Firefox/21.0"
85.208.98.24 - - [11/Mar/2026:00:19:42 +0000] "GET /rowing-machine-handlebar-k.html HTTP/1.1" 200 58828 "-" "Mozilla/5.0 (compatible; SemrushBot-BA; +http://www.semrush.com/bot.html)"
85.208.98.23 - - [11/Mar/2026:00:19:55 +0000] "GET /robots.txt HTTP/1.1" 200 88 "-" "Mozilla/5.0 (compatible; SemrushBot-BA; +http://www.semrush.com/bot.html)"
85.208.98.19 - - [11/Mar/2026:00:20:07 +0000] "GET /paddling-machine-gym-k.html HTTP/1.1" 200 58828 "-" "Mozilla/5.0 (compatible; SemrushBot-BA; +http://www.semrush.com/bot.html)"
85.208.98.19 - - [11/Mar/2026:00:20:26 +0000] "GET /power-ab-wheel-k.html HTTP/1.1" 200 58828 "-" "Mozilla/5.0 (compatible; SemrushBot-BA; +http://www.semrush.com/bot.html)"
85.208.98.23 - - [11/Mar/2026:00:20:35 +0000] "GET /robots.txt HTTP/1.1" 200 88 "-" "Mozilla/5.0 (compatible; SemrushBot-BA; +http://www.semrush.com/bot.html)"
85.208.98.29 - - [11/Mar/2026:00:20:47 +0000] "GET /gym-puzzle-mat-k.html HTTP/1.1" 200 58828 "-" "Mozilla/5.0 (compatible; SemrushBot-BA; +http://www.semrush.com/bot.html)"
85.208.98.24 - - [11/Mar/2026:00:21:08 +0000] "GET /fitness-sphere-k.html HTTP/1.1" 200 58828 "-" "Mozilla/5.0 (compatible; SemrushBot-BA; +http://www.semrush.com/bot.html)"
91.92.243.238 - - [11/Mar/2026:00:21:17 +0000] "POST /wp-login.php HTTP/1.1" 200 58828 "-" "Mozilla/5.0"
91.92.243.238 - - [11/Mar/2026:00:21:17 +0000] "POST /wp-login.php HTTP/1.1" 200 58828 "-" "Mozilla/5.0"
91.92.243.238 - - [11/Mar/2026:00:21:17 +0000] "POST /wp-login.php HTTP/1.1" 200 58828 "-" "Mozilla/5.0"
91.92.243.238 - - [11/Mar/2026:00:21:17 +0000] "POST /wp-login.php HTTP/1.1" 200 58828 "-" "Mozilla/5.0"
91.92.243.238 - - [11/Mar/2026:00:21:17 +0000] "POST /wp-login.php HTTP/1.1" 200 58828 "-" "Mozilla/5.0"
91.92.243.238 - - [11/Mar/2026:00:21:17 +0000] "POST /wp-login.php HTTP/1.1" 200 58828 "-" "Mozilla/5.0"
85.208.98.31 - - [11/Mar/2026:00:21:18 +0000] "GET /ab-roller-exercise-machine-k.html HTTP/1.1" 200 58828 "-" "Mozilla/5.0 (compatible; SemrushBot-BA; +http://www.semrush.com/bot.html)"
85.208.98.24 - - [11/Mar/2026:00:21:34 +0000] "GET /gym-swiss-ball-k.html HTTP/1.1" 200 58828 "-" "Mozilla/5.0 (compatible; SemrushBot-BA; +http://www.semrush.com/bot.html)"
85.208.98.19 - - [11/Mar/2026:00:21:45 +0000] "GET /f/D922195 HTTP/1.1" 200 58828 "-" "Mozilla/5.0 (compatible; SemrushBot-BA; +http://www.semrush.com/bot.html)"
66.249.68.70 - - [11/Mar/2026:00:21:45 +0000] "GET /f/X1111067 HTTP/1.1" 200 58828 "-" "Mozilla/5.0 (Linux; Android 6.0.1; Nexus 5X Build/MMB29P) AppleWebKit/537.36 (KHTML, like Gecko) Chrome/145.0.7632.116 Mobile Safari/537.36 (compatible; GoogleOther)"
85.208.98.20 - - [11/Mar/2026:00:22:07 +0000] "GET /best-water-rower-k.html HTTP/1.1" 200 58828 "-" "Mozilla/5.0 (compatible; SemrushBot-BA; +http://www.semrush.com/bot.html)"
85.208.98.24 - - [11/Mar/2026:00:22:16 +0000] "GET /fitness-cage-k.html HTTP/1.1" 200 58828 "-" "Mozilla/5.0 (compatible; SemrushBot-BA; +http://www.semrush.com/bot.html)"
85.208.98.19 - - [11/Mar/2026:00:22:28 +0000] "GET /f/F3188124 HTTP/1.1" 200 58828 "-" "Mozilla/5.0 (compatible; SemrushBot-BA; +http://www.semrush.com/bot.html)"
85.208.98.16 - - [11/Mar/2026:00:22:37 +0000] "GET /standing-cycle-gym-k.html HTTP/1.1" 200 58828 "-" "Mozilla/5.0 (compatible; SemrushBot-BA; +http://www.semrush.com/bot.html)"
85.208.98.22 - - [11/Mar/2026:00:22:50 +0000] "GET /cheap-ab-wheel-k.html HTTP/1.1" 200 58828 "-" "Mozilla/5.0 (compatible; SemrushBot-BA; +http://www.semrush.com/bot.html)"
85.208.98.19 - - [11/Mar/2026:00:22:54 +0000] "GET /phone-holder-for-my-bike-k.html HTTP/1.1" 200 58828 "-" "Mozilla/5.0 (compatible; SemrushBot-BA; +http://www.semrush.com/bot.html)"
85.208.98.19 - - [11/Mar/2026:00:23:02 +0000] "GET /f/B922531 HTTP/1.1" 200 58828 "-" "Mozilla/5.0 (compatible; SemrushBot-BA; +http://www.semrush.com/bot.html)"
85.208.98.20 - - [11/Mar/2026:00:23:07 +0000] "GET /fit-ball-exercise-k.html HTTP/1.1" 200 58828 "-" "Mozilla/5.0 (compatible; SemrushBot-BA; +http://www.semrush.com/bot.html)"
85.208.98.22 - - [11/Mar/2026:00:23:17 +0000] "GET /air-rowing-machine-k.html HTTP/1.1" 200 58828 "-" "Mozilla/5.0 (compatible; SemrushBot-BA; +http://www.semrush.com/bot.html)"
85.208.98.20 - - [11/Mar/2026:00:23:26 +0000] "GET /bouncy-ball-gym-k.html HTTP/1.1" 200 58828 "-" "Mozilla/5.0 (compatible; SemrushBot-BA; +http://www.semrush.com/bot.html)"
85.208.98.24 - - [11/Mar/2026:00:23:33 +0000] "GET /how-to-row-rowing-machine-k.html HTTP/1.1" 200 58828 "-" "Mozilla/5.0 (compatible; SemrushBot-BA; +http://www.semrush.com/bot.html)"
85.208.98.24 - - [11/Mar/2026:00:23:36 +0000] "GET /the-block-ice-bath-k.html HTTP/1.1" 200 58828 "-" "Mozilla/5.0 (compatible; SemrushBot-BA; +http://www.semrush.com/bot.html)"
85.208.98.24 - - [11/Mar/2026:00:23:43 +0000] "GET /smart-stationary-bike-k.html HTTP/1.1" 200 58828 "-" "Mozilla/5.0 (compatible; SemrushBot-BA; +http://www.semrush.com/bot.html)"
85.208.98.20 - - [11/Mar/2026:00:23:43 +0000] "GET /trifold-gym-mat-k.html HTTP/1.1" 200 58828 "-" "Mozilla/5.0 (compatible; SemrushBot-BA; +http://www.semrush.com/bot.html)"
85.208.98.29 - - [11/Mar/2026:00:23:43 +0000] "GET /walker-machine-gym-k.html HTTP/1.1" 200 58828 "-" "Mozilla/5.0 (compatible; SemrushBot-BA; +http://www.semrush.com/bot.html)"
85.208.98.20 - - [11/Mar/2026:00:23:54 +0000] "GET /upright-exercise-bike-k.html HTTP/1.1" 200 58828 "-" "Mozilla/5.0 (compatible; SemrushBot-BA; +http://www.semrush.com/bot.html)"
85.208.98.19 - - [11/Mar/2026:00:23:54 +0000] "GET /yoga-ball-55cm-k.html HTTP/1.1" 200 58828 "-" "Mozilla/5.0 (compatible; SemrushBot-BA; +http://www.semrush.com/bot.html)"
85.208.98.22 - - [11/Mar/2026:00:23:54 +0000] "GET /f/O3187847 HTTP/1.1" 200 58828 "-" "Mozilla/5.0 (compatible; SemrushBot-BA; +http://www.semrush.com/bot.html)"
85.208.98.29 - - [11/Mar/2026:00:24:13 +0000] "GET /piston-rowing-machine-k.html HTTP/1.1" 200 58828 "-" "Mozilla/5.0 (compatible; SemrushBot-BA; +http://www.semrush.com/bot.html)"
85.208.98.16 - - [11/Mar/2026:00:24:13 +0000] "GET /f/Z3189366 HTTP/1.1" 200 58828 "-" "Mozilla/5.0 (compatible; SemrushBot-BA; +http://www.semrush.com/bot.html)"
85.208.98.24 - - [11/Mar/2026:00:24:13 +0000] "GET /magnetic-rowing-machine-k.html HTTP/1.1" 200 58828 "-" "Mozilla/5.0 (compatible; SemrushBot-BA; +http://www.semrush.com/bot.html)"
85.208.98.16 - - [11/Mar/2026:00:24:20 +0000] "GET /f/N3188730 HTTP/1.1" 200 58828 "-" "Mozilla/5.0 (compatible; SemrushBot-BA; +http://www.semrush.com/bot.html)"
85.208.98.31 - - [11/Mar/2026:00:24:20 +0000] "GET /purple-diamond-ring-k.html HTTP/1.1" 200 58828 "-" "Mozilla/5.0 (compatible; SemrushBot-BA; +http://www.semrush.com/bot.html)"
85.208.98.19 - - [11/Mar/2026:00:24:20 +0000] "GET /french-pave-halo-k.html HTTP/1.1" 200 58828 "-" "Mozilla/5.0 (compatible; SemrushBot-BA; +http://www.semrush.com/bot.html)"
85.208.98.29 - - [11/Mar/2026:00:24:26 +0000] "GET /mens-dress-rings-k.html HTTP/1.1" 200 58828 "-" "Mozilla/5.0 (compatible; SemrushBot-BA; +http://www.semrush.com/bot.html)"
85.208.98.20 - - [11/Mar/2026:00:24:26 +0000] "GET /men-rings-gold-k.html HTTP/1.1" 200 58828 "-" "Mozilla/5.0 (compatible; SemrushBot-BA; +http://www.semrush.com/bot.html)"
85.208.98.22 - - [11/Mar/2026:00:24:26 +0000] "GET /rose-gold-garnet-k.html HTTP/1.1" 200 58828 "-" "Mozilla/5.0 (compatible; SemrushBot-BA; +http://www.semrush.com/bot.html)"
85.208.98.31 - - [11/Mar/2026:00:24:34 +0000] "GET /gemstone-bridal-sets-k.html HTTP/1.1" 200 58828 "-" "Mozilla/5.0 (compatible; SemrushBot-BA; +http://www.semrush.com/bot.html)"
85.208.98.19 - - [11/Mar/2026:00:24:34 +0000] "GET /rose-gold-diamond-jewellery-k.html HTTP/1.1" 200 58828 "-" "Mozilla/5.0 (compatible; SemrushBot-BA; +http://www.semrush.com/bot.html)"
85.208.98.22 - - [11/Mar/2026:00:24:34 +0000] "GET /mens-titanium-ring-k.html HTTP/1.1" 200 58828 "-" "Mozilla/5.0 (compatible; SemrushBot-BA; +http://www.semrush.com/bot.html)"
85.208.98.20 - - [11/Mar/2026:00:24:41 +0000] "GET /gold-moon-necklace-pendant-k.html HTTP/1.1" 200 58828 "-" "Mozilla/5.0 (compatible; SemrushBot-BA; +http://www.semrush.com/bot.html)"
85.208.98.22 - - [11/Mar/2026:00:24:41 +0000] "GET /f/M3138853 HTTP/1.1" 200 58828 "-" "Mozilla/5.0 (compatible; SemrushBot-BA; +http://www.semrush.com/bot.html)"
85.208.98.19 - - [11/Mar/2026:00:24:42 +0000] "GET /estella-earrings-k.html HTTP/1.1" 200 58828 "-" "Mozilla/5.0 (compatible; SemrushBot-BA; +http://www.semrush.com/bot.html)"
85.208.98.20 - - [11/Mar/2026:00:24:49 +0000] "GET /f/Z921905 HTTP/1.1" 200 58828 "-" "Mozilla/5.0 (compatible; SemrushBot-BA; +http://www.semrush.com/bot.html)"
37.59.204.154 - - [11/Mar/2026:00:25:01 +0000] "GET /robots.txt HTTP/1.1" 200 88 "-" "Mozilla/5.0 (compatible; AhrefsBot/7.0; +http://ahrefs.com/robot/)"
92.222.108.101 - - [11/Mar/2026:00:25:04 +0000] "GET / HTTP/1.1" 200 58828 "-" "Mozilla/5.0 (compatible; AhrefsBot/7.0; +http://ahrefs.com/robot/)"
66.249.68.70 - - [11/Mar/2026:00:26:07 +0000] "GET /f/X1111067 HTTP/1.1" 200 58828 "-" "Mozilla/5.0 (Linux; Android 6.0.1; Nexus 5X Build/MMB29P) AppleWebKit/537.36 (KHTML, like Gecko) Chrome/145.0.7632.116 Mobile Safari/537.36 (compatible; Googlebot/2.1; +http://www.google.com/bot.html)"
43.153.107.22 - - [11/Mar/2026:00:26:41 +0000] "GET /?path=/home/azamsportsacadem/public_html/wp-includes/Requests HTTP/1.1" 200 47113 "-" "Mozilla/5.0 (iPhone; CPU iPhone OS 13_2_3 like Mac OS X) AppleWebKit/605.1.15 (KHTML, like Gecko) Version/13.0.3 Mobile/15E148 Safari/604.1"
85.208.98.23 - - [11/Mar/2026:00:28:04 +0000] "GET /robots.txt HTTP/1.1" 200 88 "-" "Mozilla/5.0 (compatible; SemrushBot-BA; +http://www.semrush.com/bot.html)"
85.208.98.19 - - [11/Mar/2026:00:28:20 +0000] "GET /oxford-plus-k.html HTTP/1.1" 200 58828 "-" "Mozilla/5.0 (compatible; SemrushBot-BA; +http://www.semrush.com/bot.html)"
85.208.98.23 - - [11/Mar/2026:00:31:37 +0000] "GET /robots.txt HTTP/1.1" 200 88 "-" "Mozilla/5.0 (compatible; SemrushBot-BA; +http://www.semrush.com/bot.html)"
85.208.98.31 - - [11/Mar/2026:00:32:05 +0000] "GET /less-urination-k.html HTTP/1.1" 200 58828 "-" "Mozilla/5.0 (compatible; SemrushBot-BA; +http://www.semrush.com/bot.html)"
85.208.98.31 - - [11/Mar/2026:00:32:07 +0000] "GET /f/X923203 HTTP/1.1" 200 58828 "-" "Mozilla/5.0 (compatible; SemrushBot-BA; +http://www.semrush.com/bot.html)"
85.208.98.31 - - [11/Mar/2026:00:32:16 +0000] "GET /low-urine-k.html HTTP/1.1" 200 58828 "-" "Mozilla/5.0 (compatible; SemrushBot-BA; +http://www.semrush.com/bot.html)"
85.208.98.19 - - [11/Mar/2026:00:32:17 +0000] "GET /afp-pregnancy-k.html HTTP/1.1" 200 58828 "-" "Mozilla/5.0 (compatible; SemrushBot-BA; +http://www.semrush.com/bot.html)"
85.208.98.31 - - [11/Mar/2026:00:32:39 +0000] "GET /office-id-card-printing-k.html HTTP/1.1" 200 58828 "-" "Mozilla/5.0 (compatible; SemrushBot-BA; +http://www.semrush.com/bot.html)"
85.208.98.24 - - [11/Mar/2026:00:32:41 +0000] "GET /pearl-paper-printing-k.html HTTP/1.1" 200 58828 "-" "Mozilla/5.0 (compatible; SemrushBot-BA; +http://www.semrush.com/bot.html)"
85.208.98.24 - - [11/Mar/2026:00:32:46 +0000] "GET /craft-paper-card-k.html HTTP/1.1" 200 58828 "-" "Mozilla/5.0 (compatible; SemrushBot-BA; +http://www.semrush.com/bot.html)"
85.208.98.19 - - [11/Mar/2026:00:32:48 +0000] "GET /loyalty-card-printing-k.html HTTP/1.1" 200 58828 "-" "Mozilla/5.0 (compatible; SemrushBot-BA; +http://www.semrush.com/bot.html)"
91.92.243.238 - - [11/Mar/2026:00:32:58 +0000] "POST /wp-login.php HTTP/1.1" 200 58828 "-" "Mozilla/5.0"
91.92.243.238 - - [11/Mar/2026:00:32:58 +0000] "POST /wp-login.php HTTP/1.1" 200 58828 "-" "Mozilla/5.0"
91.92.243.238 - - [11/Mar/2026:00:32:58 +0000] "POST /wp-login.php HTTP/1.1" 200 58828 "-" "Mozilla/5.0"
91.92.243.238 - - [11/Mar/2026:00:32:59 +0000] "POST /wp-login.php HTTP/1.1" 200 58828 "-" "Mozilla/5.0"
91.92.243.238 - - [11/Mar/2026:00:32:59 +0000] "POST /wp-login.php HTTP/1.1" 200 58828 "-" "Mozilla/5.0"
91.92.243.238 - - [11/Mar/2026:00:32:59 +0000] "POST /wp-login.php HTTP/1.1" 200 58828 "-" "Mozilla/5.0"
85.208.98.23 - - [11/Mar/2026:00:34:46 +0000] "GET /robots.txt HTTP/1.1" 200 88 "-" "Mozilla/5.0 (compatible; SemrushBot-BA; +http://www.semrush.com/bot.html)"
66.249.68.70 - - [11/Mar/2026:00:34:51 +0000] "GET /book/0017309748.html HTTP/1.1" 200 58828 "-" "Mozilla/5.0 (Linux; Android 6.0.1; Nexus 5X Build/MMB29P) AppleWebKit/537.36 (KHTML, like Gecko) Chrome/145.0.7632.116 Mobile Safari/537.36 (compatible; Googlebot/2.1; +http://www.google.com/bot.html)"
85.208.98.22 - - [11/Mar/2026:00:35:06 +0000] "GET /wearable-android-devices-k.html HTTP/1.1" 200 58828 "-" "Mozilla/5.0 (compatible; SemrushBot-BA; +http://www.semrush.com/bot.html)"
85.208.98.23 - - [11/Mar/2026:00:35:56 +0000] "GET /robots.txt HTTP/1.1" 200 88 "-" "Mozilla/5.0 (compatible; SemrushBot-BA; +http://www.semrush.com/bot.html)"
124.156.225.181 - - [11/Mar/2026:00:36:20 +0000] "GET /?fileloc=/home/azamsportsacadem/public_html/readme.html&path=/home/azamsportsacadem/public_html HTTP/1.1" 200 21675 "-" "Mozilla/5.0 (iPhone; CPU iPhone OS 13_2_3 like Mac OS X) AppleWebKit/605.1.15 (KHTML, like Gecko) Version/13.0.3 Mobile/15E148 Safari/604.1"
85.208.98.23 - - [11/Mar/2026:00:36:23 +0000] "GET /robots.txt HTTP/1.1" 200 88 "-" "Mozilla/5.0 (compatible; SemrushBot-BA; +http://www.semrush.com/bot.html)"
