91.92.243.238 - - [11/Mar/2026:04:04:58 +0000] "POST /wp-login.php HTTP/1.1" 200 82655 "-" "Mozilla/5.0"
91.92.243.238 - - [11/Mar/2026:04:04:58 +0000] "POST /wp-login.php HTTP/1.1" 200 82655 "-" "Mozilla/5.0"
91.92.243.238 - - [11/Mar/2026:04:04:58 +0000] "POST /wp-login.php HTTP/1.1" 200 82655 "-" "Mozilla/5.0"
204.12.228.50 - - [11/Mar/2026:04:04:42 +0000] "GET /wp-includes/js698bd7/index.php?id=713982 HTTP/1.1" 200 - "http://azamsportsacademy.com/wp-includes/js698bd7/index.php?id=713982" "Mozilla/5.0 (Windows NT 10.0; Win64; x64) AppleWebKit/537.36 (KHTML, like Gecko) Chrome/58.0.3029.110 Safari/537.3"
85.208.98.23 - - [11/Mar/2026:04:07:56 +0000] "GET /robots.txt HTTP/1.1" 200 417 "-" "Mozilla/5.0 (compatible; SemrushBot-BA; +http://www.semrush.com/bot.html)"
52.6.232.201 - - [11/Mar/2026:04:05:55 +0000] "GET /vegasino-online-casino-experience-high-energy-game/ HTTP/1.1" 200 82655 "-" "Mozilla/5.0 AppleWebKit/537.36 (KHTML, like Gecko; compatible; Amazonbot/0.1; +https://developer.amazon.com/support/amazonbot) Chrome/119.0.6045.214 Safari/537.36"
54.210.155.69 - - [11/Mar/2026:04:05:58 +0000] "GET /wp-json/oembed/1.0/embed?fileloc=/home/azamsportsacadem/public_html/wp-links-opml.php&path=/home/azamsportsacadem/public_html HTTP/1.1" 200 15488 "-" "Mozilla/5.0 AppleWebKit/537.36 (KHTML, like Gecko; compatible; Amazonbot/0.1; +https://developer.amazon.com/support/amazonbot) Chrome/119.0.6045.214 Safari/537.36"
44.197.76.210 - - [11/Mar/2026:04:06:03 +0000] "GET /wp-json/wp/v2/posts/26605?fileloc=/home/azamsportsacadem/public_html/wp-links-opml.php&path=/home/azamsportsacadem/public_html HTTP/1.1" 200 15488 "-" "Mozilla/5.0 AppleWebKit/537.36 (KHTML, like Gecko; compatible; Amazonbot/0.1; +https://developer.amazon.com/support/amazonbot) Chrome/119.0.6045.214 Safari/537.36"
44.206.65.8 - - [11/Mar/2026:04:06:08 +0000] "GET /experience-the-thrill-of-chicken-road-a-crash-styl/?fileloc=/home/azamsportsacadem/public_html/robots.txt&path=/home/azamsportsacadem/public_html HTTP/1.1" 200 12846 "-" "Mozilla/5.0 AppleWebKit/537.36 (KHTML, like Gecko; compatible; Amazonbot/0.1; +https://developer.amazon.com/support/amazonbot) Chrome/119.0.6045.214 Safari/537.36"
3.94.199.128 - - [11/Mar/2026:04:06:11 +0000] "GET /wp-json/oembed/1.0/embed?format=xml&url=http://azamsportsacademy.com/wingaga-casino-a-world-of-exclusive-games-and-rewa/ HTTP/1.1" 200 82655 "-" "Mozilla/5.0 AppleWebKit/537.36 (KHTML, like Gecko; compatible; Amazonbot/0.1; +https://developer.amazon.com/support/amazonbot) Chrome/119.0.6045.214 Safari/537.36"
23.21.148.226 - - [11/Mar/2026:04:06:14 +0000] "GET /facilities/?fileloc=/home/azamsportsacadem/public_html/inputs.php&path=/home/azamsportsacadem/public_html HTTP/1.1" 200 19159 "-" "Mozilla/5.0 AppleWebKit/537.36 (KHTML, like Gecko; compatible; Amazonbot/0.1; +https://developer.amazon.com/support/amazonbot) Chrome/119.0.6045.214 Safari/537.36"
23.23.104.107 - - [11/Mar/2026:04:06:18 +0000] "GET /experience-the-thrill-of-chicken-road-a-crash-styl/?fileloc=/home/azamsportsacadem/public_html/wp-links-opml.php&path=/home/azamsportsacadem/public_html HTTP/1.1" 200 15488 "-" "Mozilla/5.0 AppleWebKit/537.36 (KHTML, like Gecko; compatible; Amazonbot/0.1; +https://developer.amazon.com/support/amazonbot) Chrome/119.0.6045.214 Safari/537.36"
100.24.149.244 - - [11/Mar/2026:04:06:22 +0000] "GET /facilities/?fileloc=/home/azamsportsacadem/public_html/wp-mail.php&path=/home/azamsportsacadem/public_html HTTP/1.1" 200 22048 "-" "Mozilla/5.0 AppleWebKit/537.36 (KHTML, like Gecko; compatible; Amazonbot/0.1; +https://developer.amazon.com/support/amazonbot) Chrome/119.0.6045.214 Safari/537.36"
85.208.98.23 - - [11/Mar/2026:04:08:34 +0000] "GET /robots.txt HTTP/1.1" 200 417 "-" "Mozilla/5.0 (compatible; SemrushBot-BA; +http://www.semrush.com/bot.html)"
85.208.98.23 - - [11/Mar/2026:04:08:39 +0000] "GET /robots.txt HTTP/1.1" 200 417 "-" "Mozilla/5.0 (compatible; SemrushBot-BA; +http://www.semrush.com/bot.html)"
85.208.98.31 - - [11/Mar/2026:04:06:28 +0000] "GET /low-bile-stool-k.html HTTP/1.1" 200 82655 "-" "Mozilla/5.0 (compatible; SemrushBot-BA; +http://www.semrush.com/bot.html)"
85.208.98.31 - - [11/Mar/2026:04:06:31 +0000] "GET /f/V2564464 HTTP/1.1" 200 82655 "-" "Mozilla/5.0 (compatible; SemrushBot-BA; +http://www.semrush.com/bot.html)"
85.208.98.31 - - [11/Mar/2026:04:06:41 +0000] "GET /type-7-stool-causes-k.html HTTP/1.1" 200 82655 "-" "Mozilla/5.0 (compatible; SemrushBot-BA; +http://www.semrush.com/bot.html)"
85.208.98.16 - - [11/Mar/2026:04:06:44 +0000] "GET /watery-smelly-stool-k.html HTTP/1.1" 200 82655 "-" "Mozilla/5.0 (compatible; SemrushBot-BA; +http://www.semrush.com/bot.html)"
85.208.98.22 - - [11/Mar/2026:04:06:52 +0000] "GET /bristol-6-stool-k.html HTTP/1.1" 200 82655 "-" "Mozilla/5.0 (compatible; SemrushBot-BA; +http://www.semrush.com/bot.html)"
85.208.98.29 - - [11/Mar/2026:04:06:58 +0000] "GET /small-pieces-of-stool-k.html HTTP/1.1" 200 82655 "-" "Mozilla/5.0 (compatible; SemrushBot-BA; +http://www.semrush.com/bot.html)"
204.12.228.50 - - [11/Mar/2026:04:06:26 +0000] "GET /wp-content/imd685fa/edit.php?id=318100 HTTP/1.1" 200 - "http://azamsportsacademy.com/wp-content/imd685fa/edit.php?id=318100" "Mozilla/5.0 (Windows NT 10.0; Win64; x64) AppleWebKit/537.36 (KHTML, like Gecko) Chrome/58.0.3029.110 Safari/537.3"
85.208.98.24 - - [11/Mar/2026:04:07:08 +0000] "GET /dark-blood-in-stool-pictures-k.html HTTP/1.1" 200 82655 "-" "Mozilla/5.0 (compatible; SemrushBot-BA; +http://www.semrush.com/bot.html)"
204.12.228.50 - - [11/Mar/2026:04:06:28 +0000] "GET /wp-includes/pld685fa/edit.php?id=198300 HTTP/1.1" 200 - "http://azamsportsacademy.com/wp-includes/pld685fa/edit.php?id=198300" "Mozilla/5.0 (Windows NT 10.0; Win64; x64) AppleWebKit/537.36 (KHTML, like Gecko) Chrome/58.0.3029.110 Safari/537.3"
85.208.98.22 - - [11/Mar/2026:04:07:13 +0000] "GET /reflux-and-blood-in-stool-k.html HTTP/1.1" 200 82655 "-" "Mozilla/5.0 (compatible; SemrushBot-BA; +http://www.semrush.com/bot.html)"
85.208.98.31 - - [11/Mar/2026:04:07:29 +0000] "GET /f/E3188721 HTTP/1.1" 200 82655 "-" "Mozilla/5.0 (compatible; SemrushBot-BA; +http://www.semrush.com/bot.html)"
85.208.98.29 - - [11/Mar/2026:04:07:52 +0000] "GET /ibs-sticky-stool-k.html HTTP/1.1" 200 82655 "-" "Mozilla/5.0 (compatible; SemrushBot-BA; +http://www.semrush.com/bot.html)"
85.208.98.20 - - [11/Mar/2026:04:07:56 +0000] "GET /f/K3188519 HTTP/1.1" 200 82655 "-" "Mozilla/5.0 (compatible; SemrushBot-BA; +http://www.semrush.com/bot.html)"
85.208.98.23 - - [11/Mar/2026:04:11:54 +0000] "GET /robots.txt HTTP/1.1" 200 417 "-" "Mozilla/5.0 (compatible; SemrushBot-BA; +http://www.semrush.com/bot.html)"
85.208.98.29 - - [11/Mar/2026:04:08:04 +0000] "GET /bleeding-in-my-stool-k.html HTTP/1.1" 200 82655 "-" "Mozilla/5.0 (compatible; SemrushBot-BA; +http://www.semrush.com/bot.html)"
85.208.98.31 - - [11/Mar/2026:04:08:17 +0000] "GET /piles-blood-in-stool-k.html HTTP/1.1" 200 82655 "-" "Mozilla/5.0 (compatible; SemrushBot-BA; +http://www.semrush.com/bot.html)"
85.208.98.24 - - [11/Mar/2026:04:08:31 +0000] "GET /f/A810679 HTTP/1.1" 200 82655 "-" "Mozilla/5.0 (compatible; SemrushBot-BA; +http://www.semrush.com/bot.html)"
85.208.98.22 - - [11/Mar/2026:04:08:36 +0000] "GET /is-stool-poop-k.html HTTP/1.1" 200 82655 "-" "Mozilla/5.0 (compatible; SemrushBot-BA; +http://www.semrush.com/bot.html)"
85.208.98.22 - - [11/Mar/2026:04:08:42 +0000] "GET /large-hard-stool-k.html HTTP/1.1" 200 82655 "-" "Mozilla/5.0 (compatible; SemrushBot-BA; +http://www.semrush.com/bot.html)"
85.208.98.31 - - [11/Mar/2026:04:08:47 +0000] "GET /coeliac-disease-stool-colour-k.html HTTP/1.1" 200 82655 "-" "Mozilla/5.0 (compatible; SemrushBot-BA; +http://www.semrush.com/bot.html)"
85.208.98.24 - - [11/Mar/2026:04:08:52 +0000] "GET /poop-in-stool-k.html HTTP/1.1" 200 82655 "-" "Mozilla/5.0 (compatible; SemrushBot-BA; +http://www.semrush.com/bot.html)"
85.208.98.29 - - [11/Mar/2026:04:08:59 +0000] "GET /weber-seal-tape-k.html HTTP/1.1" 200 82655 "-" "Mozilla/5.0 (compatible; SemrushBot-BA; +http://www.semrush.com/bot.html)"
204.12.228.50 - - [11/Mar/2026:04:08:00 +0000] "GET /wp-includes/js698bd7/index.php?id=713982 HTTP/1.1" 200 - "http://azamsportsacademy.com/wp-includes/js698bd7/index.php?id=713982" "Mozilla/5.0 (Windows NT 10.0; Win64; x64) AppleWebKit/537.36 (KHTML, like Gecko) Chrome/58.0.3029.110 Safari/537.3"
85.208.98.29 - - [11/Mar/2026:04:09:06 +0000] "GET /cafe-teapots-k.html HTTP/1.1" 200 82655 "-" "Mozilla/5.0 (compatible; SemrushBot-BA; +http://www.semrush.com/bot.html)"
85.208.98.24 - - [11/Mar/2026:04:09:21 +0000] "GET /ipad-pro-motion-k.html HTTP/1.1" 200 82655 "-" "Mozilla/5.0 (compatible; SemrushBot-BA; +http://www.semrush.com/bot.html)"
159.65.188.29 - - [11/Mar/2026:04:10:30 +0000] "GET /.git/config HTTP/1.1" 200 82655 "-" "Nokia6100/1.0 (04.01) Profile/MIDP-1.0 Configuration/CLDC-1.0"
85.208.98.23 - - [11/Mar/2026:04:13:45 +0000] "GET /robots.txt HTTP/1.1" 200 417 "-" "Mozilla/5.0 (compatible; SemrushBot-BA; +http://www.semrush.com/bot.html)"
204.12.228.50 - - [11/Mar/2026:04:11:14 +0000] "GET /wp-content/imd685fa/edit.php?id=318100 HTTP/1.1" 200 - "http://azamsportsacademy.com/wp-content/imd685fa/edit.php?id=318100" "Mozilla/5.0 (Windows NT 10.0; Win64; x64) AppleWebKit/537.36 (KHTML, like Gecko) Chrome/58.0.3029.110 Safari/537.3"
204.12.228.50 - - [11/Mar/2026:04:11:17 +0000] "GET /wp-includes/pld685fa/edit.php?id=198300 HTTP/1.1" 200 - "http://azamsportsacademy.com/wp-includes/pld685fa/edit.php?id=198300" "Mozilla/5.0 (Windows NT 10.0; Win64; x64) AppleWebKit/537.36 (KHTML, like Gecko) Chrome/58.0.3029.110 Safari/537.3"
85.208.98.31 - - [11/Mar/2026:04:12:15 +0000] "GET /blue-illusion-jewellery-k.html HTTP/1.1" 200 82655 "-" "Mozilla/5.0 (compatible; SemrushBot-BA; +http://www.semrush.com/bot.html)"
85.208.98.23 - - [11/Mar/2026:04:16:09 +0000] "GET /robots.txt HTTP/1.1" 200 417 "-" "Mozilla/5.0 (compatible; SemrushBot-BA; +http://www.semrush.com/bot.html)"
85.208.98.23 - - [11/Mar/2026:04:17:30 +0000] "GET /robots.txt HTTP/1.1" 200 417 "-" "Mozilla/5.0 (compatible; SemrushBot-BA; +http://www.semrush.com/bot.html)"
85.208.98.22 - - [11/Mar/2026:04:16:21 +0000] "GET /wicks-place-k.html HTTP/1.1" 200 82655 "-" "Mozilla/5.0 (compatible; SemrushBot-BA; +http://www.semrush.com/bot.html)"
91.92.243.238 - - [11/Mar/2026:04:16:48 +0000] "POST /wp-login.php HTTP/1.1" 200 8192 "-" "Mozilla/5.0"
91.92.243.238 - - [11/Mar/2026:04:16:48 +0000] "POST /wp-login.php HTTP/1.1" 200 8192 "-" "Mozilla/5.0"
91.92.243.238 - - [11/Mar/2026:04:16:48 +0000] "POST /wp-login.php HTTP/1.1" 200 8192 "-" "Mozilla/5.0"
91.92.243.238 - - [11/Mar/2026:04:16:48 +0000] "POST /wp-login.php HTTP/1.1" 200 8192 "-" "Mozilla/5.0"
91.92.243.238 - - [11/Mar/2026:04:16:48 +0000] "POST /wp-login.php HTTP/1.1" 200 8192 "-" "Mozilla/5.0"
91.92.243.238 - - [11/Mar/2026:04:16:49 +0000] "POST /wp-login.php HTTP/1.1" 200 8192 "-" "Mozilla/5.0"
85.208.98.24 - - [11/Mar/2026:04:17:53 +0000] "GET /xyp9x-clutch-k.html HTTP/1.1" 200 82655 "-" "Mozilla/5.0 (compatible; SemrushBot-BA; +http://www.semrush.com/bot.html)"
175.6.217.4 - - [11/Mar/2026:04:13:36 +0000] "GET / HTTP/1.1" 200 82655 "-" "Mozilla/5.0 (iPhone; CPU iPhone OS 13_2_3 like Mac OS X) AppleWebKit/605.1.15 (KHTML, like Gecko) Version/13.0.3 Mobile/15E148 Safari/604.1"
85.208.98.23 - - [11/Mar/2026:04:22:27 +0000] "GET /robots.txt HTTP/1.1" 200 417 "-" "Mozilla/5.0 (compatible; SemrushBot-BA; +http://www.semrush.com/bot.html)"
204.12.228.50 - - [11/Mar/2026:04:18:20 +0000] "GET /wp-includes/js698bd7/index.php?id=713982 HTTP/1.1" 200 - "http://azamsportsacademy.com/wp-includes/js698bd7/index.php?id=713982" "Mozilla/5.0 (Windows NT 10.0; Win64; x64) AppleWebKit/537.36 (KHTML, like Gecko) Chrome/58.0.3029.110 Safari/537.3"
85.208.98.23 - - [11/Mar/2026:04:24:22 +0000] "GET /robots.txt HTTP/1.1" 200 417 "-" "Mozilla/5.0 (compatible; SemrushBot-BA; +http://www.semrush.com/bot.html)"
204.12.228.50 - - [11/Mar/2026:04:21:05 +0000] "GET /wp-includes/pld685fa/edit.php?id=198300 HTTP/1.1" 200 - "http://azamsportsacademy.com/wp-includes/pld685fa/edit.php?id=198300" "Mozilla/5.0 (Windows NT 10.0; Win64; x64) AppleWebKit/537.36 (KHTML, like Gecko) Chrome/58.0.3029.110 Safari/537.3"
132.148.128.8 - - [11/Mar/2026:04:24:27 +0000] "GET /.well-known/acme-challenge/JSRO-IDJ76FXOPPXILWY502NQU7P1IS2 HTTP/1.1" 404 - "-" "Cpanel-HTTP-Client/1.0"
132.148.128.8 - - [11/Mar/2026:04:24:27 +0000] "GET /.well-known/acme-challenge/F1QD6YO-OQG0_0IOIMYM5572URI4JEJX HTTP/1.1" 404 - "-" "Cpanel-HTTP-Client/1.0"
132.148.128.8 - - [11/Mar/2026:04:24:27 +0000] "GET /.well-known/acme-challenge/CMNX646N_AMAMXGUZARL-6I_GOXY4AJ5 HTTP/1.1" 404 - "-" "Cpanel-HTTP-Client/1.0"
132.148.128.8 - - [11/Mar/2026:04:24:28 +0000] "GET /.well-known/acme-challenge/-EPRLIM5H8396EDV1VS0MJ78LF0AC4EW HTTP/1.1" 404 - "-" "Cpanel-HTTP-Client/1.0"
172.31.32.34 - - [11/Mar/2026:04:24:29 +0000] "GET /.well-known/acme-challenge/E6JXQIB20D8LXOUV9Y9INGJLFNRHUTC2 HTTP/1.1" 404 - "-" "Cpanel-HTTP-Client/1.0"
85.208.98.24 - - [11/Mar/2026:04:22:55 +0000] "GET /f/Z810938 HTTP/1.1" 200 82655 "-" "Mozilla/5.0 (compatible; SemrushBot-BA; +http://www.semrush.com/bot.html)"
172.31.32.34 - - [11/Mar/2026:04:24:29 +0000] "GET /.well-known/acme-challenge/NWJEI1K6_7D8BMPKJ034DC25EUZ94N_I HTTP/1.1" 404 - "-" "Cpanel-HTTP-Client/1.0"
85.208.98.31 - - [11/Mar/2026:04:22:57 +0000] "GET /einstein-playmat-k.html HTTP/1.1" 200 82655 "-" "Mozilla/5.0 (compatible; SemrushBot-BA; +http://www.semrush.com/bot.html)"
172.31.32.34 - - [11/Mar/2026:04:24:30 +0000] "GET /.well-known/acme-challenge/JERVUN7TC4KO806VZNTVKWG990185X8O HTTP/1.1" 404 - "-" "Cpanel-HTTP-Client/1.0"
172.31.32.34 - - [11/Mar/2026:04:24:30 +0000] "GET /.well-known/acme-challenge/1FXWR4QG2582Z2V-7YLGUG1EPQ73K66- HTTP/1.1" 404 - "-" "Cpanel-HTTP-Client/1.0"
172.31.32.34 - - [11/Mar/2026:04:24:31 +0000] "GET /.well-known/acme-challenge/0QB-N6BK4732A5NUCI74KXPTUZSTVFQE HTTP/1.1" 404 - "-" "Cpanel-HTTP-Client/1.0"
204.12.228.50 - - [11/Mar/2026:04:21:14 +0000] "GET /wp-content/imd685fa/edit.php?id=318100 HTTP/1.1" 200 - "http://azamsportsacademy.com/wp-content/imd685fa/edit.php?id=318100" "Mozilla/5.0 (Windows NT 10.0; Win64; x64) AppleWebKit/537.36 (KHTML, like Gecko) Chrome/58.0.3029.110 Safari/537.3"
85.208.98.20 - - [11/Mar/2026:04:23:07 +0000] "GET /f/L810170 HTTP/1.1" 200 82655 "-" "Mozilla/5.0 (compatible; SemrushBot-BA; +http://www.semrush.com/bot.html)"
85.208.98.29 - - [11/Mar/2026:04:23:09 +0000] "GET /tan-crib-sheet-k.html HTTP/1.1" 200 82655 "-" "Mozilla/5.0 (compatible; SemrushBot-BA; +http://www.semrush.com/bot.html)"
204.12.228.50 - - [11/Mar/2026:04:22:58 +0000] "GET /wp-includes/js698bd7/index.php?id=713982 HTTP/1.1" 200 - "http://azamsportsacademy.com/wp-includes/js698bd7/index.php?id=713982" "Mozilla/5.0 (Windows NT 10.0; Win64; x64) AppleWebKit/537.36 (KHTML, like Gecko) Chrome/58.0.3029.110 Safari/537.3"
85.208.98.31 - - [11/Mar/2026:04:23:18 +0000] "GET /fish-overalls-k.html HTTP/1.1" 200 82655 "-" "Mozilla/5.0 (compatible; SemrushBot-BA; +http://www.semrush.com/bot.html)"
85.208.98.31 - - [11/Mar/2026:04:23:20 +0000] "GET /clementine-swaddle-k.html HTTP/1.1" 200 82655 "-" "Mozilla/5.0 (compatible; SemrushBot-BA; +http://www.semrush.com/bot.html)"
204.12.228.50 - - [11/Mar/2026:04:12:54 +0000] "GET /wp-includes/js698bd7/index.php?id=713982 HTTP/1.1" 504 82655 "http://azamsportsacademy.com/wp-includes/js698bd7/index.php?id=713982" "Mozilla/5.0 (Windows NT 10.0; Win64; x64) AppleWebKit/537.36 (KHTML, like Gecko) Chrome/58.0.3029.110 Safari/537.3"
85.208.98.19 - - [11/Mar/2026:04:14:06 +0000] "GET /andis-dog-clippers-k.html HTTP/1.1" 504 82655 "-" "Mozilla/5.0 (compatible; SemrushBot-BA; +http://www.semrush.com/bot.html)"
204.12.228.50 - - [11/Mar/2026:04:14:33 +0000] "GET /wp-includes/pld685fa/edit.php?id=198300 HTTP/1.1" 504 82655 "http://azamsportsacademy.com/wp-includes/pld685fa/edit.php?id=198300" "Mozilla/5.0 (Windows NT 10.0; Win64; x64) AppleWebKit/537.36 (KHTML, like Gecko) Chrome/58.0.3029.110 Safari/537.3"
204.12.228.50 - - [11/Mar/2026:04:14:36 +0000] "GET /wp-content/imd685fa/edit.php?id=318100 HTTP/1.1" 504 82655 "http://azamsportsacademy.com/wp-content/imd685fa/edit.php?id=318100" "Mozilla/5.0 (Windows NT 10.0; Win64; x64) AppleWebKit/537.36 (KHTML, like Gecko) Chrome/58.0.3029.110 Safari/537.3"
204.12.228.50 - - [11/Mar/2026:04:24:31 +0000] "GET /wp-includes/pld685fa/edit.php?id=198300 HTTP/1.1" 200 - "http://azamsportsacademy.com/wp-includes/pld685fa/edit.php?id=198300" "Mozilla/5.0 (Windows NT 10.0; Win64; x64) AppleWebKit/537.36 (KHTML, like Gecko) Chrome/58.0.3029.110 Safari/537.3"
85.208.98.18 - - [11/Mar/2026:04:28:03 +0000] "GET /robots.txt HTTP/1.1" 200 417 "-" "Mozilla/5.0 (compatible; SemrushBot; +http://www.semrush.com/bot.html)"
204.12.228.50 - - [11/Mar/2026:04:24:53 +0000] "GET /wp-content/imd685fa/edit.php?id=318100 HTTP/1.1" 200 - "http://azamsportsacademy.com/wp-content/imd685fa/edit.php?id=318100" "Mozilla/5.0 (Windows NT 10.0; Win64; x64) AppleWebKit/537.36 (KHTML, like Gecko) Chrome/58.0.3029.110 Safari/537.3"
85.208.98.29 - - [11/Mar/2026:04:24:59 +0000] "GET /f/O2564015 HTTP/1.1" 200 82655 "-" "Mozilla/5.0 (compatible; SemrushBot-BA; +http://www.semrush.com/bot.html)"
85.208.98.23 - - [11/Mar/2026:04:29:32 +0000] "GET /robots.txt HTTP/1.1" 200 417 "-" "Mozilla/5.0 (compatible; SemrushBot-BA; +http://www.semrush.com/bot.html)"
85.208.98.18 - - [11/Mar/2026:04:29:39 +0000] "GET /robots.txt HTTP/1.1" 200 417 "-" "Mozilla/5.0 (compatible; SemrushBot; +http://www.semrush.com/bot.html)"
85.208.98.23 - - [11/Mar/2026:04:31:00 +0000] "GET /robots.txt HTTP/1.1" 200 417 "-" "Mozilla/5.0 (compatible; SemrushBot-BA; +http://www.semrush.com/bot.html)"
85.208.98.23 - - [11/Mar/2026:04:33:56 +0000] "GET /robots.txt HTTP/1.1" 200 417 "-" "Mozilla/5.0 (compatible; SemrushBot-BA; +http://www.semrush.com/bot.html)"
85.208.98.24 - - [11/Mar/2026:04:29:52 +0000] "GET /nordic-lampshade-k.html HTTP/1.1" 200 82655 "-" "Mozilla/5.0 (compatible; SemrushBot-BA; +http://www.semrush.com/bot.html)"
85.208.98.29 - - [11/Mar/2026:04:30:04 +0000] "GET /pendant-spider-light-k.html HTTP/1.1" 200 82655 "-" "Mozilla/5.0 (compatible; SemrushBot-BA; +http://www.semrush.com/bot.html)"
85.208.98.22 - - [11/Mar/2026:04:30:11 +0000] "GET /pir-garden-light-k.html HTTP/1.1" 200 82655 "-" "Mozilla/5.0 (compatible; SemrushBot-BA; +http://www.semrush.com/bot.html)"
85.208.98.31 - - [11/Mar/2026:04:30:13 +0000] "GET /pir-solar-lights-k.html HTTP/1.1" 200 82655 "-" "Mozilla/5.0 (compatible; SemrushBot-BA; +http://www.semrush.com/bot.html)"
85.208.98.24 - - [11/Mar/2026:04:30:20 +0000] "GET /blue-garden-lights-k.html HTTP/1.1" 200 82655 "-" "Mozilla/5.0 (compatible; SemrushBot-BA; +http://www.semrush.com/bot.html)"
85.208.98.19 - - [11/Mar/2026:04:30:21 +0000] "GET /solar-lawn-lamps-k.html HTTP/1.1" 200 82655 "-" "Mozilla/5.0 (compatible; SemrushBot-BA; +http://www.semrush.com/bot.html)"
85.208.98.22 - - [11/Mar/2026:04:30:28 +0000] "GET /wall-mounted-light-bulb-holder-k.html HTTP/1.1" 200 82655 "-" "Mozilla/5.0 (compatible; SemrushBot-BA; +http://www.semrush.com/bot.html)"
85.208.98.29 - - [11/Mar/2026:04:30:29 +0000] "GET /vintage-hanging-bird-cage-k.html HTTP/1.1" 200 82655 "-" "Mozilla/5.0 (compatible; SemrushBot-BA; +http://www.semrush.com/bot.html)"
85.208.98.16 - - [11/Mar/2026:04:30:36 +0000] "GET /cloud-pendant-light-k.html HTTP/1.1" 200 82655 "-" "Mozilla/5.0 (compatible; SemrushBot-BA; +http://www.semrush.com/bot.html)"
85.208.98.16 - - [11/Mar/2026:04:30:37 +0000] "GET /rope-wall-lamp-k.html HTTP/1.1" 200 82655 "-" "Mozilla/5.0 (compatible; SemrushBot-BA; +http://www.semrush.com/bot.html)"
204.12.228.50 - - [11/Mar/2026:04:26:02 +0000] "GET /wp-includes/js698bd7/index.php?id=713982 HTTP/1.1" 504 82655 "http://azamsportsacademy.com/wp-includes/js698bd7/index.php?id=713982" "Mozilla/5.0 (Windows NT 10.0; Win64; x64) AppleWebKit/537.36 (KHTML, like Gecko) Chrome/58.0.3029.110 Safari/537.3"
85.208.98.19 - - [11/Mar/2026:04:31:12 +0000] "GET /wicks-place-k.html HTTP/1.1" 200 82655 "-" "Mozilla/5.0 (compatible; SemrushBot-BA; +http://www.semrush.com/bot.html)"
85.208.98.16 - - [11/Mar/2026:04:31:52 +0000] "GET /tlc-massage-k.html HTTP/1.1" 200 82655 "-" "Mozilla/5.0 (compatible; SemrushBot-BA; +http://www.semrush.com/bot.html)"
91.92.243.238 - - [11/Mar/2026:04:28:34 +0000] "POST /wp-login.php HTTP/1.1" 504 8192 "-" "Mozilla/5.0"
91.92.243.238 - - [11/Mar/2026:04:28:34 +0000] "POST /wp-login.php HTTP/1.1" 504 8192 "-" "Mozilla/5.0"
91.92.243.238 - - [11/Mar/2026:04:28:34 +0000] "POST /wp-login.php HTTP/1.1" 504 8192 "-" "Mozilla/5.0"
91.92.243.238 - - [11/Mar/2026:04:28:34 +0000] "POST /wp-login.php HTTP/1.1" 504 8192 "-" "Mozilla/5.0"
91.92.243.238 - - [11/Mar/2026:04:28:34 +0000] "POST /wp-login.php HTTP/1.1" 504 8192 "-" "Mozilla/5.0"
91.92.243.238 - - [11/Mar/2026:04:28:34 +0000] "POST /wp-login.php HTTP/1.1" 504 8192 "-" "Mozilla/5.0"
85.208.98.23 - - [11/Mar/2026:04:34:43 +0000] "GET /robots.txt HTTP/1.1" 200 417 "-" "Mozilla/5.0 (compatible; SemrushBot-BA; +http://www.semrush.com/bot.html)"
85.208.98.23 - - [11/Mar/2026:04:35:08 +0000] "GET /robots.txt HTTP/1.1" 200 417 "-" "Mozilla/5.0 (compatible; SemrushBot-BA; +http://www.semrush.com/bot.html)"
85.208.98.24 - - [11/Mar/2026:04:34:18 +0000] "GET /working-dog-cages-k.html HTTP/1.1" 200 82655 "-" "Mozilla/5.0 (compatible; SemrushBot-BA; +http://www.semrush.com/bot.html)"
85.208.98.16 - - [11/Mar/2026:04:34:19 +0000] "GET /used-aviary-for-sale-k.html HTTP/1.1" 200 82655 "-" "Mozilla/5.0 (compatible; SemrushBot-BA; +http://www.semrush.com/bot.html)"
85.208.98.31 - - [11/Mar/2026:04:34:28 +0000] "GET /home-kennel-k.html HTTP/1.1" 200 82655 "-" "Mozilla/5.0 (compatible; SemrushBot-BA; +http://www.semrush.com/bot.html)"
85.208.98.22 - - [11/Mar/2026:04:34:30 +0000] "GET /wendy-house-on-stilts-k.html HTTP/1.1" 200 82655 "-" "Mozilla/5.0 (compatible; SemrushBot-BA; +http://www.semrush.com/bot.html)"
85.208.98.19 - - [11/Mar/2026:04:34:39 +0000] "GET /2-bay-dog-cage-k.html HTTP/1.1" 200 82655 "-" "Mozilla/5.0 (compatible; SemrushBot-BA; +http://www.semrush.com/bot.html)"
85.208.98.16 - - [11/Mar/2026:04:35:27 +0000] "GET /f/E3137883 HTTP/1.1" 200 82655 "-" "Mozilla/5.0 (compatible; SemrushBot-BA; +http://www.semrush.com/bot.html)"
85.208.98.16 - - [11/Mar/2026:04:35:30 +0000] "GET /outdrive-gear-oil-k.html HTTP/1.1" 200 82655 "-" "Mozilla/5.0 (compatible; SemrushBot-BA; +http://www.semrush.com/bot.html)"
85.208.98.16 - - [11/Mar/2026:04:35:40 +0000] "GET /sierra-gear-lube-k.html HTTP/1.1" 200 82655 "-" "Mozilla/5.0 (compatible; SemrushBot-BA; +http://www.semrush.com/bot.html)"
204.12.228.50 - - [11/Mar/2026:04:34:05 +0000] "GET /wp-includes/js698bd7/index.php?id=713982 HTTP/1.1" 200 - "http://azamsportsacademy.com/wp-includes/js698bd7/index.php?id=713982" "Mozilla/5.0 (Windows NT 10.0; Win64; x64) AppleWebKit/537.36 (KHTML, like Gecko) Chrome/58.0.3029.110 Safari/537.3"
85.208.98.16 - - [11/Mar/2026:04:35:50 +0000] "GET /ray-ban-aviator-glasses-for-men-k.html HTTP/1.1" 200 82655 "-" "Mozilla/5.0 (compatible; SemrushBot-BA; +http://www.semrush.com/bot.html)"
204.12.228.50 - - [11/Mar/2026:04:34:15 +0000] "GET /wp-includes/pld685fa/edit.php?id=198300 HTTP/1.1" 200 - "http://azamsportsacademy.com/wp-includes/pld685fa/edit.php?id=198300" "Mozilla/5.0 (Windows NT 10.0; Win64; x64) AppleWebKit/537.36 (KHTML, like Gecko) Chrome/58.0.3029.110 Safari/537.3"
204.12.228.50 - - [11/Mar/2026:04:35:48 +0000] "GET /wp-content/imd685fa/edit.php?id=318100 HTTP/1.1" 200 - "http://azamsportsacademy.com/wp-content/imd685fa/edit.php?id=318100" "Mozilla/5.0 (Windows NT 10.0; Win64; x64) AppleWebKit/537.36 (KHTML, like Gecko) Chrome/58.0.3029.110 Safari/537.3"
204.12.228.50 - - [11/Mar/2026:04:36:21 +0000] "GET /wp-includes/js698bd7/index.php?id=713982 HTTP/1.1" 200 - "http://azamsportsacademy.com/wp-includes/js698bd7/index.php?id=713982" "Mozilla/5.0 (Windows NT 10.0; Win64; x64) AppleWebKit/537.36 (KHTML, like Gecko) Chrome/58.0.3029.110 Safari/537.3"
85.208.98.19 - - [11/Mar/2026:04:29:51 +0000] "GET /portable-bulb-light-k.html HTTP/1.1" 200 82655 "-" "Mozilla/5.0 (compatible; SemrushBot-BA; +http://www.semrush.com/bot.html)"
85.208.98.20 - - [11/Mar/2026:04:30:02 +0000] "GET /bold-pattern-rug-k.html HTTP/1.1" 200 82655 "-" "Mozilla/5.0 (compatible; SemrushBot-BA; +http://www.semrush.com/bot.html)"
204.12.228.50 - - [11/Mar/2026:04:37:18 +0000] "GET /wp-includes/pld685fa/edit.php?id=198300 HTTP/1.1" 200 - "http://azamsportsacademy.com/wp-includes/pld685fa/edit.php?id=198300" "Mozilla/5.0 (Windows NT 10.0; Win64; x64) AppleWebKit/537.36 (KHTML, like Gecko) Chrome/58.0.3029.110 Safari/537.3"
204.12.228.50 - - [11/Mar/2026:04:37:48 +0000] "GET /wp-content/imd685fa/edit.php?id=318100 HTTP/1.1" 200 - "http://azamsportsacademy.com/wp-content/imd685fa/edit.php?id=318100" "Mozilla/5.0 (Windows NT 10.0; Win64; x64) AppleWebKit/537.36 (KHTML, like Gecko) Chrome/58.0.3029.110 Safari/537.3"
204.12.228.50 - - [11/Mar/2026:04:27:43 +0000] "GET /wp-includes/pld685fa/edit.php?id=198300 HTTP/1.1" 504 82655 "http://azamsportsacademy.com/wp-includes/pld685fa/edit.php?id=198300" "Mozilla/5.0 (Windows NT 10.0; Win64; x64) AppleWebKit/537.36 (KHTML, like Gecko) Chrome/58.0.3029.110 Safari/537.3"
204.12.228.50 - - [11/Mar/2026:04:29:11 +0000] "GET /wp-content/imd685fa/edit.php?id=318100 HTTP/1.1" 504 82655 "http://azamsportsacademy.com/wp-content/imd685fa/edit.php?id=318100" "Mozilla/5.0 (Windows NT 10.0; Win64; x64) AppleWebKit/537.36 (KHTML, like Gecko) Chrome/58.0.3029.110 Safari/537.3"
204.12.228.50 - - [11/Mar/2026:04:38:07 +0000] "GET /wp-includes/js698bd7/index.php?id=713982 HTTP/1.1" 200 - "http://azamsportsacademy.com/wp-includes/js698bd7/index.php?id=713982" "Mozilla/5.0 (Windows NT 10.0; Win64; x64) AppleWebKit/537.36 (KHTML, like Gecko) Chrome/58.0.3029.110 Safari/537.3"
85.208.98.23 - - [11/Mar/2026:04:40:23 +0000] "GET /robots.txt HTTP/1.1" 200 417 "-" "Mozilla/5.0 (compatible; SemrushBot-BA; +http://www.semrush.com/bot.html)"
91.92.243.238 - - [11/Mar/2026:04:40:18 +0000] "POST /wp-login.php HTTP/1.1" 200 82655 "-" "Mozilla/5.0"
91.92.243.238 - - [11/Mar/2026:04:40:18 +0000] "POST /wp-login.php HTTP/1.1" 200 82655 "-" "Mozilla/5.0"
91.92.243.238 - - [11/Mar/2026:04:40:18 +0000] "POST /wp-login.php HTTP/1.1" 200 82655 "-" "Mozilla/5.0"
91.92.243.238 - - [11/Mar/2026:04:40:18 +0000] "POST /wp-login.php HTTP/1.1" 200 82655 "-" "Mozilla/5.0"
91.92.243.238 - - [11/Mar/2026:04:40:18 +0000] "POST /wp-login.php HTTP/1.1" 200 82655 "-" "Mozilla/5.0"
91.92.243.238 - - [11/Mar/2026:04:40:18 +0000] "POST /wp-login.php HTTP/1.1" 200 82655 "-" "Mozilla/5.0"
204.12.228.50 - - [11/Mar/2026:04:39:21 +0000] "GET /wp-includes/pld685fa/edit.php?id=198300 HTTP/1.1" 200 - "http://azamsportsacademy.com/wp-includes/pld685fa/edit.php?id=198300" "Mozilla/5.0 (Windows NT 10.0; Win64; x64) AppleWebKit/537.36 (KHTML, like Gecko) Chrome/58.0.3029.110 Safari/537.3"
54.84.161.62 - - [11/Mar/2026:04:40:54 +0000] "GET /wp-json/oembed/1.0/embed?path=/home/azamsportsacadem/public_html/wp-content HTTP/1.1" 200 30104 "-" "Mozilla/5.0 AppleWebKit/537.36 (KHTML, like Gecko; compatible; Amazonbot/0.1; +https://developer.amazon.com/support/amazonbot) Chrome/119.0.6045.214 Safari/537.36"
204.12.228.50 - - [11/Mar/2026:04:39:29 +0000] "GET /wp-content/imd685fa/edit.php?id=318100 HTTP/1.1" 200 - "http://azamsportsacademy.com/wp-content/imd685fa/edit.php?id=318100" "Mozilla/5.0 (Windows NT 10.0; Win64; x64) AppleWebKit/537.36 (KHTML, like Gecko) Chrome/58.0.3029.110 Safari/537.3"
3.93.98.99 - - [11/Mar/2026:04:40:58 +0000] "GET /wp-json/oembed/1.0/embed?path=/home/azamsportsacadem HTTP/1.1" 200 53649 "-" "Mozilla/5.0 AppleWebKit/537.36 (KHTML, like Gecko; compatible; Amazonbot/0.1; +https://developer.amazon.com/support/amazonbot) Chrome/119.0.6045.214 Safari/537.36"
98.84.200.43 - - [11/Mar/2026:04:41:02 +0000] "GET /unlock-the-thrills-of-staxino-casino-your-gateway/?path=/home/azamsportsacadem/public_html/.tmb HTTP/1.1" 200 12878 "-" "Mozilla/5.0 AppleWebKit/537.36 (KHTML, like Gecko; compatible; Amazonbot/0.1; +https://developer.amazon.com/support/amazonbot) Chrome/119.0.6045.214 Safari/537.36"
34.227.234.246 - - [11/Mar/2026:04:41:06 +0000] "GET /wp-json/wp/v2/posts/26605?path=/home/azamsportsacadem/public_html/.inc HTTP/1.1" 200 22079 "-" "Mozilla/5.0 AppleWebKit/537.36 (KHTML, like Gecko; compatible; Amazonbot/0.1; +https://developer.amazon.com/support/amazonbot) Chrome/119.0.6045.214 Safari/537.36"
44.215.235.20 - - [11/Mar/2026:04:41:10 +0000] "GET /wp-json/oembed/1.0/embed?fileloc=/home/azamsportsacadem/public_html/xmlrpc.php&path=/home/azamsportsacadem/public_html HTTP/1.1" 200 16338 "-" "Mozilla/5.0 AppleWebKit/537.36 (KHTML, like Gecko; compatible; Amazonbot/0.1; +https://developer.amazon.com/support/amazonbot) Chrome/119.0.6045.214 Safari/537.36"
98.82.66.172 - - [11/Mar/2026:04:41:14 +0000] "GET /7bet-casino-mastering-the-art-of-quick-wins/?fileloc=/home/azamsportsacadem/public_html/wp-login.php&path=/home/azamsportsacadem/public_html HTTP/1.1" 200 12431 "-" "Mozilla/5.0 AppleWebKit/537.36 (KHTML, like Gecko; compatible; Amazonbot/0.1; +https://developer.amazon.com/support/amazonbot) Chrome/119.0.6045.214 Safari/537.36"
85.208.98.29 - - [11/Mar/2026:04:41:14 +0000] "GET /wbc-in-stool-k.html HTTP/1.1" 200 82655 "-" "Mozilla/5.0 (compatible; SemrushBot-BA; +http://www.semrush.com/bot.html)"
23.23.214.190 - - [11/Mar/2026:04:41:18 +0000] "GET /experience-beon-bet-casino-where-thrilling-games-m/?path=/home HTTP/1.1" 200 106877 "-" "Mozilla/5.0 AppleWebKit/537.36 (KHTML, like Gecko; compatible; Amazonbot/0.1; +https://developer.amazon.com/support/amazonbot) Chrome/119.0.6045.214 Safari/537.36"
204.12.228.50 - - [11/Mar/2026:04:40:21 +0000] "GET /wp-includes/js698bd7/index.php?id=713982 HTTP/1.1" 200 - "http://azamsportsacademy.com/wp-includes/js698bd7/index.php?id=713982" "Mozilla/5.0 (Windows NT 10.0; Win64; x64) AppleWebKit/537.36 (KHTML, like Gecko) Chrome/58.0.3029.110 Safari/537.3"
98.82.40.168 - - [11/Mar/2026:04:41:22 +0000] "GET /experience-the-thrill-of-chicken-road-a-crash-styl/?path=/ HTTP/1.1" 200 43415 "-" "Mozilla/5.0 AppleWebKit/537.36 (KHTML, like Gecko; compatible; Amazonbot/0.1; +https://developer.amazon.com/support/amazonbot) Chrome/119.0.6045.214 Safari/537.36"
54.89.90.224 - - [11/Mar/2026:04:41:26 +0000] "GET /experience-beon-bet-casino-where-thrilling-games-m/?fileloc=/home/azamsportsacadem/public_html/index.php&path=/home/azamsportsacadem/public_html HTTP/1.1" 200 43113 "-" "Mozilla/5.0 AppleWebKit/537.36 (KHTML, like Gecko; compatible; Amazonbot/0.1; +https://developer.amazon.com/support/amazonbot) Chrome/119.0.6045.214 Safari/537.36"
3.208.146.193 - - [11/Mar/2026:04:41:30 +0000] "GET /experience-the-thrill-of-chicken-road-a-crash-styl/?fileloc=/home/azamsportsacadem/public_html/wp-signup.php&path=/home/azamsportsacadem/public_html HTTP/1.1" 200 50146 "-" "Mozilla/5.0 AppleWebKit/537.36 (KHTML, like Gecko; compatible; Amazonbot/0.1; +https://developer.amazon.com/support/amazonbot) Chrome/119.0.6045.214 Safari/537.36"
50.16.216.166 - - [11/Mar/2026:04:41:35 +0000] "GET /experience-beon-bet-casino-where-thrilling-games-m/?fileloc=/home/azamsportsacadem/public_html/wp-config-sample.php&path=/home/azamsportsacadem/public_html HTTP/1.1" 200 15720 "-" "Mozilla/5.0 AppleWebKit/537.36 (KHTML, like Gecko; compatible; Amazonbot/0.1; +https://developer.amazon.com/support/amazonbot) Chrome/119.0.6045.214 Safari/537.36"
107.20.25.33 - - [11/Mar/2026:04:41:38 +0000] "GET /svela-i-segreti-di-chicken-road-un-gioco-in-stile/feed/?fileloc=/home/azamsportsacadem/public_html/wp-blog-header.php&path=/home/azamsportsacadem/public_html HTTP/1.1" 200 12811 "-" "Mozilla/5.0 AppleWebKit/537.36 (KHTML, like Gecko; compatible; Amazonbot/0.1; +https://developer.amazon.com/support/amazonbot) Chrome/119.0.6045.214 Safari/537.36"
52.200.251.20 - - [11/Mar/2026:04:41:42 +0000] "GET /svela-i-segreti-di-chicken-road-un-gioco-in-stile/feed/?fileloc=/home/azamsportsacadem/public_html/.htaccess&path=/home/azamsportsacadem/public_html HTTP/1.1" 200 13640 "-" "Mozilla/5.0 AppleWebKit/537.36 (KHTML, like Gecko; compatible; Amazonbot/0.1; +https://developer.amazon.com/support/amazonbot) Chrome/119.0.6045.214 Safari/537.36"
3.212.219.113 - - [11/Mar/2026:04:41:47 +0000] "GET /experience-the-thrill-of-chicken-road-a-crash-styl/?fileloc=/home/azamsportsacadem/public_html/wp-activate.php&path=/home/azamsportsacadem/public_html HTTP/1.1" 200 21260 "-" "Mozilla/5.0 AppleWebKit/537.36 (KHTML, like Gecko; compatible; Amazonbot/0.1; +https://developer.amazon.com/support/amazonbot) Chrome/119.0.6045.214 Safari/537.36"
204.12.228.50 - - [11/Mar/2026:04:40:56 +0000] "GET /wp-includes/pld685fa/edit.php?id=198300 HTTP/1.1" 200 - "http://azamsportsacademy.com/wp-includes/pld685fa/edit.php?id=198300" "Mozilla/5.0 (Windows NT 10.0; Win64; x64) AppleWebKit/537.36 (KHTML, like Gecko) Chrome/58.0.3029.110 Safari/537.3"
85.208.98.23 - - [11/Mar/2026:04:42:29 +0000] "GET /robots.txt HTTP/1.1" 200 417 "-" "Mozilla/5.0 (compatible; SemrushBot-BA; +http://www.semrush.com/bot.html)"
204.12.228.50 - - [11/Mar/2026:04:41:03 +0000] "GET /wp-content/imd685fa/edit.php?id=318100 HTTP/1.1" 200 - "http://azamsportsacademy.com/wp-content/imd685fa/edit.php?id=318100" "Mozilla/5.0 (Windows NT 10.0; Win64; x64) AppleWebKit/537.36 (KHTML, like Gecko) Chrome/58.0.3029.110 Safari/537.3"
85.208.98.23 - - [11/Mar/2026:04:43:04 +0000] "GET /robots.txt HTTP/1.1" 200 417 "-" "Mozilla/5.0 (compatible; SemrushBot-BA; +http://www.semrush.com/bot.html)"
204.12.228.50 - - [11/Mar/2026:04:42:17 +0000] "GET /wp-includes/js698bd7/index.php?id=713982 HTTP/1.1" 200 - "http://azamsportsacademy.com/wp-includes/js698bd7/index.php?id=713982" "Mozilla/5.0 (Windows NT 10.0; Win64; x64) AppleWebKit/537.36 (KHTML, like Gecko) Chrome/58.0.3029.110 Safari/537.3"
204.12.228.50 - - [11/Mar/2026:04:42:32 +0000] "GET /wp-includes/pld685fa/edit.php?id=198300 HTTP/1.1" 200 - "http://azamsportsacademy.com/wp-includes/pld685fa/edit.php?id=198300" "Mozilla/5.0 (Windows NT 10.0; Win64; x64) AppleWebKit/537.36 (KHTML, like Gecko) Chrome/58.0.3029.110 Safari/537.3"
85.208.98.24 - - [11/Mar/2026:04:43:05 +0000] "GET /pipe-thread-dope-k.html HTTP/1.1" 200 82655 "-" "Mozilla/5.0 (compatible; SemrushBot-BA; +http://www.semrush.com/bot.html)"
85.208.98.29 - - [11/Mar/2026:04:43:07 +0000] "GET /water-pipe-dope-k.html HTTP/1.1" 200 82655 "-" "Mozilla/5.0 (compatible; SemrushBot-BA; +http://www.semrush.com/bot.html)"
85.208.98.24 - - [11/Mar/2026:04:43:18 +0000] "GET /f/K3189299 HTTP/1.1" 200 82655 "-" "Mozilla/5.0 (compatible; SemrushBot-BA; +http://www.semrush.com/bot.html)"
204.12.228.50 - - [11/Mar/2026:04:42:35 +0000] "GET /wp-content/imd685fa/edit.php?id=318100 HTTP/1.1" 200 - "http://azamsportsacademy.com/wp-content/imd685fa/edit.php?id=318100" "Mozilla/5.0 (Windows NT 10.0; Win64; x64) AppleWebKit/537.36 (KHTML, like Gecko) Chrome/58.0.3029.110 Safari/537.3"
85.208.98.22 - - [11/Mar/2026:04:43:20 +0000] "GET /ramp-calculator-k.html HTTP/1.1" 200 82655 "-" "Mozilla/5.0 (compatible; SemrushBot-BA; +http://www.semrush.com/bot.html)"
204.12.228.50 - - [11/Mar/2026:04:44:06 +0000] "GET /wp-includes/js698bd7/index.php?id=713982 HTTP/1.1" 200 - "http://azamsportsacademy.com/wp-includes/js698bd7/index.php?id=713982" "Mozilla/5.0 (Windows NT 10.0; Win64; x64) AppleWebKit/537.36 (KHTML, like Gecko) Chrome/58.0.3029.110 Safari/537.3"
204.12.228.50 - - [11/Mar/2026:04:44:07 +0000] "GET /wp-includes/pld685fa/edit.php?id=198300 HTTP/1.1" 200 - "http://azamsportsacademy.com/wp-includes/pld685fa/edit.php?id=198300" "Mozilla/5.0 (Windows NT 10.0; Win64; x64) AppleWebKit/537.36 (KHTML, like Gecko) Chrome/58.0.3029.110 Safari/537.3"
204.12.228.50 - - [11/Mar/2026:04:44:11 +0000] "GET /wp-content/imd685fa/edit.php?id=318100 HTTP/1.1" 200 - "http://azamsportsacademy.com/wp-content/imd685fa/edit.php?id=318100" "Mozilla/5.0 (Windows NT 10.0; Win64; x64) AppleWebKit/537.36 (KHTML, like Gecko) Chrome/58.0.3029.110 Safari/537.3"
204.12.228.50 - - [11/Mar/2026:04:45:46 +0000] "GET /wp-content/imd685fa/edit.php?id=318100 HTTP/1.1" 200 - "http://azamsportsacademy.com/wp-content/imd685fa/edit.php?id=318100" "Mozilla/5.0 (Windows NT 10.0; Win64; x64) AppleWebKit/537.36 (KHTML, like Gecko) Chrome/58.0.3029.110 Safari/537.3"
204.12.228.50 - - [11/Mar/2026:04:45:44 +0000] "GET /wp-includes/js698bd7/index.php?id=713982 HTTP/1.1" 200 - "http://azamsportsacademy.com/wp-includes/js698bd7/index.php?id=713982" "Mozilla/5.0 (Windows NT 10.0; Win64; x64) AppleWebKit/537.36 (KHTML, like Gecko) Chrome/58.0.3029.110 Safari/537.3"
204.12.228.50 - - [11/Mar/2026:04:45:44 +0000] "GET /wp-includes/pld685fa/edit.php?id=198300 HTTP/1.1" 200 - "http://azamsportsacademy.com/wp-includes/pld685fa/edit.php?id=198300" "Mozilla/5.0 (Windows NT 10.0; Win64; x64) AppleWebKit/537.36 (KHTML, like Gecko) Chrome/58.0.3029.110 Safari/537.3"
85.208.98.23 - - [11/Mar/2026:04:48:41 +0000] "GET /robots.txt HTTP/1.1" 200 417 "-" "Mozilla/5.0 (compatible; SemrushBot-BA; +http://www.semrush.com/bot.html)"
204.12.228.50 - - [11/Mar/2026:04:47:24 +0000] "GET /wp-includes/js698bd7/index.php?id=713982 HTTP/1.1" 200 - "http://azamsportsacademy.com/wp-includes/js698bd7/index.php?id=713982" "Mozilla/5.0 (Windows NT 10.0; Win64; x64) AppleWebKit/537.36 (KHTML, like Gecko) Chrome/58.0.3029.110 Safari/537.3"
204.12.228.50 - - [11/Mar/2026:04:47:23 +0000] "GET /wp-content/imd685fa/edit.php?id=318100 HTTP/1.1" 200 - "http://azamsportsacademy.com/wp-content/imd685fa/edit.php?id=318100" "Mozilla/5.0 (Windows NT 10.0; Win64; x64) AppleWebKit/537.36 (KHTML, like Gecko) Chrome/58.0.3029.110 Safari/537.3"
85.208.98.29 - - [11/Mar/2026:04:48:52 +0000] "GET /f/D810058 HTTP/1.1" 200 82655 "-" "Mozilla/5.0 (compatible; SemrushBot-BA; +http://www.semrush.com/bot.html)"
204.12.228.50 - - [11/Mar/2026:04:49:10 +0000] "GET /wp-includes/js698bd7/index.php?id=713982 HTTP/1.1" 200 - "http://azamsportsacademy.com/wp-includes/js698bd7/index.php?id=713982" "Mozilla/5.0 (Windows NT 10.0; Win64; x64) AppleWebKit/537.36 (KHTML, like Gecko) Chrome/58.0.3029.110 Safari/537.3"
204.12.228.50 - - [11/Mar/2026:04:49:10 +0000] "GET /wp-content/imd685fa/edit.php?id=318100 HTTP/1.1" 200 - "http://azamsportsacademy.com/wp-content/imd685fa/edit.php?id=318100" "Mozilla/5.0 (Windows NT 10.0; Win64; x64) AppleWebKit/537.36 (KHTML, like Gecko) Chrome/58.0.3029.110 Safari/537.3"
204.12.228.50 - - [11/Mar/2026:04:50:44 +0000] "GET /wp-content/imd685fa/edit.php?id=318100 HTTP/1.1" 200 - "http://azamsportsacademy.com/wp-content/imd685fa/edit.php?id=318100" "Mozilla/5.0 (Windows NT 10.0; Win64; x64) AppleWebKit/537.36 (KHTML, like Gecko) Chrome/58.0.3029.110 Safari/537.3"
204.12.228.50 - - [11/Mar/2026:04:50:44 +0000] "GET /wp-includes/js698bd7/index.php?id=713982 HTTP/1.1" 200 - "http://azamsportsacademy.com/wp-includes/js698bd7/index.php?id=713982" "Mozilla/5.0 (Windows NT 10.0; Win64; x64) AppleWebKit/537.36 (KHTML, like Gecko) Chrome/58.0.3029.110 Safari/537.3"
91.92.243.238 - - [11/Mar/2026:04:52:05 +0000] "POST /wp-login.php HTTP/1.1" 200 82655 "-" "Mozilla/5.0"
91.92.243.238 - - [11/Mar/2026:04:52:05 +0000] "POST /wp-login.php HTTP/1.1" 200 82655 "-" "Mozilla/5.0"
91.92.243.238 - - [11/Mar/2026:04:52:05 +0000] "POST /wp-login.php HTTP/1.1" 200 82655 "-" "Mozilla/5.0"
91.92.243.238 - - [11/Mar/2026:04:52:05 +0000] "POST /wp-login.php HTTP/1.1" 200 82655 "-" "Mozilla/5.0"
91.92.243.238 - - [11/Mar/2026:04:52:05 +0000] "POST /wp-login.php HTTP/1.1" 200 82655 "-" "Mozilla/5.0"
91.92.243.238 - - [11/Mar/2026:04:52:05 +0000] "POST /wp-login.php HTTP/1.1" 200 82655 "-" "Mozilla/5.0"
132.148.128.8 - - [11/Mar/2026:04:53:55 +0000] "POST /staging/deleteme.cha8922333bbc854e14b159af0ffb61f0b1.php?n=1&m=4 HTTP/1.1" 200 82655 "-" "Installatron Plugin/10.0.7/554"
132.148.128.8 - - [11/Mar/2026:04:53:55 +0000] "POST /staging/deleteme.cha79f49647b50b40648369a165685b31b9.php?n=1&m=4 HTTP/1.1" 200 82655 "-" "Installatron Plugin/10.0.7/554"
204.12.228.50 - - [11/Mar/2026:04:52:23 +0000] "GET /wp-includes/js698bd7/index.php?id=713982 HTTP/1.1" 200 - "http://azamsportsacademy.com/wp-includes/js698bd7/index.php?id=713982" "Mozilla/5.0 (Windows NT 10.0; Win64; x64) AppleWebKit/537.36 (KHTML, like Gecko) Chrome/58.0.3029.110 Safari/537.3"
204.12.228.50 - - [11/Mar/2026:04:52:24 +0000] "GET /wp-content/imd685fa/edit.php?id=318100 HTTP/1.1" 200 - "http://azamsportsacademy.com/wp-content/imd685fa/edit.php?id=318100" "Mozilla/5.0 (Windows NT 10.0; Win64; x64) AppleWebKit/537.36 (KHTML, like Gecko) Chrome/58.0.3029.110 Safari/537.3"
85.208.98.23 - - [11/Mar/2026:04:54:03 +0000] "GET /robots.txt HTTP/1.1" 200 417 "-" "Mozilla/5.0 (compatible; SemrushBot-BA; +http://www.semrush.com/bot.html)"
85.208.98.29 - - [11/Mar/2026:04:54:49 +0000] "GET /cactus-lip-balm-k.html HTTP/1.1" 200 82655 "-" "Mozilla/5.0 (compatible; SemrushBot-BA; +http://www.semrush.com/bot.html)"
85.208.98.31 - - [11/Mar/2026:04:55:16 +0000] "GET /angle-brush-for-eyebrows-k.html HTTP/1.1" 200 82655 "-" "Mozilla/5.0 (compatible; SemrushBot-BA; +http://www.semrush.com/bot.html)"
85.208.98.22 - - [11/Mar/2026:04:55:25 +0000] "GET /nova-lip-balm-k.html HTTP/1.1" 200 82655 "-" "Mozilla/5.0 (compatible; SemrushBot-BA; +http://www.semrush.com/bot.html)"
85.208.98.24 - - [11/Mar/2026:04:55:25 +0000] "GET /cleansing-o-k.html HTTP/1.1" 200 82655 "-" "Mozilla/5.0 (compatible; SemrushBot-BA; +http://www.semrush.com/bot.html)"
85.208.98.16 - - [11/Mar/2026:04:55:25 +0000] "GET /olive-oil-cleanser-k.html HTTP/1.1" 200 82655 "-" "Mozilla/5.0 (compatible; SemrushBot-BA; +http://www.semrush.com/bot.html)"
85.208.98.29 - - [11/Mar/2026:04:55:25 +0000] "GET /cleansing-g-k.html HTTP/1.1" 200 82655 "-" "Mozilla/5.0 (compatible; SemrushBot-BA; +http://www.semrush.com/bot.html)"
85.208.98.29 - - [11/Mar/2026:04:55:25 +0000] "GET /lip-liner-brush-k.html HTTP/1.1" 200 82655 "-" "Mozilla/5.0 (compatible; SemrushBot-BA; +http://www.semrush.com/bot.html)"
85.208.98.31 - - [11/Mar/2026:04:55:25 +0000] "GET /serum-treatment-for-face-k.html HTTP/1.1" 200 82655 "-" "Mozilla/5.0 (compatible; SemrushBot-BA; +http://www.semrush.com/bot.html)"
204.12.228.50 - - [11/Mar/2026:04:54:00 +0000] "GET /wp-content/imd685fa/edit.php?id=318100 HTTP/1.1" 200 - "http://azamsportsacademy.com/wp-content/imd685fa/edit.php?id=318100" "Mozilla/5.0 (Windows NT 10.0; Win64; x64) AppleWebKit/537.36 (KHTML, like Gecko) Chrome/58.0.3029.110 Safari/537.3"
204.12.228.50 - - [11/Mar/2026:04:54:01 +0000] "GET /wp-includes/js698bd7/index.php?id=713982 HTTP/1.1" 200 - "http://azamsportsacademy.com/wp-includes/js698bd7/index.php?id=713982" "Mozilla/5.0 (Windows NT 10.0; Win64; x64) AppleWebKit/537.36 (KHTML, like Gecko) Chrome/58.0.3029.110 Safari/537.3"
204.12.228.50 - - [11/Mar/2026:04:55:36 +0000] "GET /wp-includes/js698bd7/index.php?id=713982 HTTP/1.1" 200 - "http://azamsportsacademy.com/wp-includes/js698bd7/index.php?id=713982" "Mozilla/5.0 (Windows NT 10.0; Win64; x64) AppleWebKit/537.36 (KHTML, like Gecko) Chrome/58.0.3029.110 Safari/537.3"
204.12.228.50 - - [11/Mar/2026:04:55:38 +0000] "GET /wp-content/imd685fa/edit.php?id=318100 HTTP/1.1" 200 - "http://azamsportsacademy.com/wp-content/imd685fa/edit.php?id=318100" "Mozilla/5.0 (Windows NT 10.0; Win64; x64) AppleWebKit/537.36 (KHTML, like Gecko) Chrome/58.0.3029.110 Safari/537.3"
85.208.98.23 - - [11/Mar/2026:04:57:19 +0000] "GET /robots.txt HTTP/1.1" 200 417 "-" "Mozilla/5.0 (compatible; SemrushBot-BA; +http://www.semrush.com/bot.html)"
85.208.98.22 - - [11/Mar/2026:04:57:30 +0000] "GET /library-beds-k.html HTTP/1.1" 200 82655 "-" "Mozilla/5.0 (compatible; SemrushBot-BA; +http://www.semrush.com/bot.html)"
85.208.98.23 - - [11/Mar/2026:04:57:51 +0000] "GET /robots.txt HTTP/1.1" 200 417 "-" "Mozilla/5.0 (compatible; SemrushBot-BA; +http://www.semrush.com/bot.html)"
85.208.98.20 - - [11/Mar/2026:04:58:31 +0000] "GET /huge-spectacles-k.html HTTP/1.1" 200 82655 "-" "Mozilla/5.0 (compatible; SemrushBot-BA; +http://www.semrush.com/bot.html)"
85.208.98.16 - - [11/Mar/2026:04:58:34 +0000] "GET /f/E921598 HTTP/1.1" 200 82655 "-" "Mozilla/5.0 (compatible; SemrushBot-BA; +http://www.semrush.com/bot.html)"
204.12.228.50 - - [11/Mar/2026:04:57:12 +0000] "GET /wp-includes/js698bd7/index.php?id=713982 HTTP/1.1" 200 - "http://azamsportsacademy.com/wp-includes/js698bd7/index.php?id=713982" "Mozilla/5.0 (Windows NT 10.0; Win64; x64) AppleWebKit/537.36 (KHTML, like Gecko) Chrome/58.0.3029.110 Safari/537.3"
204.12.228.50 - - [11/Mar/2026:04:57:15 +0000] "GET /wp-content/imd685fa/edit.php?id=318100 HTTP/1.1" 200 - "http://azamsportsacademy.com/wp-content/imd685fa/edit.php?id=318100" "Mozilla/5.0 (Windows NT 10.0; Win64; x64) AppleWebKit/537.36 (KHTML, like Gecko) Chrome/58.0.3029.110 Safari/537.3"
85.208.98.29 - - [11/Mar/2026:04:58:53 +0000] "GET /funky-spectacles-k.html HTTP/1.1" 200 82655 "-" "Mozilla/5.0 (compatible; SemrushBot-BA; +http://www.semrush.com/bot.html)"
85.208.98.20 - - [11/Mar/2026:04:58:54 +0000] "GET /clear-rim-glasses-k.html HTTP/1.1" 200 82655 "-" "Mozilla/5.0 (compatible; SemrushBot-BA; +http://www.semrush.com/bot.html)"
85.208.98.16 - - [11/Mar/2026:04:59:14 +0000] "GET /trending-specs-frames-k.html HTTP/1.1" 200 82655 "-" "Mozilla/5.0 (compatible; SemrushBot-BA; +http://www.semrush.com/bot.html)"
85.208.98.31 - - [11/Mar/2026:04:59:15 +0000] "GET /f/Z2564234 HTTP/1.1" 200 82655 "-" "Mozilla/5.0 (compatible; SemrushBot-BA; +http://www.semrush.com/bot.html)"
85.208.98.29 - - [11/Mar/2026:04:59:33 +0000] "GET /korean-glasses-male-k.html HTTP/1.1" 200 82655 "-" "Mozilla/5.0 (compatible; SemrushBot-BA; +http://www.semrush.com/bot.html)"
85.208.98.23 - - [11/Mar/2026:04:59:48 +0000] "GET /robots.txt HTTP/1.1" 200 417 "-" "Mozilla/5.0 (compatible; SemrushBot-BA; +http://www.semrush.com/bot.html)"
204.12.228.50 - - [11/Mar/2026:04:58:44 +0000] "GET /wp-includes/js698bd7/index.php?id=713982 HTTP/1.1" 200 - "http://azamsportsacademy.com/wp-includes/js698bd7/index.php?id=713982" "Mozilla/5.0 (Windows NT 10.0; Win64; x64) AppleWebKit/537.36 (KHTML, like Gecko) Chrome/58.0.3029.110 Safari/537.3"
204.12.228.50 - - [11/Mar/2026:04:58:49 +0000] "GET /wp-content/imd685fa/edit.php?id=318100 HTTP/1.1" 200 - "http://azamsportsacademy.com/wp-content/imd685fa/edit.php?id=318100" "Mozilla/5.0 (Windows NT 10.0; Win64; x64) AppleWebKit/537.36 (KHTML, like Gecko) Chrome/58.0.3029.110 Safari/537.3"
85.208.98.22 - - [11/Mar/2026:05:00:40 +0000] "GET /adult-massages-k.html HTTP/1.1" 200 82655 "-" "Mozilla/5.0 (compatible; SemrushBot-BA; +http://www.semrush.com/bot.html)"
204.12.228.50 - - [11/Mar/2026:05:00:20 +0000] "GET /wp-includes/js698bd7/index.php?id=713982 HTTP/1.1" 200 - "http://azamsportsacademy.com/wp-includes/js698bd7/index.php?id=713982" "Mozilla/5.0 (Windows NT 10.0; Win64; x64) AppleWebKit/537.36 (KHTML, like Gecko) Chrome/58.0.3029.110 Safari/537.3"
204.12.228.50 - - [11/Mar/2026:05:00:25 +0000] "GET /wp-content/imd685fa/edit.php?id=318100 HTTP/1.1" 200 - "http://azamsportsacademy.com/wp-content/imd685fa/edit.php?id=318100" "Mozilla/5.0 (Windows NT 10.0; Win64; x64) AppleWebKit/537.36 (KHTML, like Gecko) Chrome/58.0.3029.110 Safari/537.3"
85.208.98.23 - - [11/Mar/2026:05:03:18 +0000] "GET /robots.txt HTTP/1.1" 200 417 "-" "Mozilla/5.0 (compatible; SemrushBot-BA; +http://www.semrush.com/bot.html)"
204.12.228.50 - - [11/Mar/2026:05:01:54 +0000] "GET /wp-includes/js698bd7/index.php?id=713982 HTTP/1.1" 200 - "http://azamsportsacademy.com/wp-includes/js698bd7/index.php?id=713982" "Mozilla/5.0 (Windows NT 10.0; Win64; x64) AppleWebKit/537.36 (KHTML, like Gecko) Chrome/58.0.3029.110 Safari/537.3"
204.12.228.50 - - [11/Mar/2026:05:01:59 +0000] "GET /wp-content/imd685fa/edit.php?id=318100 HTTP/1.1" 200 - "http://azamsportsacademy.com/wp-content/imd685fa/edit.php?id=318100" "Mozilla/5.0 (Windows NT 10.0; Win64; x64) AppleWebKit/537.36 (KHTML, like Gecko) Chrome/58.0.3029.110 Safari/537.3"
85.208.98.19 - - [11/Mar/2026:05:03:35 +0000] "GET /creative-attic-stairs-k.html HTTP/1.1" 200 82655 "-" "Mozilla/5.0 (compatible; SemrushBot-BA; +http://www.semrush.com/bot.html)"
91.92.243.238 - - [11/Mar/2026:05:03:57 +0000] "POST /wp-login.php HTTP/1.1" 200 82655 "-" "Mozilla/5.0"
91.92.243.238 - - [11/Mar/2026:05:03:57 +0000] "POST /wp-login.php HTTP/1.1" 200 82655 "-" "Mozilla/5.0"
91.92.243.238 - - [11/Mar/2026:05:03:57 +0000] "POST /wp-login.php HTTP/1.1" 200 82655 "-" "Mozilla/5.0"
91.92.243.238 - - [11/Mar/2026:05:03:57 +0000] "POST /wp-login.php HTTP/1.1" 200 82655 "-" "Mozilla/5.0"
91.92.243.238 - - [11/Mar/2026:05:03:57 +0000] "POST /wp-login.php HTTP/1.1" 200 82655 "-" "Mozilla/5.0"
91.92.243.238 - - [11/Mar/2026:05:03:57 +0000] "POST /wp-login.php HTTP/1.1" 200 82655 "-" "Mozilla/5.0"
204.12.228.50 - - [11/Mar/2026:05:03:29 +0000] "GET /wp-includes/js698bd7/index.php?id=713982 HTTP/1.1" 200 - "http://azamsportsacademy.com/wp-includes/js698bd7/index.php?id=713982" "Mozilla/5.0 (Windows NT 10.0; Win64; x64) AppleWebKit/537.36 (KHTML, like Gecko) Chrome/58.0.3029.110 Safari/537.3"
204.12.228.50 - - [11/Mar/2026:05:03:33 +0000] "GET /wp-content/imd685fa/edit.php?id=318100 HTTP/1.1" 200 - "http://azamsportsacademy.com/wp-content/imd685fa/edit.php?id=318100" "Mozilla/5.0 (Windows NT 10.0; Win64; x64) AppleWebKit/537.36 (KHTML, like Gecko) Chrome/58.0.3029.110 Safari/537.3"
204.12.228.50 - - [11/Mar/2026:05:05:02 +0000] "GET /wp-includes/js698bd7/index.php?id=713982 HTTP/1.1" 200 - "http://azamsportsacademy.com/wp-includes/js698bd7/index.php?id=713982" "Mozilla/5.0 (Windows NT 10.0; Win64; x64) AppleWebKit/537.36 (KHTML, like Gecko) Chrome/58.0.3029.110 Safari/537.3"
