85.208.98.23 - - [10/Mar/2026:17:20:43 +0000] "GET /robots.txt HTTP/1.1" 200 88 "-" "Mozilla/5.0 (compatible; SemrushBot-BA; +http://www.semrush.com/bot.html)"
85.208.98.31 - - [10/Mar/2026:17:21:25 +0000] "GET /gibbon-swing-set-k.html HTTP/1.1" 200 58828 "-" "Mozilla/5.0 (compatible; SemrushBot-BA; +http://www.semrush.com/bot.html)"
85.208.98.23 - - [10/Mar/2026:17:23:41 +0000] "GET /robots.txt HTTP/1.1" 200 88 "-" "Mozilla/5.0 (compatible; SemrushBot-BA; +http://www.semrush.com/bot.html)"
85.208.98.23 - - [10/Mar/2026:17:25:03 +0000] "GET /robots.txt HTTP/1.1" 200 88 "-" "Mozilla/5.0 (compatible; SemrushBot-BA; +http://www.semrush.com/bot.html)"
85.208.98.31 - - [10/Mar/2026:17:25:24 +0000] "GET /10-inch-pneumatic-tire-k.html HTTP/1.1" 200 58828 "-" "Mozilla/5.0 (compatible; SemrushBot-BA; +http://www.semrush.com/bot.html)"
66.249.68.70 - - [10/Mar/2026:17:26:18 +0000] "GET /f/K2964179 HTTP/1.1" 200 58828 "-" "Mozilla/5.0 (Linux; Android 6.0.1; Nexus 5X Build/MMB29P) AppleWebKit/537.36 (KHTML, like Gecko) Chrome/145.0.7632.116 Mobile Safari/537.36 (compatible; Googlebot/2.1; +http://www.google.com/bot.html)"
66.249.68.70 - - [10/Mar/2026:17:27:19 +0000] "GET /f/K2964179 HTTP/1.1" 200 58828 "-" "Mozilla/5.0 (Linux; Android 6.0.1; Nexus 5X Build/MMB29P) AppleWebKit/537.36 (KHTML, like Gecko) Chrome/145.0.7632.116 Mobile Safari/537.36 (compatible; GoogleOther)"
85.208.98.24 - - [10/Mar/2026:17:27:26 +0000] "GET /f/N3187924 HTTP/1.1" 200 58828 "-" "Mozilla/5.0 (compatible; SemrushBot-BA; +http://www.semrush.com/bot.html)"
85.208.98.29 - - [10/Mar/2026:17:28:35 +0000] "GET /brisket-flat-recipe-k.html HTTP/1.1" 200 58828 "-" "Mozilla/5.0 (compatible; SemrushBot-BA; +http://www.semrush.com/bot.html)"
43.131.253.14 - - [10/Mar/2026:17:29:17 +0000] "GET /?path=/home HTTP/1.1" 200 106877 "-" "Mozilla/5.0 (iPhone; CPU iPhone OS 13_2_3 like Mac OS X) AppleWebKit/605.1.15 (KHTML, like Gecko) Version/13.0.3 Mobile/15E148 Safari/604.1"
91.92.243.238 - - [10/Mar/2026:17:31:46 +0000] "POST /wp-login.php HTTP/1.1" 200 58828 "-" "Mozilla/5.0"
91.92.243.238 - - [10/Mar/2026:17:31:46 +0000] "POST /wp-login.php HTTP/1.1" 200 58828 "-" "Mozilla/5.0"
91.92.243.238 - - [10/Mar/2026:17:31:46 +0000] "POST /wp-login.php HTTP/1.1" 200 58828 "-" "Mozilla/5.0"
91.92.243.238 - - [10/Mar/2026:17:31:46 +0000] "POST /wp-login.php HTTP/1.1" 200 58828 "-" "Mozilla/5.0"
91.92.243.238 - - [10/Mar/2026:17:31:46 +0000] "POST /wp-login.php HTTP/1.1" 200 58828 "-" "Mozilla/5.0"
91.92.243.238 - - [10/Mar/2026:17:31:46 +0000] "POST /wp-login.php HTTP/1.1" 200 58828 "-" "Mozilla/5.0"
85.208.98.23 - - [10/Mar/2026:17:33:40 +0000] "GET /robots.txt HTTP/1.1" 200 88 "-" "Mozilla/5.0 (compatible; SemrushBot-BA; +http://www.semrush.com/bot.html)"
85.208.98.29 - - [10/Mar/2026:17:34:03 +0000] "GET /f/I922408 HTTP/1.1" 200 58828 "-" "Mozilla/5.0 (compatible; SemrushBot-BA; +http://www.semrush.com/bot.html)"
85.208.98.19 - - [10/Mar/2026:17:34:05 +0000] "GET /plywood-water-k.html HTTP/1.1" 200 58828 "-" "Mozilla/5.0 (compatible; SemrushBot-BA; +http://www.semrush.com/bot.html)"
85.208.98.16 - - [10/Mar/2026:17:34:36 +0000] "GET /osb-board-k.html HTTP/1.1" 200 58828 "-" "Mozilla/5.0 (compatible; SemrushBot-BA; +http://www.semrush.com/bot.html)"
85.208.98.24 - - [10/Mar/2026:17:34:38 +0000] "GET /plywood-paneling-exterior-k.html HTTP/1.1" 200 58828 "-" "Mozilla/5.0 (compatible; SemrushBot-BA; +http://www.semrush.com/bot.html)"
85.208.98.22 - - [10/Mar/2026:17:35:01 +0000] "GET /f/U3189335 HTTP/1.1" 200 58828 "-" "Mozilla/5.0 (compatible; SemrushBot-BA; +http://www.semrush.com/bot.html)"
85.208.98.16 - - [10/Mar/2026:17:35:02 +0000] "GET /pdf-plywood-k.html HTTP/1.1" 200 58828 "-" "Mozilla/5.0 (compatible; SemrushBot-BA; +http://www.semrush.com/bot.html)"
85.208.98.24 - - [10/Mar/2026:17:35:21 +0000] "GET /plywood-sheeting-k.html HTTP/1.1" 200 58828 "-" "Mozilla/5.0 (compatible; SemrushBot-BA; +http://www.semrush.com/bot.html)"
85.208.98.16 - - [10/Mar/2026:17:35:23 +0000] "GET /mdf-wood-sheet-price-k.html HTTP/1.1" 200 58828 "-" "Mozilla/5.0 (compatible; SemrushBot-BA; +http://www.semrush.com/bot.html)"
85.208.98.23 - - [10/Mar/2026:17:35:27 +0000] "GET /robots.txt HTTP/1.1" 200 88 "-" "Mozilla/5.0 (compatible; SemrushBot-BA; +http://www.semrush.com/bot.html)"
85.208.98.31 - - [10/Mar/2026:17:35:40 +0000] "GET /exterior-plywood-k.html HTTP/1.1" 200 58828 "-" "Mozilla/5.0 (compatible; SemrushBot-BA; +http://www.semrush.com/bot.html)"
85.208.98.22 - - [10/Mar/2026:17:35:40 +0000] "GET /f/R922911 HTTP/1.1" 200 58828 "-" "Mozilla/5.0 (compatible; SemrushBot-BA; +http://www.semrush.com/bot.html)"
85.208.98.20 - - [10/Mar/2026:17:35:56 +0000] "GET /osb-vs-plywood-floor-k.html HTTP/1.1" 200 58828 "-" "Mozilla/5.0 (compatible; SemrushBot-BA; +http://www.semrush.com/bot.html)"
85.208.98.31 - - [10/Mar/2026:17:35:57 +0000] "GET /mdf-board-price-k.html HTTP/1.1" 200 58828 "-" "Mozilla/5.0 (compatible; SemrushBot-BA; +http://www.semrush.com/bot.html)"
85.208.98.19 - - [10/Mar/2026:17:36:15 +0000] "GET /can-plywood-be-sanded-k.html HTTP/1.1" 200 58828 "-" "Mozilla/5.0 (compatible; SemrushBot-BA; +http://www.semrush.com/bot.html)"
85.208.98.29 - - [10/Mar/2026:17:36:17 +0000] "GET /easy-generator-k.html HTTP/1.1" 200 58828 "-" "Mozilla/5.0 (compatible; SemrushBot-BA; +http://www.semrush.com/bot.html)"
66.249.68.70 - - [10/Mar/2026:17:36:36 +0000] "GET /book/0016799104.html HTTP/1.1" 200 58828 "-" "Mozilla/5.0 (Linux; Android 6.0.1; Nexus 5X Build/MMB29P) AppleWebKit/537.36 (KHTML, like Gecko) Chrome/145.0.7632.116 Mobile Safari/537.36 (compatible; GoogleOther)"
34.140.119.220 - - [10/Mar/2026:17:38:09 +0000] "GET / HTTP/1.1" 200 58828 "-" "python-requests/2.32.5"
124.156.226.179 - - [10/Mar/2026:17:39:33 +0000] "GET /?path=/home/azamsportsacadem HTTP/1.1" 200 53665 "-" "Mozilla/5.0 (iPhone; CPU iPhone OS 13_2_3 like Mac OS X) AppleWebKit/605.1.15 (KHTML, like Gecko) Version/13.0.3 Mobile/15E148 Safari/604.1"
85.208.98.23 - - [10/Mar/2026:17:42:12 +0000] "GET /robots.txt HTTP/1.1" 200 88 "-" "Mozilla/5.0 (compatible; SemrushBot-BA; +http://www.semrush.com/bot.html)"
85.208.98.16 - - [10/Mar/2026:17:42:25 +0000] "GET /mdf-and-plywood-k.html HTTP/1.1" 200 58828 "-" "Mozilla/5.0 (compatible; SemrushBot-BA; +http://www.semrush.com/bot.html)"
85.208.98.22 - - [10/Mar/2026:17:42:27 +0000] "GET /plywood-formwork-k.html HTTP/1.1" 200 58828 "-" "Mozilla/5.0 (compatible; SemrushBot-BA; +http://www.semrush.com/bot.html)"
85.208.98.29 - - [10/Mar/2026:17:42:32 +0000] "GET /mdf-suppliers-near-me-k.html HTTP/1.1" 200 58828 "-" "Mozilla/5.0 (compatible; SemrushBot-BA; +http://www.semrush.com/bot.html)"
85.208.98.24 - - [10/Mar/2026:17:42:33 +0000] "GET /mdf-in-wood-k.html HTTP/1.1" 200 58828 "-" "Mozilla/5.0 (compatible; SemrushBot-BA; +http://www.semrush.com/bot.html)"
91.92.243.238 - - [10/Mar/2026:17:43:37 +0000] "POST /wp-login.php HTTP/1.1" 200 58828 "-" "Mozilla/5.0"
91.92.243.238 - - [10/Mar/2026:17:43:37 +0000] "POST /wp-login.php HTTP/1.1" 200 58828 "-" "Mozilla/5.0"
91.92.243.238 - - [10/Mar/2026:17:43:37 +0000] "POST /wp-login.php HTTP/1.1" 200 58828 "-" "Mozilla/5.0"
91.92.243.238 - - [10/Mar/2026:17:43:37 +0000] "POST /wp-login.php HTTP/1.1" 200 58828 "-" "Mozilla/5.0"
91.92.243.238 - - [10/Mar/2026:17:43:37 +0000] "POST /wp-login.php HTTP/1.1" 200 58828 "-" "Mozilla/5.0"
91.92.243.238 - - [10/Mar/2026:17:43:37 +0000] "POST /wp-login.php HTTP/1.1" 200 58828 "-" "Mozilla/5.0"
66.249.68.70 - - [10/Mar/2026:17:45:22 +0000] "GET /book/0018153128.html HTTP/1.1" 200 58828 "-" "Mozilla/5.0 (Linux; Android 6.0.1; Nexus 5X Build/MMB29P) AppleWebKit/537.36 (KHTML, like Gecko) Chrome/145.0.7632.116 Mobile Safari/537.36 (compatible; GoogleOther)"
66.249.68.70 - - [10/Mar/2026:17:45:28 +0000] "GET /book/0018153128.html HTTP/1.1" 200 58828 "-" "Mozilla/5.0 (Linux; Android 6.0.1; Nexus 5X Build/MMB29P) AppleWebKit/537.36 (KHTML, like Gecko) Chrome/145.0.7632.116 Mobile Safari/537.36 (compatible; Googlebot/2.1; +http://www.google.com/bot.html)"
66.249.68.70 - - [10/Mar/2026:17:45:34 +0000] "GET /f/Q2947790 HTTP/1.1" 200 58828 "-" "Mozilla/5.0 (Linux; Android 6.0.1; Nexus 5X Build/MMB29P) AppleWebKit/537.36 (KHTML, like Gecko) Chrome/145.0.7632.116 Mobile Safari/537.36 (compatible; Googlebot/2.1; +http://www.google.com/bot.html)"
66.249.68.70 - - [10/Mar/2026:17:45:40 +0000] "GET /f/Q2947790 HTTP/1.1" 200 58828 "-" "Mozilla/5.0 (Linux; Android 6.0.1; Nexus 5X Build/MMB29P) AppleWebKit/537.36 (KHTML, like Gecko) Chrome/145.0.7632.116 Mobile Safari/537.36 (compatible; GoogleOther)"
85.208.98.23 - - [10/Mar/2026:17:45:57 +0000] "GET /robots.txt HTTP/1.1" 200 88 "-" "Mozilla/5.0 (compatible; SemrushBot-BA; +http://www.semrush.com/bot.html)"
85.208.98.24 - - [10/Mar/2026:17:46:22 +0000] "GET /water-heater-running-k.html HTTP/1.1" 200 58828 "-" "Mozilla/5.0 (compatible; SemrushBot-BA; +http://www.semrush.com/bot.html)"
85.208.98.22 - - [10/Mar/2026:17:46:24 +0000] "GET /f/T2564644 HTTP/1.1" 200 58828 "-" "Mozilla/5.0 (compatible; SemrushBot-BA; +http://www.semrush.com/bot.html)"
85.208.98.31 - - [10/Mar/2026:17:46:39 +0000] "GET /house-air-filter-k.html HTTP/1.1" 200 58828 "-" "Mozilla/5.0 (compatible; SemrushBot-BA; +http://www.semrush.com/bot.html)"
85.208.98.24 - - [10/Mar/2026:17:47:13 +0000] "GET /f/I3189739 HTTP/1.1" 200 58828 "-" "Mozilla/5.0 (compatible; SemrushBot-BA; +http://www.semrush.com/bot.html)"
85.208.98.29 - - [10/Mar/2026:17:47:13 +0000] "GET /changing-ac-filter-k.html HTTP/1.1" 200 58828 "-" "Mozilla/5.0 (compatible; SemrushBot-BA; +http://www.semrush.com/bot.html)"
85.208.98.31 - - [10/Mar/2026:17:47:25 +0000] "GET /how-long-air-filter-change-k.html HTTP/1.1" 200 58828 "-" "Mozilla/5.0 (compatible; SemrushBot-BA; +http://www.semrush.com/bot.html)"
66.249.68.70 - - [10/Mar/2026:17:47:36 +0000] "GET /44963221975489.html HTTP/1.1" 200 58828 "-" "Mozilla/5.0 (Linux; Android 6.0.1; Nexus 5X Build/MMB29P) AppleWebKit/537.36 (KHTML, like Gecko) Chrome/145.0.7632.116 Mobile Safari/537.36 (compatible; Googlebot/2.1; +http://www.google.com/bot.html)"
66.249.68.70 - - [10/Mar/2026:17:47:42 +0000] "GET /44963221975489.html HTTP/1.1" 200 58828 "-" "Mozilla/5.0 (Linux; Android 6.0.1; Nexus 5X Build/MMB29P) AppleWebKit/537.36 (KHTML, like Gecko) Chrome/145.0.7632.116 Mobile Safari/537.36 (compatible; GoogleOther)"
43.166.250.187 - - [10/Mar/2026:17:49:19 +0000] "GET /?path=/home/azamsportsacadem/public_html HTTP/1.1" 200 58828 "-" "Mozilla/5.0 (iPhone; CPU iPhone OS 13_2_3 like Mac OS X) AppleWebKit/605.1.15 (KHTML, like Gecko) Version/13.0.3 Mobile/15E148 Safari/604.1"
54.37.118.78 - - [10/Mar/2026:17:52:46 +0000] "GET /sitemap.xml HTTP/1.1" 200 58828 "-" "Mozilla/5.0 (compatible; AhrefsBot/7.0; +http://ahrefs.com/robot/)"
85.208.98.23 - - [10/Mar/2026:17:52:48 +0000] "GET /robots.txt HTTP/1.1" 200 88 "-" "Mozilla/5.0 (compatible; SemrushBot-BA; +http://www.semrush.com/bot.html)"
85.208.98.20 - - [10/Mar/2026:17:53:26 +0000] "GET /lancome-238-lipstick-k.html HTTP/1.1" 200 58828 "-" "Mozilla/5.0 (compatible; SemrushBot-BA; +http://www.semrush.com/bot.html)"
85.208.98.16 - - [10/Mar/2026:17:53:31 +0000] "GET /surf-3-in-1-capsules-k.html HTTP/1.1" 200 58828 "-" "Mozilla/5.0 (compatible; SemrushBot-BA; +http://www.semrush.com/bot.html)"
85.208.98.31 - - [10/Mar/2026:17:53:40 +0000] "GET /f/N922881 HTTP/1.1" 200 58828 "-" "Mozilla/5.0 (compatible; SemrushBot-BA; +http://www.semrush.com/bot.html)"
85.208.98.31 - - [10/Mar/2026:17:53:47 +0000] "GET /misfits-dog-treats-k.html HTTP/1.1" 200 58828 "-" "Mozilla/5.0 (compatible; SemrushBot-BA; +http://www.semrush.com/bot.html)"
85.208.98.31 - - [10/Mar/2026:17:53:58 +0000] "GET /wilko-kettle-k.html HTTP/1.1" 200 58828 "-" "Mozilla/5.0 (compatible; SemrushBot-BA; +http://www.semrush.com/bot.html)"
85.208.98.29 - - [10/Mar/2026:17:54:04 +0000] "GET /provoke-dry-shampoo-k.html HTTP/1.1" 200 58828 "-" "Mozilla/5.0 (compatible; SemrushBot-BA; +http://www.semrush.com/bot.html)"
85.208.98.24 - - [10/Mar/2026:17:54:12 +0000] "GET /peppa-toilet-training-seat-k.html HTTP/1.1" 200 58828 "-" "Mozilla/5.0 (compatible; SemrushBot-BA; +http://www.semrush.com/bot.html)"
85.208.98.20 - - [10/Mar/2026:17:54:16 +0000] "GET /oral-b-whitening-restore-k.html HTTP/1.1" 200 58828 "-" "Mozilla/5.0 (compatible; SemrushBot-BA; +http://www.semrush.com/bot.html)"
91.92.243.238 - - [10/Mar/2026:17:55:27 +0000] "POST /wp-login.php HTTP/1.1" 200 58828 "-" "Mozilla/5.0"
91.92.243.238 - - [10/Mar/2026:17:55:27 +0000] "POST /wp-login.php HTTP/1.1" 200 58828 "-" "Mozilla/5.0"
91.92.243.238 - - [10/Mar/2026:17:55:27 +0000] "POST /wp-login.php HTTP/1.1" 200 58828 "-" "Mozilla/5.0"
91.92.243.238 - - [10/Mar/2026:17:55:27 +0000] "POST /wp-login.php HTTP/1.1" 200 58828 "-" "Mozilla/5.0"
91.92.243.238 - - [10/Mar/2026:17:55:27 +0000] "POST /wp-login.php HTTP/1.1" 200 58828 "-" "Mozilla/5.0"
91.92.243.238 - - [10/Mar/2026:17:55:27 +0000] "POST /wp-login.php HTTP/1.1" 200 58828 "-" "Mozilla/5.0"
34.236.135.14 - - [10/Mar/2026:17:56:14 +0000] "GET /7bet-casino-mastering-the-art-of-quick-wins/ HTTP/1.1" 200 58828 "-" "Mozilla/5.0 AppleWebKit/537.36 (KHTML, like Gecko; compatible; Amazonbot/0.1; +https://developer.amazon.com/support/amazonbot) Chrome/119.0.6045.214 Safari/537.36"
43.153.54.138 - - [10/Mar/2026:17:59:41 +0000] "GET /?path=/home HTTP/1.1" 200 106877 "-" "Mozilla/5.0 (iPhone; CPU iPhone OS 13_2_3 like Mac OS X) AppleWebKit/605.1.15 (KHTML, like Gecko) Version/13.0.3 Mobile/15E148 Safari/604.1"
5.39.1.251 - - [10/Mar/2026:17:59:43 +0000] "GET /?pilihan&path=/home/azamsportsacadem/public_html HTTP/1.1" 200 58828 "-" "Mozilla/5.0 (compatible; AhrefsBot/7.0; +http://ahrefs.com/robot/)"
85.208.98.23 - - [10/Mar/2026:17:59:50 +0000] "GET /robots.txt HTTP/1.1" 200 88 "-" "Mozilla/5.0 (compatible; SemrushBot-BA; +http://www.semrush.com/bot.html)"
85.208.98.24 - - [10/Mar/2026:18:00:14 +0000] "GET /simple-candlestick-holder-k.html HTTP/1.1" 200 58828 "-" "Mozilla/5.0 (compatible; SemrushBot-BA; +http://www.semrush.com/bot.html)"
85.208.98.29 - - [10/Mar/2026:18:00:15 +0000] "GET /large-reindeer-statue-k.html HTTP/1.1" 200 58828 "-" "Mozilla/5.0 (compatible; SemrushBot-BA; +http://www.semrush.com/bot.html)"
85.208.98.23 - - [10/Mar/2026:18:04:23 +0000] "GET /robots.txt HTTP/1.1" 200 88 "-" "Mozilla/5.0 (compatible; SemrushBot-BA; +http://www.semrush.com/bot.html)"
85.208.98.22 - - [10/Mar/2026:18:04:55 +0000] "GET /f/V921797 HTTP/1.1" 200 58828 "-" "Mozilla/5.0 (compatible; SemrushBot-BA; +http://www.semrush.com/bot.html)"
85.208.98.31 - - [10/Mar/2026:18:04:56 +0000] "GET /d40-radio-code-k.html HTTP/1.1" 200 58828 "-" "Mozilla/5.0 (compatible; SemrushBot-BA; +http://www.semrush.com/bot.html)"
85.208.98.23 - - [10/Mar/2026:18:05:53 +0000] "GET /robots.txt HTTP/1.1" 200 88 "-" "Mozilla/5.0 (compatible; SemrushBot-BA; +http://www.semrush.com/bot.html)"
85.208.98.24 - - [10/Mar/2026:18:06:03 +0000] "GET /f/I3189037 HTTP/1.1" 200 58828 "-" "Mozilla/5.0 (compatible; SemrushBot-BA; +http://www.semrush.com/bot.html)"
92.222.108.101 - - [10/Mar/2026:18:06:42 +0000] "GET /?path=/home/azamsportsacadem/public_html/wp-includes HTTP/1.1" 200 372337 "-" "Mozilla/5.0 (compatible; AhrefsBot/7.0; +http://ahrefs.com/robot/)"
91.92.243.238 - - [10/Mar/2026:18:07:15 +0000] "POST /wp-login.php HTTP/1.1" 200 58828 "-" "Mozilla/5.0"
91.92.243.238 - - [10/Mar/2026:18:07:15 +0000] "POST /wp-login.php HTTP/1.1" 200 58828 "-" "Mozilla/5.0"
91.92.243.238 - - [10/Mar/2026:18:07:15 +0000] "POST /wp-login.php HTTP/1.1" 200 58828 "-" "Mozilla/5.0"
91.92.243.238 - - [10/Mar/2026:18:07:15 +0000] "POST /wp-login.php HTTP/1.1" 200 58828 "-" "Mozilla/5.0"
91.92.243.238 - - [10/Mar/2026:18:07:15 +0000] "POST /wp-login.php HTTP/1.1" 200 58828 "-" "Mozilla/5.0"
91.92.243.238 - - [10/Mar/2026:18:07:15 +0000] "POST /wp-login.php HTTP/1.1" 200 58828 "-" "Mozilla/5.0"
170.106.110.146 - - [10/Mar/2026:18:09:10 +0000] "GET /?path=/ HTTP/1.1" 200 43415 "-" "Mozilla/5.0 (iPhone; CPU iPhone OS 13_2_3 like Mac OS X) AppleWebKit/605.1.15 (KHTML, like Gecko) Version/13.0.3 Mobile/15E148 Safari/604.1"
66.249.68.70 - - [10/Mar/2026:18:15:44 +0000] "GET /book/0027584200.html HTTP/1.1" 200 58828 "-" "Mozilla/5.0 (Linux; Android 6.0.1; Nexus 5X Build/MMB29P) AppleWebKit/537.36 (KHTML, like Gecko) Chrome/145.0.7632.116 Mobile Safari/537.36 (compatible; GoogleOther)"
66.249.68.70 - - [10/Mar/2026:18:15:51 +0000] "GET /book/0027584200.html HTTP/1.1" 200 58828 "-" "Mozilla/5.0 (Linux; Android 6.0.1; Nexus 5X Build/MMB29P) AppleWebKit/537.36 (KHTML, like Gecko) Chrome/145.0.7632.116 Mobile Safari/537.36 (compatible; Googlebot/2.1; +http://www.google.com/bot.html)"
49.51.203.164 - - [10/Mar/2026:18:19:02 +0000] "GET /?path=/home/allanapharmacy HTTP/1.1" 200 12742 "-" "Mozilla/5.0 (iPhone; CPU iPhone OS 13_2_3 like Mac OS X) AppleWebKit/605.1.15 (KHTML, like Gecko) Version/13.0.3 Mobile/15E148 Safari/604.1"
91.92.243.238 - - [10/Mar/2026:18:19:04 +0000] "POST /wp-login.php HTTP/1.1" 200 58828 "-" "Mozilla/5.0"
91.92.243.238 - - [10/Mar/2026:18:19:04 +0000] "POST /wp-login.php HTTP/1.1" 200 58828 "-" "Mozilla/5.0"
91.92.243.238 - - [10/Mar/2026:18:19:04 +0000] "POST /wp-login.php HTTP/1.1" 200 58828 "-" "Mozilla/5.0"
91.92.243.238 - - [10/Mar/2026:18:19:04 +0000] "POST /wp-login.php HTTP/1.1" 200 58828 "-" "Mozilla/5.0"
91.92.243.238 - - [10/Mar/2026:18:19:04 +0000] "POST /wp-login.php HTTP/1.1" 200 58828 "-" "Mozilla/5.0"
91.92.243.238 - - [10/Mar/2026:18:19:04 +0000] "POST /wp-login.php HTTP/1.1" 200 58828 "-" "Mozilla/5.0"
130.12.180.15 - - [10/Mar/2026:18:19:48 +0000] "GET /wp-json/wp/v2/users HTTP/1.1" 200 58828 "https://www.google.com" "Mozilla/5.0 (X11; Linux x86_64) AppleWebKit/537.36 (KHTML, like Gecko) Chrome/119.0.0.0 Safari/537.36"
130.12.180.15 - - [10/Mar/2026:18:19:49 +0000] "GET /?author=1 HTTP/1.1" 200 58828 "https://www.google.com" "Mozilla/5.0 (X11; Linux x86_64) AppleWebKit/537.36 (KHTML, like Gecko) Chrome/119.0.0.0 Safari/537.36"
130.12.180.15 - - [10/Mar/2026:18:19:52 +0000] "GET /wp-login.php HTTP/1.1" 200 58828 "https://www.google.com" "Mozilla/5.0 (X11; Linux x86_64) AppleWebKit/537.36 (KHTML, like Gecko) Chrome/119.0.0.0 Safari/537.36"
5.39.1.234 - - [10/Mar/2026:18:21:01 +0000] "GET /?path=/home/azamsportsacadem/public_html/wp-content HTTP/1.1" 200 24529 "-" "Mozilla/5.0 (compatible; AhrefsBot/7.0; +http://ahrefs.com/robot/)"
85.208.98.23 - - [10/Mar/2026:18:27:04 +0000] "GET /robots.txt HTTP/1.1" 200 88 "-" "Mozilla/5.0 (compatible; SemrushBot-BA; +http://www.semrush.com/bot.html)"
85.208.98.20 - - [10/Mar/2026:18:27:21 +0000] "GET /rose-gold-ring-jacket-k.html HTTP/1.1" 200 58828 "-" "Mozilla/5.0 (compatible; SemrushBot-BA; +http://www.semrush.com/bot.html)"
85.208.98.22 - - [10/Mar/2026:18:27:23 +0000] "GET /bea-bongiasca-jewelry-box-k.html HTTP/1.1" 200 58828 "-" "Mozilla/5.0 (compatible; SemrushBot-BA; +http://www.semrush.com/bot.html)"
85.208.98.16 - - [10/Mar/2026:18:27:41 +0000] "GET /f/F3188644 HTTP/1.1" 200 58828 "-" "Mozilla/5.0 (compatible; SemrushBot-BA; +http://www.semrush.com/bot.html)"
85.208.98.23 - - [10/Mar/2026:18:28:31 +0000] "GET /robots.txt HTTP/1.1" 200 88 "-" "Mozilla/5.0 (compatible; SemrushBot-BA; +http://www.semrush.com/bot.html)"
85.208.98.23 - - [10/Mar/2026:18:28:43 +0000] "GET /robots.txt HTTP/1.1" 200 88 "-" "Mozilla/5.0 (compatible; SemrushBot-BA; +http://www.semrush.com/bot.html)"
85.208.98.22 - - [10/Mar/2026:18:28:55 +0000] "GET /traditional-office-chair-k.html HTTP/1.1" 200 58828 "-" "Mozilla/5.0 (compatible; SemrushBot-BA; +http://www.semrush.com/bot.html)"
85.208.98.19 - - [10/Mar/2026:18:28:58 +0000] "GET /sleeper-chair-k.html HTTP/1.1" 200 58828 "-" "Mozilla/5.0 (compatible; SemrushBot-BA; +http://www.semrush.com/bot.html)"
85.208.98.22 - - [10/Mar/2026:18:29:10 +0000] "GET /work-stations-office-k.html HTTP/1.1" 200 58828 "-" "Mozilla/5.0 (compatible; SemrushBot-BA; +http://www.semrush.com/bot.html)"
85.208.98.29 - - [10/Mar/2026:18:29:12 +0000] "GET /f/N3138386 HTTP/1.1" 200 58828 "-" "Mozilla/5.0 (compatible; SemrushBot-BA; +http://www.semrush.com/bot.html)"
85.208.98.31 - - [10/Mar/2026:18:29:26 +0000] "GET /arm-furniture-k.html HTTP/1.1" 200 58828 "-" "Mozilla/5.0 (compatible; SemrushBot-BA; +http://www.semrush.com/bot.html)"
85.208.98.29 - - [10/Mar/2026:18:29:28 +0000] "GET /global-furniture-k.html HTTP/1.1" 200 58828 "-" "Mozilla/5.0 (compatible; SemrushBot-BA; +http://www.semrush.com/bot.html)"
85.208.98.23 - - [10/Mar/2026:18:29:32 +0000] "GET /robots.txt HTTP/1.1" 200 88 "-" "Mozilla/5.0 (compatible; SemrushBot-BA; +http://www.semrush.com/bot.html)"
43.157.175.122 - - [10/Mar/2026:18:29:36 +0000] "GET /?path=/home/aughs HTTP/1.1" 200 12724 "-" "Mozilla/5.0 (iPhone; CPU iPhone OS 13_2_3 like Mac OS X) AppleWebKit/605.1.15 (KHTML, like Gecko) Version/13.0.3 Mobile/15E148 Safari/604.1"
85.208.98.31 - - [10/Mar/2026:18:29:41 +0000] "GET /office-storage-cabinets-white-k.html HTTP/1.1" 200 58828 "-" "Mozilla/5.0 (compatible; SemrushBot-BA; +http://www.semrush.com/bot.html)"
85.208.98.20 - - [10/Mar/2026:18:29:42 +0000] "GET /ld-on-washing-machine-k.html HTTP/1.1" 200 58828 "-" "Mozilla/5.0 (compatible; SemrushBot-BA; +http://www.semrush.com/bot.html)"
85.208.98.23 - - [10/Mar/2026:18:29:55 +0000] "GET /robots.txt HTTP/1.1" 200 88 "-" "Mozilla/5.0 (compatible; SemrushBot-BA; +http://www.semrush.com/bot.html)"
85.208.98.24 - - [10/Mar/2026:18:29:55 +0000] "GET /industrial-washers-for-sale-k.html HTTP/1.1" 200 58828 "-" "Mozilla/5.0 (compatible; SemrushBot-BA; +http://www.semrush.com/bot.html)"
85.208.98.22 - - [10/Mar/2026:18:29:57 +0000] "GET /pink-and-yellow-maxi-dress-k.html HTTP/1.1" 200 58828 "-" "Mozilla/5.0 (compatible; SemrushBot-BA; +http://www.semrush.com/bot.html)"
85.208.98.19 - - [10/Mar/2026:18:30:17 +0000] "GET /sexy-denim-jumpsuit-k.html HTTP/1.1" 200 58828 "-" "Mozilla/5.0 (compatible; SemrushBot-BA; +http://www.semrush.com/bot.html)"
85.208.98.24 - - [10/Mar/2026:18:30:18 +0000] "GET /denim-two-piece-outfit-k.html HTTP/1.1" 200 58828 "-" "Mozilla/5.0 (compatible; SemrushBot-BA; +http://www.semrush.com/bot.html)"
85.208.98.31 - - [10/Mar/2026:18:30:33 +0000] "GET /two-piece-skirt-set-floral-k.html HTTP/1.1" 200 58828 "-" "Mozilla/5.0 (compatible; SemrushBot-BA; +http://www.semrush.com/bot.html)"
85.208.98.22 - - [10/Mar/2026:18:30:46 +0000] "GET /silver-joggers-k.html HTTP/1.1" 200 58828 "-" "Mozilla/5.0 (compatible; SemrushBot-BA; +http://www.semrush.com/bot.html)"
91.92.243.238 - - [10/Mar/2026:18:30:50 +0000] "POST /wp-login.php HTTP/1.1" 200 58828 "-" "Mozilla/5.0"
91.92.243.238 - - [10/Mar/2026:18:30:50 +0000] "POST /wp-login.php HTTP/1.1" 200 58828 "-" "Mozilla/5.0"
91.92.243.238 - - [10/Mar/2026:18:30:50 +0000] "POST /wp-login.php HTTP/1.1" 200 58828 "-" "Mozilla/5.0"
91.92.243.238 - - [10/Mar/2026:18:30:50 +0000] "POST /wp-login.php HTTP/1.1" 200 58828 "-" "Mozilla/5.0"
91.92.243.238 - - [10/Mar/2026:18:30:50 +0000] "POST /wp-login.php HTTP/1.1" 200 58828 "-" "Mozilla/5.0"
91.92.243.238 - - [10/Mar/2026:18:30:50 +0000] "POST /wp-login.php HTTP/1.1" 200 58828 "-" "Mozilla/5.0"
85.208.98.29 - - [10/Mar/2026:18:31:03 +0000] "GET /jean-two-piece-set-k.html HTTP/1.1" 200 58828 "-" "Mozilla/5.0 (compatible; SemrushBot-BA; +http://www.semrush.com/bot.html)"
85.208.98.16 - - [10/Mar/2026:18:31:04 +0000] "GET /logo-tent-k.html HTTP/1.1" 200 58828 "-" "Mozilla/5.0 (compatible; SemrushBot-BA; +http://www.semrush.com/bot.html)"
66.249.68.70 - - [10/Mar/2026:18:34:42 +0000] "GET /robots.txt HTTP/1.1" 200 88 "-" "Mozilla/5.0 (compatible; Googlebot/2.1; +http://www.google.com/bot.html)"
66.249.68.70 - - [10/Mar/2026:18:34:42 +0000] "GET /44963221977779.html HTTP/1.1" 200 58828 "-" "Mozilla/5.0 (Linux; Android 6.0.1; Nexus 5X Build/MMB29P) AppleWebKit/537.36 (KHTML, like Gecko) Chrome/145.0.7632.116 Mobile Safari/537.36 (compatible; Googlebot/2.1; +http://www.google.com/bot.html)"
66.249.68.70 - - [10/Mar/2026:18:36:08 +0000] "GET /robots.txt HTTP/1.1" 200 88 "-" "Mozilla/5.0 (compatible; Googlebot/2.1; +http://www.google.com/bot.html)"
66.249.68.70 - - [10/Mar/2026:18:36:08 +0000] "GET /book/0020897060.html HTTP/1.1" 200 58828 "-" "Mozilla/5.0 (Linux; Android 6.0.1; Nexus 5X Build/MMB29P) AppleWebKit/537.36 (KHTML, like Gecko) Chrome/145.0.7632.116 Mobile Safari/537.36 (compatible; Googlebot/2.1; +http://www.google.com/bot.html)"
66.249.68.70 - - [10/Mar/2026:18:36:14 +0000] "GET /book/0020897060.html HTTP/1.1" 200 58828 "-" "Mozilla/5.0 (Linux; Android 6.0.1; Nexus 5X Build/MMB29P) AppleWebKit/537.36 (KHTML, like Gecko) Chrome/145.0.7632.116 Mobile Safari/537.36 (compatible; GoogleOther)"
85.208.98.23 - - [10/Mar/2026:18:38:47 +0000] "GET /robots.txt HTTP/1.1" 200 88 "-" "Mozilla/5.0 (compatible; SemrushBot-BA; +http://www.semrush.com/bot.html)"
43.159.149.216 - - [10/Mar/2026:18:38:50 +0000] "GET /?path=/home/azamsportsacadem/.spamassassin HTTP/1.1" 200 21967 "-" "Mozilla/5.0 (iPhone; CPU iPhone OS 13_2_3 like Mac OS X) AppleWebKit/605.1.15 (KHTML, like Gecko) Version/13.0.3 Mobile/15E148 Safari/604.1"
85.208.98.29 - - [10/Mar/2026:18:39:08 +0000] "GET /no-bark-collar-k.html HTTP/1.1" 200 58828 "-" "Mozilla/5.0 (compatible; SemrushBot-BA; +http://www.semrush.com/bot.html)"
85.208.98.23 - - [10/Mar/2026:18:41:26 +0000] "GET /robots.txt HTTP/1.1" 200 88 "-" "Mozilla/5.0 (compatible; SemrushBot-BA; +http://www.semrush.com/bot.html)"
66.249.68.70 - - [10/Mar/2026:18:41:38 +0000] "GET /robots.txt HTTP/1.1" 200 88 "-" "Mozilla/5.0 (compatible; Googlebot/2.1; +http://www.google.com/bot.html)"
66.249.68.70 - - [10/Mar/2026:18:41:38 +0000] "GET /book/0020166608.html HTTP/1.1" 200 58828 "-" "Mozilla/5.0 (Linux; Android 6.0.1; Nexus 5X Build/MMB29P) AppleWebKit/537.36 (KHTML, like Gecko) Chrome/145.0.7632.116 Mobile Safari/537.36 (compatible; Googlebot/2.1; +http://www.google.com/bot.html)"
85.208.98.24 - - [10/Mar/2026:18:41:56 +0000] "GET /prime-time-primer-k.html HTTP/1.1" 200 58828 "-" "Mozilla/5.0 (compatible; SemrushBot-BA; +http://www.semrush.com/bot.html)"
85.208.98.19 - - [10/Mar/2026:18:42:02 +0000] "GET /make-resin-jewelry-k.html HTTP/1.1" 200 58828 "-" "Mozilla/5.0 (compatible; SemrushBot-BA; +http://www.semrush.com/bot.html)"
91.92.243.238 - - [10/Mar/2026:18:42:41 +0000] "POST /wp-login.php HTTP/1.1" 200 58828 "-" "Mozilla/5.0"
91.92.243.238 - - [10/Mar/2026:18:42:41 +0000] "POST /wp-login.php HTTP/1.1" 200 58828 "-" "Mozilla/5.0"
91.92.243.238 - - [10/Mar/2026:18:42:41 +0000] "POST /wp-login.php HTTP/1.1" 200 58828 "-" "Mozilla/5.0"
91.92.243.238 - - [10/Mar/2026:18:42:41 +0000] "POST /wp-login.php HTTP/1.1" 200 58828 "-" "Mozilla/5.0"
91.92.243.238 - - [10/Mar/2026:18:42:41 +0000] "POST /wp-login.php HTTP/1.1" 200 58828 "-" "Mozilla/5.0"
91.92.243.238 - - [10/Mar/2026:18:42:41 +0000] "POST /wp-login.php HTTP/1.1" 200 58828 "-" "Mozilla/5.0"
66.249.68.70 - - [10/Mar/2026:18:45:37 +0000] "GET /robots.txt HTTP/1.1" 200 88 "-" "Mozilla/5.0 (compatible; Googlebot/2.1; +http://www.google.com/bot.html)"
66.249.68.70 - - [10/Mar/2026:18:45:37 +0000] "GET /f/Y2936767 HTTP/1.1" 200 58828 "-" "Mozilla/5.0 (Linux; Android 6.0.1; Nexus 5X Build/MMB29P) AppleWebKit/537.36 (KHTML, like Gecko) Chrome/145.0.7632.116 Mobile Safari/537.36 (compatible; GoogleOther)"
92.222.104.196 - - [10/Mar/2026:18:48:17 +0000] "GET /?path=/home/azamsportsacadem/public_html/wp-admin HTTP/1.1" 200 166842 "-" "Mozilla/5.0 (compatible; AhrefsBot/7.0; +http://ahrefs.com/robot/)"
66.249.68.70 - - [10/Mar/2026:18:48:52 +0000] "GET /f/X1917872 HTTP/1.1" 200 58828 "-" "Mozilla/5.0 (Linux; Android 6.0.1; Nexus 5X Build/MMB29P) AppleWebKit/537.36 (KHTML, like Gecko) Chrome/145.0.7632.116 Mobile Safari/537.36 (compatible; GoogleOther)"
43.159.135.203 - - [10/Mar/2026:18:49:00 +0000] "GET /?path=/home/azamsportsacadem/public_html/8b0d0 HTTP/1.1" 200 25014 "-" "Mozilla/5.0 (iPhone; CPU iPhone OS 13_2_3 like Mac OS X) AppleWebKit/605.1.15 (KHTML, like Gecko) Version/13.0.3 Mobile/15E148 Safari/604.1"
172.236.112.76 - - [10/Mar/2026:18:49:47 +0000] "GET / HTTP/1.1" 200 58828 "-" "Mozilla/5.0 (Windows NT 6.1; Win64; x64) AppleWebKit/537.36 (KHTML, like Gecko) Chrome/84.0.4147.105 Safari/537.36 Edg/84.0.522.52"
66.249.68.70 - - [10/Mar/2026:18:50:49 +0000] "GET /f/X1917872 HTTP/1.1" 200 58828 "-" "Mozilla/5.0 (Linux; Android 6.0.1; Nexus 5X Build/MMB29P) AppleWebKit/537.36 (KHTML, like Gecko) Chrome/145.0.7632.116 Mobile Safari/537.36 (compatible; Googlebot/2.1; +http://www.google.com/bot.html)"
91.92.243.238 - - [10/Mar/2026:18:54:30 +0000] "POST /wp-login.php HTTP/1.1" 200 58828 "-" "Mozilla/5.0"
91.92.243.238 - - [10/Mar/2026:18:54:30 +0000] "POST /wp-login.php HTTP/1.1" 200 58828 "-" "Mozilla/5.0"
91.92.243.238 - - [10/Mar/2026:18:54:30 +0000] "POST /wp-login.php HTTP/1.1" 200 58828 "-" "Mozilla/5.0"
91.92.243.238 - - [10/Mar/2026:18:54:30 +0000] "POST /wp-login.php HTTP/1.1" 200 58828 "-" "Mozilla/5.0"
91.92.243.238 - - [10/Mar/2026:18:54:30 +0000] "POST /wp-login.php HTTP/1.1" 200 58828 "-" "Mozilla/5.0"
91.92.243.238 - - [10/Mar/2026:18:54:30 +0000] "POST /wp-login.php HTTP/1.1" 200 58828 "-" "Mozilla/5.0"
85.208.98.23 - - [10/Mar/2026:18:54:31 +0000] "GET /robots.txt HTTP/1.1" 200 88 "-" "Mozilla/5.0 (compatible; SemrushBot-BA; +http://www.semrush.com/bot.html)"
85.208.98.19 - - [10/Mar/2026:18:55:40 +0000] "GET /f/O3189771 HTTP/1.1" 200 58828 "-" "Mozilla/5.0 (compatible; SemrushBot-BA; +http://www.semrush.com/bot.html)"
85.208.98.20 - - [10/Mar/2026:18:56:00 +0000] "GET /f/O2563365 HTTP/1.1" 200 58828 "-" "Mozilla/5.0 (compatible; SemrushBot-BA; +http://www.semrush.com/bot.html)"
66.249.68.70 - - [10/Mar/2026:18:57:02 +0000] "GET /book/0021307368.html HTTP/1.1" 200 58828 "-" "Mozilla/5.0 (Linux; Android 6.0.1; Nexus 5X Build/MMB29P) AppleWebKit/537.36 (KHTML, like Gecko) Chrome/145.0.7632.116 Mobile Safari/537.36 (compatible; Googlebot/2.1; +http://www.google.com/bot.html)"
66.249.68.70 - - [10/Mar/2026:18:57:08 +0000] "GET /book/0021307368.html HTTP/1.1" 200 58828 "-" "Mozilla/5.0 (Linux; Android 6.0.1; Nexus 5X Build/MMB29P) AppleWebKit/537.36 (KHTML, like Gecko) Chrome/145.0.7632.116 Mobile Safari/537.36 (compatible; GoogleOther)"
49.51.203.164 - - [10/Mar/2026:18:59:07 +0000] "GET /?path=/home/aicaitedu HTTP/1.1" 200 12732 "-" "Mozilla/5.0 (iPhone; CPU iPhone OS 13_2_3 like Mac OS X) AppleWebKit/605.1.15 (KHTML, like Gecko) Version/13.0.3 Mobile/15E148 Safari/604.1"
66.249.68.71 - - [10/Mar/2026:19:00:08 +0000] "GET /f/C508726 HTTP/1.1" 200 58828 "-" "Mozilla/5.0 (Linux; Android 6.0.1; Nexus 5X Build/MMB29P) AppleWebKit/537.36 (KHTML, like Gecko) Chrome/145.0.7632.116 Mobile Safari/537.36 (compatible; Googlebot/2.1; +http://www.google.com/bot.html)"
85.208.98.23 - - [10/Mar/2026:19:00:28 +0000] "GET /robots.txt HTTP/1.1" 200 88 "-" "Mozilla/5.0 (compatible; SemrushBot-BA; +http://www.semrush.com/bot.html)"
85.208.98.20 - - [10/Mar/2026:19:01:14 +0000] "GET /fleshy-tissue-in-stool-k.html HTTP/1.1" 200 58828 "-" "Mozilla/5.0 (compatible; SemrushBot-BA; +http://www.semrush.com/bot.html)"
91.92.243.238 - - [10/Mar/2026:19:06:16 +0000] "POST /wp-login.php HTTP/1.1" 200 58828 "-" "Mozilla/5.0"
91.92.243.238 - - [10/Mar/2026:19:06:16 +0000] "POST /wp-login.php HTTP/1.1" 200 58828 "-" "Mozilla/5.0"
91.92.243.238 - - [10/Mar/2026:19:06:16 +0000] "POST /wp-login.php HTTP/1.1" 200 58828 "-" "Mozilla/5.0"
91.92.243.238 - - [10/Mar/2026:19:06:16 +0000] "POST /wp-login.php HTTP/1.1" 200 58828 "-" "Mozilla/5.0"
91.92.243.238 - - [10/Mar/2026:19:06:16 +0000] "POST /wp-login.php HTTP/1.1" 200 58828 "-" "Mozilla/5.0"
91.92.243.238 - - [10/Mar/2026:19:06:16 +0000] "POST /wp-login.php HTTP/1.1" 200 58828 "-" "Mozilla/5.0"
138.199.15.150 - - [10/Mar/2026:19:07:11 +0000] "GET / HTTP/1.1" 200 58828 "-" "-"
138.199.15.150 - - [10/Mar/2026:19:07:12 +0000] "GET /wordpress HTTP/1.1" 301 287 "-" "-"
138.199.15.150 - - [10/Mar/2026:19:07:12 +0000] "GET /wordpress/ HTTP/1.1" 403 58828 "-" "-"
138.199.15.150 - - [10/Mar/2026:19:07:14 +0000] "GET /wp-admin/setup-config.php HTTP/1.1" 409 2761 "-" "-"
138.199.15.150 - - [10/Mar/2026:19:07:15 +0000] "GET /wp-admin/install.php HTTP/1.1" 403 58828 "-" "-"
138.199.15.150 - - [10/Mar/2026:19:07:15 +0000] "GET /wp HTTP/1.1" 200 58828 "-" "-"
138.199.15.150 - - [10/Mar/2026:19:07:16 +0000] "GET /blog HTTP/1.1" 200 58828 "-" "-"
138.199.15.150 - - [10/Mar/2026:19:07:17 +0000] "GET /new HTTP/1.1" 200 58828 "-" "-"
138.199.15.150 - - [10/Mar/2026:19:07:18 +0000] "GET /old HTTP/1.1" 200 58828 "-" "-"
138.199.15.150 - - [10/Mar/2026:19:07:19 +0000] "GET /newsite HTTP/1.1" 200 58828 "-" "-"
138.199.15.150 - - [10/Mar/2026:19:07:20 +0000] "GET /test HTTP/1.1" 200 58828 "-" "-"
138.199.15.150 - - [10/Mar/2026:19:07:21 +0000] "GET /main HTTP/1.1" 200 58828 "-" "-"
138.199.15.150 - - [10/Mar/2026:19:07:22 +0000] "GET /testing HTTP/1.1" 200 58828 "-" "-"
138.199.15.150 - - [10/Mar/2026:19:07:23 +0000] "GET /site HTTP/1.1" 200 58828 "-" "-"
138.199.15.150 - - [10/Mar/2026:19:07:24 +0000] "GET /backup HTTP/1.1" 200 58828 "-" "-"
138.199.15.150 - - [10/Mar/2026:19:07:24 +0000] "GET /demo HTTP/1.1" 200 58828 "-" "-"
138.199.15.150 - - [10/Mar/2026:19:07:25 +0000] "GET /home HTTP/1.1" 200 58828 "-" "-"
138.199.15.150 - - [10/Mar/2026:19:07:26 +0000] "GET /tmp HTTP/1.1" 200 58828 "-" "-"
138.199.15.150 - - [10/Mar/2026:19:07:27 +0000] "GET /dev HTTP/1.1" 200 58828 "-" "-"
138.199.15.150 - - [10/Mar/2026:19:07:28 +0000] "GET /cms HTTP/1.1" 200 58828 "-" "-"
138.199.15.150 - - [10/Mar/2026:19:07:29 +0000] "GET /portal HTTP/1.1" 200 58828 "-" "-"
138.199.15.150 - - [10/Mar/2026:19:07:30 +0000] "GET /web HTTP/1.1" 200 58828 "-" "-"
85.208.98.23 - - [10/Mar/2026:19:08:35 +0000] "GET /robots.txt HTTP/1.1" 200 88 "-" "Mozilla/5.0 (compatible; SemrushBot-BA; +http://www.semrush.com/bot.html)"
85.208.98.16 - - [10/Mar/2026:19:08:56 +0000] "GET /ceiling-radiator-k.html HTTP/1.1" 200 58828 "-" "Mozilla/5.0 (compatible; SemrushBot-BA; +http://www.semrush.com/bot.html)"
85.208.98.23 - - [10/Mar/2026:19:08:57 +0000] "GET /robots.txt HTTP/1.1" 200 88 "-" "Mozilla/5.0 (compatible; SemrushBot-BA; +http://www.semrush.com/bot.html)"
85.208.98.19 - - [10/Mar/2026:19:08:57 +0000] "GET /home-theatre-room-price-k.html HTTP/1.1" 200 58828 "-" "Mozilla/5.0 (compatible; SemrushBot-BA; +http://www.semrush.com/bot.html)"
170.106.165.186 - - [10/Mar/2026:19:09:20 +0000] "GET /?path=//afs HTTP/1.1" 200 12685 "-" "Mozilla/5.0 (iPhone; CPU iPhone OS 13_2_3 like Mac OS X) AppleWebKit/605.1.15 (KHTML, like Gecko) Version/13.0.3 Mobile/15E148 Safari/604.1"
85.208.98.29 - - [10/Mar/2026:19:09:53 +0000] "GET /dice-merge-k.html HTTP/1.1" 200 58828 "-" "Mozilla/5.0 (compatible; SemrushBot-BA; +http://www.semrush.com/bot.html)"
85.208.98.23 - - [10/Mar/2026:19:11:12 +0000] "GET /robots.txt HTTP/1.1" 200 88 "-" "Mozilla/5.0 (compatible; SemrushBot-BA; +http://www.semrush.com/bot.html)"
85.208.98.31 - - [10/Mar/2026:19:11:44 +0000] "GET /kfc-bucket-deal-k.html HTTP/1.1" 200 58828 "-" "Mozilla/5.0 (compatible; SemrushBot-BA; +http://www.semrush.com/bot.html)"
85.208.98.23 - - [10/Mar/2026:19:14:59 +0000] "GET /robots.txt HTTP/1.1" 200 88 "-" "Mozilla/5.0 (compatible; SemrushBot-BA; +http://www.semrush.com/bot.html)"
85.208.98.24 - - [10/Mar/2026:19:15:15 +0000] "GET /henna-brow-brush-k.html HTTP/1.1" 200 58828 "-" "Mozilla/5.0 (compatible; SemrushBot-BA; +http://www.semrush.com/bot.html)"
85.208.98.23 - - [10/Mar/2026:19:16:08 +0000] "GET /robots.txt HTTP/1.1" 200 88 "-" "Mozilla/5.0 (compatible; SemrushBot-BA; +http://www.semrush.com/bot.html)"
85.208.98.24 - - [10/Mar/2026:19:16:25 +0000] "GET /loungewear-silk-k.html HTTP/1.1" 200 58828 "-" "Mozilla/5.0 (compatible; SemrushBot-BA; +http://www.semrush.com/bot.html)"
85.208.98.24 - - [10/Mar/2026:19:16:28 +0000] "GET /silk-pillow-case-k.html HTTP/1.1" 200 58828 "-" "Mozilla/5.0 (compatible; SemrushBot-BA; +http://www.semrush.com/bot.html)"
85.208.98.19 - - [10/Mar/2026:19:16:34 +0000] "GET /silk-beach-dress-k.html HTTP/1.1" 200 58828 "-" "Mozilla/5.0 (compatible; SemrushBot-BA; +http://www.semrush.com/bot.html)"
91.92.243.238 - - [10/Mar/2026:19:18:05 +0000] "POST /wp-login.php HTTP/1.1" 200 58828 "-" "Mozilla/5.0"
91.92.243.238 - - [10/Mar/2026:19:18:04 +0000] "POST /wp-login.php HTTP/1.1" 200 58828 "-" "Mozilla/5.0"
91.92.243.238 - - [10/Mar/2026:19:18:05 +0000] "POST /wp-login.php HTTP/1.1" 200 58828 "-" "Mozilla/5.0"
91.92.243.238 - - [10/Mar/2026:19:18:05 +0000] "POST /wp-login.php HTTP/1.1" 200 58828 "-" "Mozilla/5.0"
91.92.243.238 - - [10/Mar/2026:19:18:04 +0000] "POST /wp-login.php HTTP/1.1" 200 58828 "-" "Mozilla/5.0"
91.92.243.238 - - [10/Mar/2026:19:18:05 +0000] "POST /wp-login.php HTTP/1.1" 200 58828 "-" "Mozilla/5.0"
43.135.211.148 - - [10/Mar/2026:19:19:14 +0000] "GET /?path=/ HTTP/1.1" 200 43415 "-" "Mozilla/5.0 (iPhone; CPU iPhone OS 13_2_3 like Mac OS X) AppleWebKit/605.1.15 (KHTML, like Gecko) Version/13.0.3 Mobile/15E148 Safari/604.1"
66.249.68.70 - - [10/Mar/2026:19:22:47 +0000] "GET /book/0017622064.html HTTP/1.1" 200 58828 "-" "Mozilla/5.0 (Linux; Android 6.0.1; Nexus 5X Build/MMB29P) AppleWebKit/537.36 (KHTML, like Gecko) Chrome/145.0.7632.116 Mobile Safari/537.36 (compatible; Googlebot/2.1; +http://www.google.com/bot.html)"
132.148.128.8 - - [10/Mar/2026:19:25:00 +0000] "GET /.well-known/acme-challenge/WI19R5OAEIL-P89W6FNJV_0_UG9BYCG6 HTTP/1.1" 404 - "-" "Cpanel-HTTP-Client/1.0"
132.148.128.8 - - [10/Mar/2026:19:25:00 +0000] "GET /.well-known/acme-challenge/EFP33JMOXO4SAIOF9_SJWDHJPROM1VUP HTTP/1.1" 404 - "-" "Cpanel-HTTP-Client/1.0"
132.148.128.8 - - [10/Mar/2026:19:25:01 +0000] "GET /.well-known/acme-challenge/1FBSA096KW3FT5MXV9W0L9PABJSSSNI_ HTTP/1.1" 404 - "-" "Cpanel-HTTP-Client/1.0"
132.148.128.8 - - [10/Mar/2026:19:25:01 +0000] "GET /.well-known/acme-challenge/O1AICB8D1OFK5B6_5OO-QO7AH9PGPYKA HTTP/1.1" 404 - "-" "Cpanel-HTTP-Client/1.0"
172.31.32.34 - - [10/Mar/2026:19:25:02 +0000] "GET /.well-known/acme-challenge/RLH7X-T4259JVAJPVWEX8FVBB58ARK5A HTTP/1.1" 404 - "-" "Cpanel-HTTP-Client/1.0"
172.31.32.34 - - [10/Mar/2026:19:25:02 +0000] "GET /.well-known/acme-challenge/4VRVZK_7FGVWOBKVOR937W5N2RR4-VK1 HTTP/1.1" 404 - "-" "Cpanel-HTTP-Client/1.0"
172.31.32.34 - - [10/Mar/2026:19:25:03 +0000] "GET /.well-known/acme-challenge/UWZP-8JFFVYOK-I2Q95Q5CQUBK-8K3K5 HTTP/1.1" 404 - "-" "Cpanel-HTTP-Client/1.0"
172.31.32.34 - - [10/Mar/2026:19:25:04 +0000] "GET /.well-known/acme-challenge/ER52EO6S580FDKAGQ1CM42T1XX4UW3X- HTTP/1.1" 404 - "-" "Cpanel-HTTP-Client/1.0"
172.31.32.34 - - [10/Mar/2026:19:25:04 +0000] "GET /.well-known/acme-challenge/L6QCBMTA731NG2DK7LWX81JEJTKZFO79 HTTP/1.1" 404 - "-" "Cpanel-HTTP-Client/1.0"
34.239.197.197 - - [10/Mar/2026:19:26:03 +0000] "GET /unlock-the-thrills-of-staxino-casino-your-gateway/ HTTP/1.1" 200 58828 "-" "Mozilla/5.0 AppleWebKit/537.36 (KHTML, like Gecko; compatible; Amazonbot/0.1; +https://developer.amazon.com/support/amazonbot) Chrome/119.0.6045.214 Safari/537.36"
98.84.60.17 - - [10/Mar/2026:19:26:06 +0000] "GET /wp-json/wp/v2/posts/26605 HTTP/1.1" 200 58828 "-" "Mozilla/5.0 AppleWebKit/537.36 (KHTML, like Gecko; compatible; Amazonbot/0.1; +https://developer.amazon.com/support/amazonbot) Chrome/119.0.6045.214 Safari/537.36"
146.174.172.64 - - [10/Mar/2026:19:27:59 +0000] "GET /hello-world/ HTTP/1.1" 200 58828 "-" "Mozilla/5.0 (X11; Linux i686) AppleWebKit/535.1 (KHTML, like Gecko) Ubuntu/11.04 Chromium/14.0.825.0 Chrome/14.0.825.0 Safari/535.1"
85.208.98.23 - - [10/Mar/2026:19:29:17 +0000] "GET /robots.txt HTTP/1.1" 200 88 "-" "Mozilla/5.0 (compatible; SemrushBot-BA; +http://www.semrush.com/bot.html)"
85.208.98.23 - - [10/Mar/2026:19:29:40 +0000] "GET /robots.txt HTTP/1.1" 200 88 "-" "Mozilla/5.0 (compatible; SemrushBot-BA; +http://www.semrush.com/bot.html)"
91.92.243.238 - - [10/Mar/2026:19:29:52 +0000] "POST /wp-login.php HTTP/1.1" 200 58828 "-" "Mozilla/5.0"
91.92.243.238 - - [10/Mar/2026:19:29:52 +0000] "POST /wp-login.php HTTP/1.1" 200 58828 "-" "Mozilla/5.0"
91.92.243.238 - - [10/Mar/2026:19:29:52 +0000] "POST /wp-login.php HTTP/1.1" 200 58828 "-" "Mozilla/5.0"
91.92.243.238 - - [10/Mar/2026:19:29:52 +0000] "POST /wp-login.php HTTP/1.1" 200 58828 "-" "Mozilla/5.0"
91.92.243.238 - - [10/Mar/2026:19:29:52 +0000] "POST /wp-login.php HTTP/1.1" 200 58828 "-" "Mozilla/5.0"
91.92.243.238 - - [10/Mar/2026:19:29:52 +0000] "POST /wp-login.php HTTP/1.1" 200 58828 "-" "Mozilla/5.0"
85.208.98.22 - - [10/Mar/2026:19:30:28 +0000] "GET /2019-polo-interior-k.html HTTP/1.1" 200 58828 "-" "Mozilla/5.0 (compatible; SemrushBot-BA; +http://www.semrush.com/bot.html)"
85.208.98.23 - - [10/Mar/2026:19:30:38 +0000] "GET /robots.txt HTTP/1.1" 200 88 "-" "Mozilla/5.0 (compatible; SemrushBot-BA; +http://www.semrush.com/bot.html)"
85.208.98.31 - - [10/Mar/2026:19:32:23 +0000] "GET /2019-polo-r-line-k.html HTTP/1.1" 200 58828 "-" "Mozilla/5.0 (compatible; SemrushBot-BA; +http://www.semrush.com/bot.html)"
8.229.153.8 - - [10/Mar/2026:19:32:42 +0000] "HEAD /wordpress/ HTTP/1.1" 403 - "-" "Mozilla/5.0 (Linux; Android 14; RMX3842) AppleWebKit/537.36 (KHTML, like Gecko) Chrome/126.0.6478.44 Mobile Safari/537.36"
8.229.153.8 - - [10/Mar/2026:19:32:43 +0000] "HEAD /wp/ HTTP/1.1" 200 - "-" "Mozilla/5.0 (Windows NT 10.0; WOW64) AppleWebKit/537.36 (KHTML, like Gecko) Chrome/118.0.5993.90 Safari/537.36"
8.229.153.8 - - [10/Mar/2026:19:32:43 +0000] "HEAD / HTTP/1.1" 200 - "-" "Mozilla/5.0 (Windows NT 10.0; Win64; x64) AppleWebKit/537.36 (KHTML, like Gecko) Chrome/125.0.6422.112 Safari/537.36 Brave/1.63.120"
8.229.153.8 - - [10/Mar/2026:19:32:44 +0000] "HEAD /new/ HTTP/1.1" 200 - "-" "Mozilla/5.0 (X11; Linux x86_64; rv:127.0) Gecko/20100101 Firefox/127.0"
8.229.153.8 - - [10/Mar/2026:19:32:45 +0000] "HEAD /old/ HTTP/1.1" 200 - "-" "Mozilla/5.0 (Windows NT 10.0; Win64; x64) AppleWebKit/537.36 (KHTML, like Gecko) Chrome/125.0.6422.112 Safari/537.36 Brave/1.63.120"
8.229.153.8 - - [10/Mar/2026:19:32:45 +0000] "HEAD /backup/ HTTP/1.1" 200 - "-" "Mozilla/5.0 (Linux; Android 14; RMX3842) AppleWebKit/537.36 (KHTML, like Gecko) Chrome/126.0.6478.44 Mobile Safari/537.36"
8.229.153.8 - - [10/Mar/2026:19:32:46 +0000] "HEAD /blog/ HTTP/1.1" 200 - "-" "Mozilla/5.0 (Linux; Android 14; SM-A146P) AppleWebKit/537.36 (KHTML, like Gecko) SamsungBrowser/25.0 Chrome/123.0.6312.120 Mobile Safari/537.36"
85.208.98.22 - - [10/Mar/2026:19:33:46 +0000] "GET /kitchen-cabinets-k.html HTTP/1.1" 200 58828 "-" "Mozilla/5.0 (compatible; SemrushBot-BA; +http://www.semrush.com/bot.html)"
85.208.98.19 - - [10/Mar/2026:19:34:49 +0000] "GET /utensil-cabinet-drawer-k.html HTTP/1.1" 200 58828 "-" "Mozilla/5.0 (compatible; SemrushBot-BA; +http://www.semrush.com/bot.html)"
85.208.98.24 - - [10/Mar/2026:19:36:23 +0000] "GET /modern-cabinets-k.html HTTP/1.1" 200 58828 "-" "Mozilla/5.0 (compatible; SemrushBot-BA; +http://www.semrush.com/bot.html)"
34.106.39.37 - - [10/Mar/2026:19:37:20 +0000] "HEAD /wordpress/ HTTP/1.1" 403 - "-" "Mozilla/5.0 (Windows NT 11.0; Win64; x64) AppleWebKit/537.36 (KHTML, like Gecko) Edg/128.0.2790.25 Chrome/128.0.6540.22 Safari/537.36"
34.106.39.37 - - [10/Mar/2026:19:37:20 +0000] "HEAD /old/ HTTP/1.1" 200 - "-" "Mozilla/5.0 (Linux; Android 14; Xiaomi 14 Pro) AppleWebKit/537.36 (KHTML, like Gecko) Chrome/126.0.6478.33 Mobile Safari/537.36"
34.106.39.37 - - [10/Mar/2026:19:37:21 +0000] "HEAD /blog/ HTTP/1.1" 200 - "-" "Mozilla/5.0 (Windows NT 10.0; Win64; x64) AppleWebKit/537.36 (KHTML, like Gecko) Chrome/127.0.6534.42 Safari/537.36"
34.106.39.37 - - [10/Mar/2026:19:37:22 +0000] "HEAD /backup/ HTTP/1.1" 200 - "-" "Mozilla/5.0 (iPhone; CPU iPhone OS 17_5 like Mac OS X) AppleWebKit/605.1.15 (KHTML, like Gecko) Version/17.5 Mobile/15E148 Safari/604.1"
34.106.39.37 - - [10/Mar/2026:19:37:22 +0000] "HEAD / HTTP/1.1" 200 - "-" "Mozilla/5.0 (Windows NT 11.0; Win64; x64) AppleWebKit/537.36 (KHTML, like Gecko) Chrome/128.0.6540.18 Safari/537.36"
34.106.39.37 - - [10/Mar/2026:19:37:23 +0000] "HEAD /wp/ HTTP/1.1" 200 - "-" "Mozilla/5.0 (Linux; Android 11; moto g31) AppleWebKit/537.36 (KHTML, like Gecko) Chrome/122.0.6261.96 Mobile Safari/537.36"
34.106.39.37 - - [10/Mar/2026:19:37:24 +0000] "HEAD /new/ HTTP/1.1" 200 - "-" "Mozilla/5.0 (X11; Linux x86_64) AppleWebKit/537.36 (KHTML, like Gecko) Chrome/125.0.6422.76 Safari/537.36"
85.208.98.22 - - [10/Mar/2026:19:37:28 +0000] "GET /block-assets-k.html HTTP/1.1" 200 58828 "-" "Mozilla/5.0 (compatible; SemrushBot-BA; +http://www.semrush.com/bot.html)"
66.249.68.70 - - [10/Mar/2026:19:39:43 +0000] "GET /book/0016984196.html HTTP/1.1" 200 58828 "-" "Mozilla/5.0 (Linux; Android 6.0.1; Nexus 5X Build/MMB29P) AppleWebKit/537.36 (KHTML, like Gecko) Chrome/145.0.7632.116 Mobile Safari/537.36 (compatible; Googlebot/2.1; +http://www.google.com/bot.html)"
66.249.68.70 - - [10/Mar/2026:19:39:58 +0000] "GET /book/0016984196.html HTTP/1.1" 200 58828 "-" "Mozilla/5.0 (Linux; Android 6.0.1; Nexus 5X Build/MMB29P) AppleWebKit/537.36 (KHTML, like Gecko) Chrome/145.0.7632.116 Mobile Safari/537.36 (compatible; GoogleOther)"
85.208.98.23 - - [10/Mar/2026:19:40:17 +0000] "GET /robots.txt HTTP/1.1" 200 88 "-" "Mozilla/5.0 (compatible; SemrushBot-BA; +http://www.semrush.com/bot.html)"
85.208.98.29 - - [10/Mar/2026:19:40:41 +0000] "GET /kitchen-sink-symbolism-k.html HTTP/1.1" 200 58828 "-" "Mozilla/5.0 (compatible; SemrushBot-BA; +http://www.semrush.com/bot.html)"
85.208.98.23 - - [10/Mar/2026:19:40:58 +0000] "GET /robots.txt HTTP/1.1" 200 88 "-" "Mozilla/5.0 (compatible; SemrushBot-BA; +http://www.semrush.com/bot.html)"
91.92.243.238 - - [10/Mar/2026:19:41:42 +0000] "POST /wp-login.php HTTP/1.1" 200 58828 "-" "Mozilla/5.0"
91.92.243.238 - - [10/Mar/2026:19:41:42 +0000] "POST /wp-login.php HTTP/1.1" 200 58828 "-" "Mozilla/5.0"
91.92.243.238 - - [10/Mar/2026:19:41:42 +0000] "POST /wp-login.php HTTP/1.1" 200 58828 "-" "Mozilla/5.0"
91.92.243.238 - - [10/Mar/2026:19:41:42 +0000] "POST /wp-login.php HTTP/1.1" 200 58828 "-" "Mozilla/5.0"
91.92.243.238 - - [10/Mar/2026:19:41:42 +0000] "POST /wp-login.php HTTP/1.1" 200 58828 "-" "Mozilla/5.0"
91.92.243.238 - - [10/Mar/2026:19:41:42 +0000] "POST /wp-login.php HTTP/1.1" 200 58828 "-" "Mozilla/5.0"
85.208.98.22 - - [10/Mar/2026:19:42:07 +0000] "GET /freezer-reefer-k.html HTTP/1.1" 200 58828 "-" "Mozilla/5.0 (compatible; SemrushBot-BA; +http://www.semrush.com/bot.html)"
54.39.89.133 - - [10/Mar/2026:19:43:41 +0000] "GET /robots.txt HTTP/1.1" 200 88 "-" "Mozilla/5.0 (compatible; AhrefsBot/7.0; +http://ahrefs.com/robot/)"
15.235.96.123 - - [10/Mar/2026:19:43:56 +0000] "GET / HTTP/1.1" 200 58828 "-" "Mozilla/5.0 (compatible; AhrefsBot/7.0; +http://ahrefs.com/robot/)"
52.45.92.83 - - [10/Mar/2026:19:44:03 +0000] "GET /svela-i-segreti-di-chicken-road-un-gioco-in-stile/feed/ HTTP/1.1" 200 58828 "-" "Mozilla/5.0 AppleWebKit/537.36 (KHTML, like Gecko; compatible; Amazonbot/0.1; +https://developer.amazon.com/support/amazonbot) Chrome/119.0.6045.214 Safari/537.36"
66.249.68.70 - - [10/Mar/2026:19:44:42 +0000] "GET /f/N443479 HTTP/1.1" 200 58828 "-" "Mozilla/5.0 (Linux; Android 6.0.1; Nexus 5X Build/MMB29P) AppleWebKit/537.36 (KHTML, like Gecko) Chrome/145.0.7632.116 Mobile Safari/537.36 (compatible; Googlebot/2.1; +http://www.google.com/bot.html)"
66.249.68.70 - - [10/Mar/2026:19:47:26 +0000] "GET /book/0017553900.html HTTP/1.1" 200 58828 "-" "Mozilla/5.0 (Linux; Android 6.0.1; Nexus 5X Build/MMB29P) AppleWebKit/537.36 (KHTML, like Gecko) Chrome/145.0.7632.116 Mobile Safari/537.36 (compatible; Googlebot/2.1; +http://www.google.com/bot.html)"
66.249.68.70 - - [10/Mar/2026:19:47:41 +0000] "GET /book/0017553900.html HTTP/1.1" 200 58828 "-" "Mozilla/5.0 (Linux; Android 6.0.1; Nexus 5X Build/MMB29P) AppleWebKit/537.36 (KHTML, like Gecko) Chrome/145.0.7632.116 Mobile Safari/537.36 (compatible; GoogleOther)"
66.249.68.70 - - [10/Mar/2026:19:48:56 +0000] "GET /194512219719891.html HTTP/1.1" 200 58828 "-" "Mozilla/5.0 (Linux; Android 6.0.1; Nexus 5X Build/MMB29P) AppleWebKit/537.36 (KHTML, like Gecko) Chrome/145.0.7632.116 Mobile Safari/537.36 (compatible; GoogleOther)"
66.249.68.64 - - [10/Mar/2026:19:49:11 +0000] "GET /194512219719891.html HTTP/1.1" 200 58828 "-" "Mozilla/5.0 (Linux; Android 6.0.1; Nexus 5X Build/MMB29P) AppleWebKit/537.36 (KHTML, like Gecko) Chrome/145.0.7632.116 Mobile Safari/537.36 (compatible; Googlebot/2.1; +http://www.google.com/bot.html)"
85.208.98.23 - - [10/Mar/2026:19:49:28 +0000] "GET /robots.txt HTTP/1.1" 200 88 "-" "Mozilla/5.0 (compatible; SemrushBot-BA; +http://www.semrush.com/bot.html)"
85.208.98.16 - - [10/Mar/2026:19:51:02 +0000] "GET /marantz-av-k.html HTTP/1.1" 200 58828 "-" "Mozilla/5.0 (compatible; SemrushBot-BA; +http://www.semrush.com/bot.html)"
91.92.243.238 - - [10/Mar/2026:19:53:22 +0000] "POST /wp-login.php HTTP/1.1" 200 58828 "-" "Mozilla/5.0"
91.92.243.238 - - [10/Mar/2026:19:53:22 +0000] "POST /wp-login.php HTTP/1.1" 200 58828 "-" "Mozilla/5.0"
91.92.243.238 - - [10/Mar/2026:19:53:22 +0000] "POST /wp-login.php HTTP/1.1" 200 58828 "-" "Mozilla/5.0"
91.92.243.238 - - [10/Mar/2026:19:53:22 +0000] "POST /wp-login.php HTTP/1.1" 200 58828 "-" "Mozilla/5.0"
91.92.243.238 - - [10/Mar/2026:19:53:22 +0000] "POST /wp-login.php HTTP/1.1" 200 58828 "-" "Mozilla/5.0"
91.92.243.238 - - [10/Mar/2026:19:53:22 +0000] "POST /wp-login.php HTTP/1.1" 200 58828 "-" "Mozilla/5.0"
66.249.68.70 - - [10/Mar/2026:19:55:23 +0000] "GET /f/S1457224 HTTP/1.1" 200 58828 "-" "Mozilla/5.0 (Linux; Android 6.0.1; Nexus 5X Build/MMB29P) AppleWebKit/537.36 (KHTML, like Gecko) Chrome/145.0.7632.116 Mobile Safari/537.36 (compatible; Googlebot/2.1; +http://www.google.com/bot.html)"
85.208.98.23 - - [10/Mar/2026:19:56:20 +0000] "GET /robots.txt HTTP/1.1" 200 88 "-" "Mozilla/5.0 (compatible; SemrushBot-BA; +http://www.semrush.com/bot.html)"
85.208.98.16 - - [10/Mar/2026:19:56:43 +0000] "GET /flipflop-slides-k.html HTTP/1.1" 200 58828 "-" "Mozilla/5.0 (compatible; SemrushBot-BA; +http://www.semrush.com/bot.html)"
