85.208.98.23 - - [11/Mar/2026:02:59:49 +0000] "GET /robots.txt HTTP/1.1" 200 417 "-" "Mozilla/5.0 (compatible; SemrushBot-BA; +http://www.semrush.com/bot.html)"
85.208.98.23 - - [11/Mar/2026:03:00:00 +0000] "GET /robots.txt HTTP/1.1" 200 417 "-" "Mozilla/5.0 (compatible; SemrushBot-BA; +http://www.semrush.com/bot.html)"
204.12.228.50 - - [11/Mar/2026:02:58:42 +0000] "GET /wp-content/imd685fa/edit.php?id=318100 HTTP/1.1" 200 - "http://azamsportsacademy.com/wp-content/imd685fa/edit.php?id=318100" "Mozilla/5.0 (Windows NT 10.0; Win64; x64) AppleWebKit/537.36 (KHTML, like Gecko) Chrome/58.0.3029.110 Safari/537.3"
204.12.228.50 - - [11/Mar/2026:02:58:43 +0000] "GET /wp-includes/js698bd7/index.php?id=713982 HTTP/1.1" 200 - "http://azamsportsacademy.com/wp-includes/js698bd7/index.php?id=713982" "Mozilla/5.0 (Windows NT 10.0; Win64; x64) AppleWebKit/537.36 (KHTML, like Gecko) Chrome/58.0.3029.110 Safari/537.3"
204.12.228.50 - - [11/Mar/2026:02:58:43 +0000] "GET /wp-includes/pld685fa/edit.php?id=198300 HTTP/1.1" 200 - "http://azamsportsacademy.com/wp-includes/pld685fa/edit.php?id=198300" "Mozilla/5.0 (Windows NT 10.0; Win64; x64) AppleWebKit/537.36 (KHTML, like Gecko) Chrome/58.0.3029.110 Safari/537.3"
85.208.98.24 - - [11/Mar/2026:03:00:23 +0000] "GET /15w40-ck4-k.html HTTP/1.1" 200 82655 "-" "Mozilla/5.0 (compatible; SemrushBot-BA; +http://www.semrush.com/bot.html)"
85.208.98.19 - - [11/Mar/2026:03:00:30 +0000] "GET /transaxle-oil-k.html HTTP/1.1" 200 82655 "-" "Mozilla/5.0 (compatible; SemrushBot-BA; +http://www.semrush.com/bot.html)"
206.189.105.13 - - [11/Mar/2026:03:00:34 +0000] "GET / HTTP/1.1" 200 82655 "-" "Mozilla/5.0 (X11; Linux x86_64) AppleWebKit/537.36 (KHTML, like Gecko) Chrome/142.0.0.0 Safari/537.36"
173.208.148.34 - - [11/Mar/2026:03:00:39 +0000] "GET /index.php?params=1 HTTP/1.1" 200 82655 "-" "Mozilla/5.0 (Windows NT 10.0; Win64; x64) AppleWebKit/537.36 (KHTML, like Gecko) Chrome/131.0.0.0 Safari/537.36"
85.208.98.23 - - [11/Mar/2026:03:01:42 +0000] "GET /robots.txt HTTP/1.1" 200 417 "-" "Mozilla/5.0 (compatible; SemrushBot-BA; +http://www.semrush.com/bot.html)"
204.12.228.50 - - [11/Mar/2026:03:00:18 +0000] "GET /wp-includes/js698bd7/index.php?id=713982 HTTP/1.1" 200 - "http://azamsportsacademy.com/wp-includes/js698bd7/index.php?id=713982" "Mozilla/5.0 (Windows NT 10.0; Win64; x64) AppleWebKit/537.36 (KHTML, like Gecko) Chrome/58.0.3029.110 Safari/537.3"
204.12.228.50 - - [11/Mar/2026:03:00:18 +0000] "GET /wp-content/imd685fa/edit.php?id=318100 HTTP/1.1" 200 - "http://azamsportsacademy.com/wp-content/imd685fa/edit.php?id=318100" "Mozilla/5.0 (Windows NT 10.0; Win64; x64) AppleWebKit/537.36 (KHTML, like Gecko) Chrome/58.0.3029.110 Safari/537.3"
204.12.228.50 - - [11/Mar/2026:03:00:25 +0000] "GET /wp-includes/pld685fa/edit.php?id=198300 HTTP/1.1" 200 - "http://azamsportsacademy.com/wp-includes/pld685fa/edit.php?id=198300" "Mozilla/5.0 (Windows NT 10.0; Win64; x64) AppleWebKit/537.36 (KHTML, like Gecko) Chrome/58.0.3029.110 Safari/537.3"
85.208.98.20 - - [11/Mar/2026:03:02:07 +0000] "GET /f/Y3188039 HTTP/1.1" 200 82655 "-" "Mozilla/5.0 (compatible; SemrushBot-BA; +http://www.semrush.com/bot.html)"
85.208.98.20 - - [11/Mar/2026:03:02:09 +0000] "GET /kdrama-lipstick-k.html HTTP/1.1" 200 82655 "-" "Mozilla/5.0 (compatible; SemrushBot-BA; +http://www.semrush.com/bot.html)"
204.12.228.50 - - [11/Mar/2026:03:02:03 +0000] "GET /wp-content/imd685fa/edit.php?id=318100 HTTP/1.1" 200 - "http://azamsportsacademy.com/wp-content/imd685fa/edit.php?id=318100" "Mozilla/5.0 (Windows NT 10.0; Win64; x64) AppleWebKit/537.36 (KHTML, like Gecko) Chrome/58.0.3029.110 Safari/537.3"
204.12.228.50 - - [11/Mar/2026:03:02:03 +0000] "GET /wp-includes/js698bd7/index.php?id=713982 HTTP/1.1" 200 - "http://azamsportsacademy.com/wp-includes/js698bd7/index.php?id=713982" "Mozilla/5.0 (Windows NT 10.0; Win64; x64) AppleWebKit/537.36 (KHTML, like Gecko) Chrome/58.0.3029.110 Safari/537.3"
85.208.98.22 - - [11/Mar/2026:03:03:07 +0000] "GET /photoframe-k.html HTTP/1.1" 200 82655 "-" "Mozilla/5.0 (compatible; SemrushBot-BA; +http://www.semrush.com/bot.html)"
85.208.98.19 - - [11/Mar/2026:03:03:08 +0000] "GET /new-photo-frame-k.html HTTP/1.1" 200 82655 "-" "Mozilla/5.0 (compatible; SemrushBot-BA; +http://www.semrush.com/bot.html)"
204.12.228.50 - - [11/Mar/2026:03:02:11 +0000] "GET /wp-includes/pld685fa/edit.php?id=198300 HTTP/1.1" 200 - "http://azamsportsacademy.com/wp-includes/pld685fa/edit.php?id=198300" "Mozilla/5.0 (Windows NT 10.0; Win64; x64) AppleWebKit/537.36 (KHTML, like Gecko) Chrome/58.0.3029.110 Safari/537.3"
85.208.98.24 - - [11/Mar/2026:03:03:51 +0000] "GET /best-photo-frame-k.html HTTP/1.1" 200 82655 "-" "Mozilla/5.0 (compatible; SemrushBot-BA; +http://www.semrush.com/bot.html)"
204.12.228.50 - - [11/Mar/2026:03:03:45 +0000] "GET /wp-content/imd685fa/edit.php?id=318100 HTTP/1.1" 200 - "http://azamsportsacademy.com/wp-content/imd685fa/edit.php?id=318100" "Mozilla/5.0 (Windows NT 10.0; Win64; x64) AppleWebKit/537.36 (KHTML, like Gecko) Chrome/58.0.3029.110 Safari/537.3"
204.12.228.50 - - [11/Mar/2026:03:03:46 +0000] "GET /wp-includes/js698bd7/index.php?id=713982 HTTP/1.1" 200 - "http://azamsportsacademy.com/wp-includes/js698bd7/index.php?id=713982" "Mozilla/5.0 (Windows NT 10.0; Win64; x64) AppleWebKit/537.36 (KHTML, like Gecko) Chrome/58.0.3029.110 Safari/537.3"
85.208.98.23 - - [11/Mar/2026:03:06:31 +0000] "GET /robots.txt HTTP/1.1" 200 417 "-" "Mozilla/5.0 (compatible; SemrushBot-BA; +http://www.semrush.com/bot.html)"
204.12.228.50 - - [11/Mar/2026:03:04:23 +0000] "GET /wp-includes/pld685fa/edit.php?id=198300 HTTP/1.1" 200 - "http://azamsportsacademy.com/wp-includes/pld685fa/edit.php?id=198300" "Mozilla/5.0 (Windows NT 10.0; Win64; x64) AppleWebKit/537.36 (KHTML, like Gecko) Chrome/58.0.3029.110 Safari/537.3"
91.92.243.238 - - [11/Mar/2026:03:05:52 +0000] "POST /wp-login.php HTTP/1.1" 200 82655 "-" "Mozilla/5.0"
91.92.243.238 - - [11/Mar/2026:03:05:52 +0000] "POST /wp-login.php HTTP/1.1" 200 82655 "-" "Mozilla/5.0"
91.92.243.238 - - [11/Mar/2026:03:05:52 +0000] "POST /wp-login.php HTTP/1.1" 200 82655 "-" "Mozilla/5.0"
91.92.243.238 - - [11/Mar/2026:03:05:52 +0000] "POST /wp-login.php HTTP/1.1" 200 82655 "-" "Mozilla/5.0"
91.92.243.238 - - [11/Mar/2026:03:05:52 +0000] "POST /wp-login.php HTTP/1.1" 200 82655 "-" "Mozilla/5.0"
91.92.243.238 - - [11/Mar/2026:03:05:52 +0000] "POST /wp-login.php HTTP/1.1" 200 82655 "-" "Mozilla/5.0"
204.12.228.50 - - [11/Mar/2026:03:05:32 +0000] "GET /wp-content/imd685fa/edit.php?id=318100 HTTP/1.1" 200 - "http://azamsportsacademy.com/wp-content/imd685fa/edit.php?id=318100" "Mozilla/5.0 (Windows NT 10.0; Win64; x64) AppleWebKit/537.36 (KHTML, like Gecko) Chrome/58.0.3029.110 Safari/537.3"
204.12.228.50 - - [11/Mar/2026:03:05:56 +0000] "GET /wp-includes/js698bd7/index.php?id=713982 HTTP/1.1" 200 - "http://azamsportsacademy.com/wp-includes/js698bd7/index.php?id=713982" "Mozilla/5.0 (Windows NT 10.0; Win64; x64) AppleWebKit/537.36 (KHTML, like Gecko) Chrome/58.0.3029.110 Safari/537.3"
204.12.228.50 - - [11/Mar/2026:03:07:04 +0000] "GET /wp-includes/pld685fa/edit.php?id=198300 HTTP/1.1" 200 - "http://azamsportsacademy.com/wp-includes/pld685fa/edit.php?id=198300" "Mozilla/5.0 (Windows NT 10.0; Win64; x64) AppleWebKit/537.36 (KHTML, like Gecko) Chrome/58.0.3029.110 Safari/537.3"
85.208.98.22 - - [11/Mar/2026:03:07:33 +0000] "GET /mexican-sides-k.html HTTP/1.1" 200 82655 "-" "Mozilla/5.0 (compatible; SemrushBot-BA; +http://www.semrush.com/bot.html)"
85.208.98.20 - - [11/Mar/2026:03:07:35 +0000] "GET /dinner-air-fryer-k.html HTTP/1.1" 200 82655 "-" "Mozilla/5.0 (compatible; SemrushBot-BA; +http://www.semrush.com/bot.html)"
204.12.228.50 - - [11/Mar/2026:03:07:32 +0000] "GET /wp-content/imd685fa/edit.php?id=318100 HTTP/1.1" 200 - "http://azamsportsacademy.com/wp-content/imd685fa/edit.php?id=318100" "Mozilla/5.0 (Windows NT 10.0; Win64; x64) AppleWebKit/537.36 (KHTML, like Gecko) Chrome/58.0.3029.110 Safari/537.3"
204.12.228.50 - - [11/Mar/2026:03:08:54 +0000] "GET /wp-includes/js698bd7/index.php?id=713982 HTTP/1.1" 200 - "http://azamsportsacademy.com/wp-includes/js698bd7/index.php?id=713982" "Mozilla/5.0 (Windows NT 10.0; Win64; x64) AppleWebKit/537.36 (KHTML, like Gecko) Chrome/58.0.3029.110 Safari/537.3"
204.12.228.50 - - [11/Mar/2026:03:09:07 +0000] "GET /wp-includes/pld685fa/edit.php?id=198300 HTTP/1.1" 200 - "http://azamsportsacademy.com/wp-includes/pld685fa/edit.php?id=198300" "Mozilla/5.0 (Windows NT 10.0; Win64; x64) AppleWebKit/537.36 (KHTML, like Gecko) Chrome/58.0.3029.110 Safari/537.3"
85.208.98.23 - - [11/Mar/2026:03:13:11 +0000] "GET /robots.txt HTTP/1.1" 200 417 "-" "Mozilla/5.0 (compatible; SemrushBot-BA; +http://www.semrush.com/bot.html)"
204.12.228.50 - - [11/Mar/2026:03:10:45 +0000] "GET /wp-content/imd685fa/edit.php?id=318100 HTTP/1.1" 200 - "http://azamsportsacademy.com/wp-content/imd685fa/edit.php?id=318100" "Mozilla/5.0 (Windows NT 10.0; Win64; x64) AppleWebKit/537.36 (KHTML, like Gecko) Chrome/58.0.3029.110 Safari/537.3"
204.12.228.50 - - [11/Mar/2026:03:11:23 +0000] "GET /wp-includes/js698bd7/index.php?id=713982 HTTP/1.1" 200 - "http://azamsportsacademy.com/wp-includes/js698bd7/index.php?id=713982" "Mozilla/5.0 (Windows NT 10.0; Win64; x64) AppleWebKit/537.36 (KHTML, like Gecko) Chrome/58.0.3029.110 Safari/537.3"
204.12.228.50 - - [11/Mar/2026:03:12:03 +0000] "GET /wp-includes/pld685fa/edit.php?id=198300 HTTP/1.1" 200 - "http://azamsportsacademy.com/wp-includes/pld685fa/edit.php?id=198300" "Mozilla/5.0 (Windows NT 10.0; Win64; x64) AppleWebKit/537.36 (KHTML, like Gecko) Chrome/58.0.3029.110 Safari/537.3"
85.208.98.23 - - [11/Mar/2026:03:17:46 +0000] "GET /robots.txt HTTP/1.1" 200 417 "-" "Mozilla/5.0 (compatible; SemrushBot-BA; +http://www.semrush.com/bot.html)"
85.208.98.23 - - [11/Mar/2026:03:21:16 +0000] "GET /robots.txt HTTP/1.1" 200 417 "-" "Mozilla/5.0 (compatible; SemrushBot-BA; +http://www.semrush.com/bot.html)"
85.208.98.16 - - [11/Mar/2026:03:17:25 +0000] "GET /honda-crv-k.html HTTP/1.1" 200 82655 "-" "Mozilla/5.0 (compatible; SemrushBot-BA; +http://www.semrush.com/bot.html)"
91.92.243.238 - - [11/Mar/2026:03:17:37 +0000] "POST /wp-login.php HTTP/1.1" 200 8192 "-" "Mozilla/5.0"
91.92.243.238 - - [11/Mar/2026:03:17:37 +0000] "POST /wp-login.php HTTP/1.1" 200 8192 "-" "Mozilla/5.0"
91.92.243.238 - - [11/Mar/2026:03:17:37 +0000] "POST /wp-login.php HTTP/1.1" 200 8192 "-" "Mozilla/5.0"
91.92.243.238 - - [11/Mar/2026:03:17:37 +0000] "POST /wp-login.php HTTP/1.1" 200 8192 "-" "Mozilla/5.0"
91.92.243.238 - - [11/Mar/2026:03:17:37 +0000] "POST /wp-login.php HTTP/1.1" 200 8192 "-" "Mozilla/5.0"
91.92.243.238 - - [11/Mar/2026:03:17:37 +0000] "POST /wp-login.php HTTP/1.1" 200 8192 "-" "Mozilla/5.0"
85.208.98.29 - - [11/Mar/2026:03:18:32 +0000] "GET /singlet-top-k.html HTTP/1.1" 200 82655 "-" "Mozilla/5.0 (compatible; SemrushBot-BA; +http://www.semrush.com/bot.html)"
85.208.98.19 - - [11/Mar/2026:03:21:44 +0000] "GET /pregnancy-test-kit-use-k.html HTTP/1.1" 200 82655 "-" "Mozilla/5.0 (compatible; SemrushBot-BA; +http://www.semrush.com/bot.html)"
85.208.98.24 - - [11/Mar/2026:03:21:49 +0000] "GET /hcg-pregnancy-test-strip-k.html HTTP/1.1" 200 82655 "-" "Mozilla/5.0 (compatible; SemrushBot-BA; +http://www.semrush.com/bot.html)"
85.208.98.24 - - [11/Mar/2026:03:22:00 +0000] "GET /pregnancy-strip-k.html HTTP/1.1" 200 82655 "-" "Mozilla/5.0 (compatible; SemrushBot-BA; +http://www.semrush.com/bot.html)"
85.208.98.22 - - [11/Mar/2026:03:22:02 +0000] "GET /lh-surge-pregnancy-test-k.html HTTP/1.1" 200 82655 "-" "Mozilla/5.0 (compatible; SemrushBot-BA; +http://www.semrush.com/bot.html)"
85.208.98.24 - - [11/Mar/2026:03:22:08 +0000] "GET /express-pregnancy-test-k.html HTTP/1.1" 200 82655 "-" "Mozilla/5.0 (compatible; SemrushBot-BA; +http://www.semrush.com/bot.html)"
85.208.98.24 - - [11/Mar/2026:03:22:14 +0000] "GET /pregnancy-test-guide-k.html HTTP/1.1" 200 82655 "-" "Mozilla/5.0 (compatible; SemrushBot-BA; +http://www.semrush.com/bot.html)"
85.208.98.23 - - [11/Mar/2026:03:23:45 +0000] "GET /robots.txt HTTP/1.1" 200 417 "-" "Mozilla/5.0 (compatible; SemrushBot-BA; +http://www.semrush.com/bot.html)"
204.12.228.50 - - [11/Mar/2026:03:20:44 +0000] "GET /wp-content/imd685fa/edit.php?id=318100 HTTP/1.1" 200 - "http://azamsportsacademy.com/wp-content/imd685fa/edit.php?id=318100" "Mozilla/5.0 (Windows NT 10.0; Win64; x64) AppleWebKit/537.36 (KHTML, like Gecko) Chrome/58.0.3029.110 Safari/537.3"
204.12.228.50 - - [11/Mar/2026:03:21:00 +0000] "GET /wp-includes/js698bd7/index.php?id=713982 HTTP/1.1" 200 - "http://azamsportsacademy.com/wp-includes/js698bd7/index.php?id=713982" "Mozilla/5.0 (Windows NT 10.0; Win64; x64) AppleWebKit/537.36 (KHTML, like Gecko) Chrome/58.0.3029.110 Safari/537.3"
85.208.98.23 - - [11/Mar/2026:03:23:59 +0000] "GET /robots.txt HTTP/1.1" 200 417 "-" "Mozilla/5.0 (compatible; SemrushBot-BA; +http://www.semrush.com/bot.html)"
204.12.228.50 - - [11/Mar/2026:03:22:18 +0000] "GET /wp-includes/pld685fa/edit.php?id=198300 HTTP/1.1" 200 - "http://azamsportsacademy.com/wp-includes/pld685fa/edit.php?id=198300" "Mozilla/5.0 (Windows NT 10.0; Win64; x64) AppleWebKit/537.36 (KHTML, like Gecko) Chrome/58.0.3029.110 Safari/537.3"
85.208.98.19 - - [11/Mar/2026:03:23:59 +0000] "GET /f/G811387 HTTP/1.1" 200 82655 "-" "Mozilla/5.0 (compatible; SemrushBot-BA; +http://www.semrush.com/bot.html)"
85.208.98.29 - - [11/Mar/2026:03:24:01 +0000] "GET /oil-drum-storage-k.html HTTP/1.1" 200 82655 "-" "Mozilla/5.0 (compatible; SemrushBot-BA; +http://www.semrush.com/bot.html)"
85.208.98.19 - - [11/Mar/2026:03:24:24 +0000] "GET /body-jewelry-for-you-k.html HTTP/1.1" 200 82655 "-" "Mozilla/5.0 (compatible; SemrushBot-BA; +http://www.semrush.com/bot.html)"
85.208.98.19 - - [11/Mar/2026:03:24:25 +0000] "GET /body-jewelry-nose-ring-k.html HTTP/1.1" 200 82655 "-" "Mozilla/5.0 (compatible; SemrushBot-BA; +http://www.semrush.com/bot.html)"
85.208.98.24 - - [11/Mar/2026:03:24:34 +0000] "GET /onyx-necklace-womens-k.html HTTP/1.1" 200 82655 "-" "Mozilla/5.0 (compatible; SemrushBot-BA; +http://www.semrush.com/bot.html)"
85.208.98.31 - - [11/Mar/2026:03:24:35 +0000] "GET /f/P3138622 HTTP/1.1" 200 82655 "-" "Mozilla/5.0 (compatible; SemrushBot-BA; +http://www.semrush.com/bot.html)"
85.208.98.24 - - [11/Mar/2026:03:24:41 +0000] "GET /nose-piercings-k.html HTTP/1.1" 200 82655 "-" "Mozilla/5.0 (compatible; SemrushBot-BA; +http://www.semrush.com/bot.html)"
85.208.98.29 - - [11/Mar/2026:03:24:43 +0000] "GET /hoop-dangle-belly-ring-k.html HTTP/1.1" 200 82655 "-" "Mozilla/5.0 (compatible; SemrushBot-BA; +http://www.semrush.com/bot.html)"
204.12.228.50 - - [11/Mar/2026:03:23:53 +0000] "GET /wp-includes/js698bd7/index.php?id=713982 HTTP/1.1" 200 - "http://azamsportsacademy.com/wp-includes/js698bd7/index.php?id=713982" "Mozilla/5.0 (Windows NT 10.0; Win64; x64) AppleWebKit/537.36 (KHTML, like Gecko) Chrome/58.0.3029.110 Safari/537.3"
204.12.228.50 - - [11/Mar/2026:03:23:52 +0000] "GET /wp-content/imd685fa/edit.php?id=318100 HTTP/1.1" 200 - "http://azamsportsacademy.com/wp-content/imd685fa/edit.php?id=318100" "Mozilla/5.0 (Windows NT 10.0; Win64; x64) AppleWebKit/537.36 (KHTML, like Gecko) Chrome/58.0.3029.110 Safari/537.3"
85.208.98.23 - - [11/Mar/2026:03:25:27 +0000] "GET /robots.txt HTTP/1.1" 200 417 "-" "Mozilla/5.0 (compatible; SemrushBot-BA; +http://www.semrush.com/bot.html)"
204.12.228.50 - - [11/Mar/2026:03:24:12 +0000] "GET /wp-includes/pld685fa/edit.php?id=198300 HTTP/1.1" 200 - "http://azamsportsacademy.com/wp-includes/pld685fa/edit.php?id=198300" "Mozilla/5.0 (Windows NT 10.0; Win64; x64) AppleWebKit/537.36 (KHTML, like Gecko) Chrome/58.0.3029.110 Safari/537.3"
85.208.98.31 - - [11/Mar/2026:03:25:43 +0000] "GET /oak-tallboy-k.html HTTP/1.1" 200 82655 "-" "Mozilla/5.0 (compatible; SemrushBot-BA; +http://www.semrush.com/bot.html)"
85.208.98.23 - - [11/Mar/2026:03:26:35 +0000] "GET /robots.txt HTTP/1.1" 200 417 "-" "Mozilla/5.0 (compatible; SemrushBot-BA; +http://www.semrush.com/bot.html)"
204.12.228.50 - - [11/Mar/2026:03:25:25 +0000] "GET /wp-includes/js698bd7/index.php?id=713982 HTTP/1.1" 200 - "http://azamsportsacademy.com/wp-includes/js698bd7/index.php?id=713982" "Mozilla/5.0 (Windows NT 10.0; Win64; x64) AppleWebKit/537.36 (KHTML, like Gecko) Chrome/58.0.3029.110 Safari/537.3"
204.12.228.50 - - [11/Mar/2026:03:25:26 +0000] "GET /wp-content/imd685fa/edit.php?id=318100 HTTP/1.1" 200 - "http://azamsportsacademy.com/wp-content/imd685fa/edit.php?id=318100" "Mozilla/5.0 (Windows NT 10.0; Win64; x64) AppleWebKit/537.36 (KHTML, like Gecko) Chrome/58.0.3029.110 Safari/537.3"
85.208.98.19 - - [11/Mar/2026:03:27:00 +0000] "GET /maxi-shop-k.html HTTP/1.1" 200 82655 "-" "Mozilla/5.0 (compatible; SemrushBot-BA; +http://www.semrush.com/bot.html)"
85.208.98.31 - - [11/Mar/2026:03:27:02 +0000] "GET /pink-knit-sweater-k.html HTTP/1.1" 200 82655 "-" "Mozilla/5.0 (compatible; SemrushBot-BA; +http://www.semrush.com/bot.html)"
204.12.228.50 - - [11/Mar/2026:03:15:01 +0000] "GET /wp-content/imd685fa/edit.php?id=318100 HTTP/1.1" 504 82655 "http://azamsportsacademy.com/wp-content/imd685fa/edit.php?id=318100" "Mozilla/5.0 (Windows NT 10.0; Win64; x64) AppleWebKit/537.36 (KHTML, like Gecko) Chrome/58.0.3029.110 Safari/537.3"
85.208.98.23 - - [11/Mar/2026:03:27:18 +0000] "GET /robots.txt HTTP/1.1" 200 417 "-" "Mozilla/5.0 (compatible; SemrushBot-BA; +http://www.semrush.com/bot.html)"
204.12.228.50 - - [11/Mar/2026:03:15:50 +0000] "GET /wp-includes/js698bd7/index.php?id=713982 HTTP/1.1" 504 82655 "http://azamsportsacademy.com/wp-includes/js698bd7/index.php?id=713982" "Mozilla/5.0 (Windows NT 10.0; Win64; x64) AppleWebKit/537.36 (KHTML, like Gecko) Chrome/58.0.3029.110 Safari/537.3"
204.12.228.50 - - [11/Mar/2026:03:25:47 +0000] "GET /wp-includes/pld685fa/edit.php?id=198300 HTTP/1.1" 200 - "http://azamsportsacademy.com/wp-includes/pld685fa/edit.php?id=198300" "Mozilla/5.0 (Windows NT 10.0; Win64; x64) AppleWebKit/537.36 (KHTML, like Gecko) Chrome/58.0.3029.110 Safari/537.3"
85.208.98.22 - - [11/Mar/2026:03:27:12 +0000] "GET /cream-cropped-jumper-womens-k.html HTTP/1.1" 200 82655 "-" "Mozilla/5.0 (compatible; SemrushBot-BA; +http://www.semrush.com/bot.html)"
85.208.98.20 - - [11/Mar/2026:03:27:12 +0000] "GET /hurley-swimsuits-k.html HTTP/1.1" 200 82655 "-" "Mozilla/5.0 (compatible; SemrushBot-BA; +http://www.semrush.com/bot.html)"
204.12.228.50 - - [11/Mar/2026:03:16:31 +0000] "GET /wp-includes/pld685fa/edit.php?id=198300 HTTP/1.1" 504 82655 "http://azamsportsacademy.com/wp-includes/pld685fa/edit.php?id=198300" "Mozilla/5.0 (Windows NT 10.0; Win64; x64) AppleWebKit/537.36 (KHTML, like Gecko) Chrome/58.0.3029.110 Safari/537.3"
204.12.228.50 - - [11/Mar/2026:03:27:03 +0000] "GET /wp-includes/js698bd7/index.php?id=713982 HTTP/1.1" 200 - "http://azamsportsacademy.com/wp-includes/js698bd7/index.php?id=713982" "Mozilla/5.0 (Windows NT 10.0; Win64; x64) AppleWebKit/537.36 (KHTML, like Gecko) Chrome/58.0.3029.110 Safari/537.3"
204.12.228.50 - - [11/Mar/2026:03:27:03 +0000] "GET /wp-content/imd685fa/edit.php?id=318100 HTTP/1.1" 200 - "http://azamsportsacademy.com/wp-content/imd685fa/edit.php?id=318100" "Mozilla/5.0 (Windows NT 10.0; Win64; x64) AppleWebKit/537.36 (KHTML, like Gecko) Chrome/58.0.3029.110 Safari/537.3"
85.208.98.24 - - [11/Mar/2026:03:27:35 +0000] "GET /blue-halter-dress-k.html HTTP/1.1" 200 82655 "-" "Mozilla/5.0 (compatible; SemrushBot-BA; +http://www.semrush.com/bot.html)"
85.208.98.16 - - [11/Mar/2026:03:27:36 +0000] "GET /22-skort-k.html HTTP/1.1" 200 82655 "-" "Mozilla/5.0 (compatible; SemrushBot-BA; +http://www.semrush.com/bot.html)"
85.208.98.24 - - [11/Mar/2026:03:27:58 +0000] "GET /pink-maxi-dress-k.html HTTP/1.1" 200 82655 "-" "Mozilla/5.0 (compatible; SemrushBot-BA; +http://www.semrush.com/bot.html)"
85.208.98.16 - - [11/Mar/2026:03:27:59 +0000] "GET /black-mini-dress-k.html HTTP/1.1" 200 82655 "-" "Mozilla/5.0 (compatible; SemrushBot-BA; +http://www.semrush.com/bot.html)"
85.208.98.29 - - [11/Mar/2026:03:28:16 +0000] "GET /floral-bra-top-k.html HTTP/1.1" 200 82655 "-" "Mozilla/5.0 (compatible; SemrushBot-BA; +http://www.semrush.com/bot.html)"
85.208.98.31 - - [11/Mar/2026:03:28:18 +0000] "GET /womens-pink-sweater-k.html HTTP/1.1" 200 82655 "-" "Mozilla/5.0 (compatible; SemrushBot-BA; +http://www.semrush.com/bot.html)"
85.208.98.20 - - [11/Mar/2026:03:28:32 +0000] "GET /blue-ruffle-pillow-k.html HTTP/1.1" 200 82655 "-" "Mozilla/5.0 (compatible; SemrushBot-BA; +http://www.semrush.com/bot.html)"
85.208.98.22 - - [11/Mar/2026:03:28:33 +0000] "GET /white-maxi-dress-fitted-k.html HTTP/1.1" 200 82655 "-" "Mozilla/5.0 (compatible; SemrushBot-BA; +http://www.semrush.com/bot.html)"
204.12.228.50 - - [11/Mar/2026:03:27:24 +0000] "GET /wp-includes/pld685fa/edit.php?id=198300 HTTP/1.1" 200 - "http://azamsportsacademy.com/wp-includes/pld685fa/edit.php?id=198300" "Mozilla/5.0 (Windows NT 10.0; Win64; x64) AppleWebKit/537.36 (KHTML, like Gecko) Chrome/58.0.3029.110 Safari/537.3"
66.249.68.64 - - [11/Mar/2026:03:28:42 +0000] "GET /kyrlqp/yphbjx-c.html HTTP/1.1" 200 266 "-" "Mozilla/5.0 (Linux; Android 6.0.1; Nexus 5X Build/MMB29P) AppleWebKit/537.36 (KHTML, like Gecko) Chrome/145.0.7632.116 Mobile Safari/537.36 (compatible; GoogleOther)"
85.208.98.19 - - [11/Mar/2026:03:28:47 +0000] "GET /cropped-white-knit-sweater-k.html HTTP/1.1" 200 82655 "-" "Mozilla/5.0 (compatible; SemrushBot-BA; +http://www.semrush.com/bot.html)"
85.208.98.22 - - [11/Mar/2026:03:28:48 +0000] "GET /nutmeg-playsuit-k.html HTTP/1.1" 200 82655 "-" "Mozilla/5.0 (compatible; SemrushBot-BA; +http://www.semrush.com/bot.html)"
192.232.48.25 - - [11/Mar/2026:03:28:49 +0000] "GET /wp-json/wp/v2/posts HTTP/1.1" 200 82655 "-" "Mozilla/5.0 (Windows NT 10.0; Win64; x64) AppleWebKit/537.36 (KHTML, like Gecko) Chrome/120.0.0.0 Safari/537.36"
85.208.98.23 - - [11/Mar/2026:03:29:50 +0000] "GET /robots.txt HTTP/1.1" 200 417 "-" "Mozilla/5.0 (compatible; SemrushBot-BA; +http://www.semrush.com/bot.html)"
204.12.228.50 - - [11/Mar/2026:03:28:35 +0000] "GET /wp-includes/js698bd7/index.php?id=713982 HTTP/1.1" 200 - "http://azamsportsacademy.com/wp-includes/js698bd7/index.php?id=713982" "Mozilla/5.0 (Windows NT 10.0; Win64; x64) AppleWebKit/537.36 (KHTML, like Gecko) Chrome/58.0.3029.110 Safari/537.3"
66.249.68.64 - - [11/Mar/2026:03:29:00 +0000] "GET /kyrlqp/yphbjx-c.html HTTP/1.1" 200 266 "-" "Mozilla/5.0 (Linux; Android 6.0.1; Nexus 5X Build/MMB29P) AppleWebKit/537.36 (KHTML, like Gecko) Chrome/145.0.7632.116 Mobile Safari/537.36 (compatible; Googlebot/2.1; +http://www.google.com/bot.html)"
204.12.228.50 - - [11/Mar/2026:03:28:37 +0000] "GET /wp-content/imd685fa/edit.php?id=318100 HTTP/1.1" 200 - "http://azamsportsacademy.com/wp-content/imd685fa/edit.php?id=318100" "Mozilla/5.0 (Windows NT 10.0; Win64; x64) AppleWebKit/537.36 (KHTML, like Gecko) Chrome/58.0.3029.110 Safari/537.3"
85.208.98.31 - - [11/Mar/2026:03:29:01 +0000] "GET /f/U810751 HTTP/1.1" 200 82655 "-" "Mozilla/5.0 (compatible; SemrushBot-BA; +http://www.semrush.com/bot.html)"
85.208.98.20 - - [11/Mar/2026:03:29:02 +0000] "GET /maxi-and-midi-dresses-k.html HTTP/1.1" 200 82655 "-" "Mozilla/5.0 (compatible; SemrushBot-BA; +http://www.semrush.com/bot.html)"
91.92.243.238 - - [11/Mar/2026:03:29:21 +0000] "POST /wp-login.php HTTP/1.1" 200 82655 "-" "Mozilla/5.0"
91.92.243.238 - - [11/Mar/2026:03:29:21 +0000] "POST /wp-login.php HTTP/1.1" 200 82655 "-" "Mozilla/5.0"
91.92.243.238 - - [11/Mar/2026:03:29:21 +0000] "POST /wp-login.php HTTP/1.1" 200 82655 "-" "Mozilla/5.0"
91.92.243.238 - - [11/Mar/2026:03:29:21 +0000] "POST /wp-login.php HTTP/1.1" 200 82655 "-" "Mozilla/5.0"
91.92.243.238 - - [11/Mar/2026:03:29:21 +0000] "POST /wp-login.php HTTP/1.1" 200 82655 "-" "Mozilla/5.0"
91.92.243.238 - - [11/Mar/2026:03:29:21 +0000] "POST /wp-login.php HTTP/1.1" 200 82655 "-" "Mozilla/5.0"
204.12.228.50 - - [11/Mar/2026:03:29:00 +0000] "GET /wp-includes/pld685fa/edit.php?id=198300 HTTP/1.1" 200 - "http://azamsportsacademy.com/wp-includes/pld685fa/edit.php?id=198300" "Mozilla/5.0 (Windows NT 10.0; Win64; x64) AppleWebKit/537.36 (KHTML, like Gecko) Chrome/58.0.3029.110 Safari/537.3"
85.208.98.16 - - [11/Mar/2026:03:30:07 +0000] "GET /pram-bag-clips-k.html HTTP/1.1" 200 82655 "-" "Mozilla/5.0 (compatible; SemrushBot-BA; +http://www.semrush.com/bot.html)"
204.12.228.50 - - [11/Mar/2026:03:30:23 +0000] "GET /wp-includes/js698bd7/index.php?id=713982 HTTP/1.1" 200 - "http://azamsportsacademy.com/wp-includes/js698bd7/index.php?id=713982" "Mozilla/5.0 (Windows NT 10.0; Win64; x64) AppleWebKit/537.36 (KHTML, like Gecko) Chrome/58.0.3029.110 Safari/537.3"
204.12.228.50 - - [11/Mar/2026:03:30:24 +0000] "GET /wp-content/imd685fa/edit.php?id=318100 HTTP/1.1" 200 - "http://azamsportsacademy.com/wp-content/imd685fa/edit.php?id=318100" "Mozilla/5.0 (Windows NT 10.0; Win64; x64) AppleWebKit/537.36 (KHTML, like Gecko) Chrome/58.0.3029.110 Safari/537.3"
204.12.228.50 - - [11/Mar/2026:03:30:40 +0000] "GET /wp-includes/pld685fa/edit.php?id=198300 HTTP/1.1" 200 - "http://azamsportsacademy.com/wp-includes/pld685fa/edit.php?id=198300" "Mozilla/5.0 (Windows NT 10.0; Win64; x64) AppleWebKit/537.36 (KHTML, like Gecko) Chrome/58.0.3029.110 Safari/537.3"
85.208.98.23 - - [11/Mar/2026:03:32:38 +0000] "GET /robots.txt HTTP/1.1" 200 417 "-" "Mozilla/5.0 (compatible; SemrushBot-BA; +http://www.semrush.com/bot.html)"
204.12.228.50 - - [11/Mar/2026:03:32:18 +0000] "GET /wp-content/imd685fa/edit.php?id=318100 HTTP/1.1" 200 - "http://azamsportsacademy.com/wp-content/imd685fa/edit.php?id=318100" "Mozilla/5.0 (Windows NT 10.0; Win64; x64) AppleWebKit/537.36 (KHTML, like Gecko) Chrome/58.0.3029.110 Safari/537.3"
204.12.228.50 - - [11/Mar/2026:03:32:16 +0000] "GET /wp-includes/js698bd7/index.php?id=713982 HTTP/1.1" 200 - "http://azamsportsacademy.com/wp-includes/js698bd7/index.php?id=713982" "Mozilla/5.0 (Windows NT 10.0; Win64; x64) AppleWebKit/537.36 (KHTML, like Gecko) Chrome/58.0.3029.110 Safari/537.3"
204.12.228.50 - - [11/Mar/2026:03:32:22 +0000] "GET /wp-includes/pld685fa/edit.php?id=198300 HTTP/1.1" 200 - "http://azamsportsacademy.com/wp-includes/pld685fa/edit.php?id=198300" "Mozilla/5.0 (Windows NT 10.0; Win64; x64) AppleWebKit/537.36 (KHTML, like Gecko) Chrome/58.0.3029.110 Safari/537.3"
85.208.98.22 - - [11/Mar/2026:03:33:00 +0000] "GET /lipstick-clutch-k.html HTTP/1.1" 200 82655 "-" "Mozilla/5.0 (compatible; SemrushBot-BA; +http://www.semrush.com/bot.html)"
85.208.98.31 - - [11/Mar/2026:03:33:02 +0000] "GET /clock-purse-k.html HTTP/1.1" 200 82655 "-" "Mozilla/5.0 (compatible; SemrushBot-BA; +http://www.semrush.com/bot.html)"
204.12.228.50 - - [11/Mar/2026:03:34:09 +0000] "GET /wp-includes/pld685fa/edit.php?id=198300 HTTP/1.1" 200 - "http://azamsportsacademy.com/wp-includes/pld685fa/edit.php?id=198300" "Mozilla/5.0 (Windows NT 10.0; Win64; x64) AppleWebKit/537.36 (KHTML, like Gecko) Chrome/58.0.3029.110 Safari/537.3"
204.12.228.50 - - [11/Mar/2026:03:34:07 +0000] "GET /wp-content/imd685fa/edit.php?id=318100 HTTP/1.1" 200 - "http://azamsportsacademy.com/wp-content/imd685fa/edit.php?id=318100" "Mozilla/5.0 (Windows NT 10.0; Win64; x64) AppleWebKit/537.36 (KHTML, like Gecko) Chrome/58.0.3029.110 Safari/537.3"
204.12.228.50 - - [11/Mar/2026:03:34:08 +0000] "GET /wp-includes/js698bd7/index.php?id=713982 HTTP/1.1" 200 - "http://azamsportsacademy.com/wp-includes/js698bd7/index.php?id=713982" "Mozilla/5.0 (Windows NT 10.0; Win64; x64) AppleWebKit/537.36 (KHTML, like Gecko) Chrome/58.0.3029.110 Safari/537.3"
85.208.98.31 - - [11/Mar/2026:03:34:31 +0000] "GET /large-canvas-tote-bags-k.html HTTP/1.1" 200 82655 "-" "Mozilla/5.0 (compatible; SemrushBot-BA; +http://www.semrush.com/bot.html)"
85.208.98.23 - - [11/Mar/2026:03:37:01 +0000] "GET /robots.txt HTTP/1.1" 200 417 "-" "Mozilla/5.0 (compatible; SemrushBot-BA; +http://www.semrush.com/bot.html)"
204.12.228.50 - - [11/Mar/2026:03:35:59 +0000] "GET /wp-includes/js698bd7/index.php?id=713982 HTTP/1.1" 200 - "http://azamsportsacademy.com/wp-includes/js698bd7/index.php?id=713982" "Mozilla/5.0 (Windows NT 10.0; Win64; x64) AppleWebKit/537.36 (KHTML, like Gecko) Chrome/58.0.3029.110 Safari/537.3"
204.12.228.50 - - [11/Mar/2026:03:36:01 +0000] "GET /wp-includes/pld685fa/edit.php?id=198300 HTTP/1.1" 200 - "http://azamsportsacademy.com/wp-includes/pld685fa/edit.php?id=198300" "Mozilla/5.0 (Windows NT 10.0; Win64; x64) AppleWebKit/537.36 (KHTML, like Gecko) Chrome/58.0.3029.110 Safari/537.3"
204.12.228.50 - - [11/Mar/2026:03:35:58 +0000] "GET /wp-content/imd685fa/edit.php?id=318100 HTTP/1.1" 200 - "http://azamsportsacademy.com/wp-content/imd685fa/edit.php?id=318100" "Mozilla/5.0 (Windows NT 10.0; Win64; x64) AppleWebKit/537.36 (KHTML, like Gecko) Chrome/58.0.3029.110 Safari/537.3"
204.12.228.50 - - [11/Mar/2026:03:37:36 +0000] "GET /wp-includes/js698bd7/index.php?id=713982 HTTP/1.1" 200 - "http://azamsportsacademy.com/wp-includes/js698bd7/index.php?id=713982" "Mozilla/5.0 (Windows NT 10.0; Win64; x64) AppleWebKit/537.36 (KHTML, like Gecko) Chrome/58.0.3029.110 Safari/537.3"
204.12.228.50 - - [11/Mar/2026:03:37:37 +0000] "GET /wp-content/imd685fa/edit.php?id=318100 HTTP/1.1" 200 - "http://azamsportsacademy.com/wp-content/imd685fa/edit.php?id=318100" "Mozilla/5.0 (Windows NT 10.0; Win64; x64) AppleWebKit/537.36 (KHTML, like Gecko) Chrome/58.0.3029.110 Safari/537.3"
85.208.98.22 - - [11/Mar/2026:03:37:38 +0000] "GET /bell-radiation-k.html HTTP/1.1" 200 82655 "-" "Mozilla/5.0 (compatible; SemrushBot-BA; +http://www.semrush.com/bot.html)"
204.12.228.50 - - [11/Mar/2026:03:37:36 +0000] "GET /wp-includes/pld685fa/edit.php?id=198300 HTTP/1.1" 200 - "http://azamsportsacademy.com/wp-includes/pld685fa/edit.php?id=198300" "Mozilla/5.0 (Windows NT 10.0; Win64; x64) AppleWebKit/537.36 (KHTML, like Gecko) Chrome/58.0.3029.110 Safari/537.3"
204.12.228.50 - - [11/Mar/2026:03:39:11 +0000] "GET /wp-includes/js698bd7/index.php?id=713982 HTTP/1.1" 200 - "http://azamsportsacademy.com/wp-includes/js698bd7/index.php?id=713982" "Mozilla/5.0 (Windows NT 10.0; Win64; x64) AppleWebKit/537.36 (KHTML, like Gecko) Chrome/58.0.3029.110 Safari/537.3"
204.12.228.50 - - [11/Mar/2026:03:39:11 +0000] "GET /wp-content/imd685fa/edit.php?id=318100 HTTP/1.1" 200 - "http://azamsportsacademy.com/wp-content/imd685fa/edit.php?id=318100" "Mozilla/5.0 (Windows NT 10.0; Win64; x64) AppleWebKit/537.36 (KHTML, like Gecko) Chrome/58.0.3029.110 Safari/537.3"
204.12.228.50 - - [11/Mar/2026:03:39:12 +0000] "GET /wp-includes/pld685fa/edit.php?id=198300 HTTP/1.1" 200 - "http://azamsportsacademy.com/wp-includes/pld685fa/edit.php?id=198300" "Mozilla/5.0 (Windows NT 10.0; Win64; x64) AppleWebKit/537.36 (KHTML, like Gecko) Chrome/58.0.3029.110 Safari/537.3"
85.208.98.23 - - [11/Mar/2026:03:41:08 +0000] "GET /robots.txt HTTP/1.1" 200 417 "-" "Mozilla/5.0 (compatible; SemrushBot-BA; +http://www.semrush.com/bot.html)"
85.208.98.23 - - [11/Mar/2026:03:41:17 +0000] "GET /robots.txt HTTP/1.1" 200 417 "-" "Mozilla/5.0 (compatible; SemrushBot-BA; +http://www.semrush.com/bot.html)"
204.12.228.50 - - [11/Mar/2026:03:40:47 +0000] "GET /wp-content/imd685fa/edit.php?id=318100 HTTP/1.1" 200 - "http://azamsportsacademy.com/wp-content/imd685fa/edit.php?id=318100" "Mozilla/5.0 (Windows NT 10.0; Win64; x64) AppleWebKit/537.36 (KHTML, like Gecko) Chrome/58.0.3029.110 Safari/537.3"
204.12.228.50 - - [11/Mar/2026:03:40:47 +0000] "GET /wp-includes/pld685fa/edit.php?id=198300 HTTP/1.1" 200 - "http://azamsportsacademy.com/wp-includes/pld685fa/edit.php?id=198300" "Mozilla/5.0 (Windows NT 10.0; Win64; x64) AppleWebKit/537.36 (KHTML, like Gecko) Chrome/58.0.3029.110 Safari/537.3"
204.12.228.50 - - [11/Mar/2026:03:40:47 +0000] "GET /wp-includes/js698bd7/index.php?id=713982 HTTP/1.1" 200 - "http://azamsportsacademy.com/wp-includes/js698bd7/index.php?id=713982" "Mozilla/5.0 (Windows NT 10.0; Win64; x64) AppleWebKit/537.36 (KHTML, like Gecko) Chrome/58.0.3029.110 Safari/537.3"
91.92.243.238 - - [11/Mar/2026:03:41:10 +0000] "POST /wp-login.php HTTP/1.1" 200 82655 "-" "Mozilla/5.0"
91.92.243.238 - - [11/Mar/2026:03:41:10 +0000] "POST /wp-login.php HTTP/1.1" 200 82655 "-" "Mozilla/5.0"
91.92.243.238 - - [11/Mar/2026:03:41:10 +0000] "POST /wp-login.php HTTP/1.1" 200 82655 "-" "Mozilla/5.0"
91.92.243.238 - - [11/Mar/2026:03:41:10 +0000] "POST /wp-login.php HTTP/1.1" 200 82655 "-" "Mozilla/5.0"
91.92.243.238 - - [11/Mar/2026:03:41:10 +0000] "POST /wp-login.php HTTP/1.1" 200 82655 "-" "Mozilla/5.0"
91.92.243.238 - - [11/Mar/2026:03:41:10 +0000] "POST /wp-login.php HTTP/1.1" 200 82655 "-" "Mozilla/5.0"
85.208.98.16 - - [11/Mar/2026:03:41:41 +0000] "GET /slime-battery-charger-k.html HTTP/1.1" 200 82655 "-" "Mozilla/5.0 (compatible; SemrushBot-BA; +http://www.semrush.com/bot.html)"
85.208.98.29 - - [11/Mar/2026:03:42:06 +0000] "GET /knife-for-beef-k.html HTTP/1.1" 200 82655 "-" "Mozilla/5.0 (compatible; SemrushBot-BA; +http://www.semrush.com/bot.html)"
204.12.228.50 - - [11/Mar/2026:03:42:25 +0000] "GET /wp-content/imd685fa/edit.php?id=318100 HTTP/1.1" 200 - "http://azamsportsacademy.com/wp-content/imd685fa/edit.php?id=318100" "Mozilla/5.0 (Windows NT 10.0; Win64; x64) AppleWebKit/537.36 (KHTML, like Gecko) Chrome/58.0.3029.110 Safari/537.3"
204.12.228.50 - - [11/Mar/2026:03:42:27 +0000] "GET /wp-includes/pld685fa/edit.php?id=198300 HTTP/1.1" 200 - "http://azamsportsacademy.com/wp-includes/pld685fa/edit.php?id=198300" "Mozilla/5.0 (Windows NT 10.0; Win64; x64) AppleWebKit/537.36 (KHTML, like Gecko) Chrome/58.0.3029.110 Safari/537.3"
204.12.228.50 - - [11/Mar/2026:03:42:28 +0000] "GET /wp-includes/js698bd7/index.php?id=713982 HTTP/1.1" 200 - "http://azamsportsacademy.com/wp-includes/js698bd7/index.php?id=713982" "Mozilla/5.0 (Windows NT 10.0; Win64; x64) AppleWebKit/537.36 (KHTML, like Gecko) Chrome/58.0.3029.110 Safari/537.3"
85.208.98.23 - - [11/Mar/2026:03:44:02 +0000] "GET /robots.txt HTTP/1.1" 200 417 "-" "Mozilla/5.0 (compatible; SemrushBot-BA; +http://www.semrush.com/bot.html)"
51.75.236.128 - - [11/Mar/2026:03:43:24 +0000] "GET /sitemap.xml HTTP/1.1" 200 266 "-" "Mozilla/5.0 (compatible; AhrefsBot/7.0; +http://ahrefs.com/robot/)"
204.12.228.50 - - [11/Mar/2026:03:44:01 +0000] "GET /wp-content/imd685fa/edit.php?id=318100 HTTP/1.1" 200 - "http://azamsportsacademy.com/wp-content/imd685fa/edit.php?id=318100" "Mozilla/5.0 (Windows NT 10.0; Win64; x64) AppleWebKit/537.36 (KHTML, like Gecko) Chrome/58.0.3029.110 Safari/537.3"
204.12.228.50 - - [11/Mar/2026:03:44:03 +0000] "GET /wp-includes/js698bd7/index.php?id=713982 HTTP/1.1" 200 - "http://azamsportsacademy.com/wp-includes/js698bd7/index.php?id=713982" "Mozilla/5.0 (Windows NT 10.0; Win64; x64) AppleWebKit/537.36 (KHTML, like Gecko) Chrome/58.0.3029.110 Safari/537.3"
204.12.228.50 - - [11/Mar/2026:03:44:02 +0000] "GET /wp-includes/pld685fa/edit.php?id=198300 HTTP/1.1" 200 - "http://azamsportsacademy.com/wp-includes/pld685fa/edit.php?id=198300" "Mozilla/5.0 (Windows NT 10.0; Win64; x64) AppleWebKit/537.36 (KHTML, like Gecko) Chrome/58.0.3029.110 Safari/537.3"
85.208.98.22 - - [11/Mar/2026:03:44:25 +0000] "GET /f/G2564345 HTTP/1.1" 200 82655 "-" "Mozilla/5.0 (compatible; SemrushBot-BA; +http://www.semrush.com/bot.html)"
66.249.68.71 - - [11/Mar/2026:03:45:43 +0000] "GET /search?category=1018&search_word= HTTP/1.1" 200 266 "-" "Mozilla/5.0 (Linux; Android 6.0.1; Nexus 5X Build/MMB29P) AppleWebKit/537.36 (KHTML, like Gecko) Chrome/145.0.7632.116 Mobile Safari/537.36 (compatible; Googlebot/2.1; +http://www.google.com/bot.html)"
204.12.228.50 - - [11/Mar/2026:03:45:42 +0000] "GET /wp-content/imd685fa/edit.php?id=318100 HTTP/1.1" 200 - "http://azamsportsacademy.com/wp-content/imd685fa/edit.php?id=318100" "Mozilla/5.0 (Windows NT 10.0; Win64; x64) AppleWebKit/537.36 (KHTML, like Gecko) Chrome/58.0.3029.110 Safari/537.3"
204.12.228.50 - - [11/Mar/2026:03:45:44 +0000] "GET /wp-includes/js698bd7/index.php?id=713982 HTTP/1.1" 200 - "http://azamsportsacademy.com/wp-includes/js698bd7/index.php?id=713982" "Mozilla/5.0 (Windows NT 10.0; Win64; x64) AppleWebKit/537.36 (KHTML, like Gecko) Chrome/58.0.3029.110 Safari/537.3"
204.12.228.50 - - [11/Mar/2026:03:45:44 +0000] "GET /wp-includes/pld685fa/edit.php?id=198300 HTTP/1.1" 200 - "http://azamsportsacademy.com/wp-includes/pld685fa/edit.php?id=198300" "Mozilla/5.0 (Windows NT 10.0; Win64; x64) AppleWebKit/537.36 (KHTML, like Gecko) Chrome/58.0.3029.110 Safari/537.3"
85.208.98.23 - - [11/Mar/2026:03:48:18 +0000] "GET /robots.txt HTTP/1.1" 200 417 "-" "Mozilla/5.0 (compatible; SemrushBot-BA; +http://www.semrush.com/bot.html)"
204.12.228.50 - - [11/Mar/2026:03:47:29 +0000] "GET /wp-includes/js698bd7/index.php?id=713982 HTTP/1.1" 200 - "http://azamsportsacademy.com/wp-includes/js698bd7/index.php?id=713982" "Mozilla/5.0 (Windows NT 10.0; Win64; x64) AppleWebKit/537.36 (KHTML, like Gecko) Chrome/58.0.3029.110 Safari/537.3"
204.12.228.50 - - [11/Mar/2026:03:47:25 +0000] "GET /wp-content/imd685fa/edit.php?id=318100 HTTP/1.1" 200 - "http://azamsportsacademy.com/wp-content/imd685fa/edit.php?id=318100" "Mozilla/5.0 (Windows NT 10.0; Win64; x64) AppleWebKit/537.36 (KHTML, like Gecko) Chrome/58.0.3029.110 Safari/537.3"
204.12.228.50 - - [11/Mar/2026:03:47:30 +0000] "GET /wp-includes/pld685fa/edit.php?id=198300 HTTP/1.1" 200 - "http://azamsportsacademy.com/wp-includes/pld685fa/edit.php?id=198300" "Mozilla/5.0 (Windows NT 10.0; Win64; x64) AppleWebKit/537.36 (KHTML, like Gecko) Chrome/58.0.3029.110 Safari/537.3"
85.208.98.31 - - [11/Mar/2026:03:48:47 +0000] "GET /clutch-america-k.html HTTP/1.1" 200 82655 "-" "Mozilla/5.0 (compatible; SemrushBot-BA; +http://www.semrush.com/bot.html)"
204.12.228.50 - - [11/Mar/2026:03:49:10 +0000] "GET /wp-includes/pld685fa/edit.php?id=198300 HTTP/1.1" 200 - "http://azamsportsacademy.com/wp-includes/pld685fa/edit.php?id=198300" "Mozilla/5.0 (Windows NT 10.0; Win64; x64) AppleWebKit/537.36 (KHTML, like Gecko) Chrome/58.0.3029.110 Safari/537.3"
204.12.228.50 - - [11/Mar/2026:03:49:09 +0000] "GET /wp-content/imd685fa/edit.php?id=318100 HTTP/1.1" 200 - "http://azamsportsacademy.com/wp-content/imd685fa/edit.php?id=318100" "Mozilla/5.0 (Windows NT 10.0; Win64; x64) AppleWebKit/537.36 (KHTML, like Gecko) Chrome/58.0.3029.110 Safari/537.3"
204.12.228.50 - - [11/Mar/2026:03:49:09 +0000] "GET /wp-includes/js698bd7/index.php?id=713982 HTTP/1.1" 200 - "http://azamsportsacademy.com/wp-includes/js698bd7/index.php?id=713982" "Mozilla/5.0 (Windows NT 10.0; Win64; x64) AppleWebKit/537.36 (KHTML, like Gecko) Chrome/58.0.3029.110 Safari/537.3"
85.208.98.23 - - [11/Mar/2026:03:51:23 +0000] "GET /robots.txt HTTP/1.1" 200 417 "-" "Mozilla/5.0 (compatible; SemrushBot-BA; +http://www.semrush.com/bot.html)"
204.12.228.50 - - [11/Mar/2026:03:50:56 +0000] "GET /wp-content/imd685fa/edit.php?id=318100 HTTP/1.1" 200 - "http://azamsportsacademy.com/wp-content/imd685fa/edit.php?id=318100" "Mozilla/5.0 (Windows NT 10.0; Win64; x64) AppleWebKit/537.36 (KHTML, like Gecko) Chrome/58.0.3029.110 Safari/537.3"
204.12.228.50 - - [11/Mar/2026:03:50:57 +0000] "GET /wp-includes/js698bd7/index.php?id=713982 HTTP/1.1" 200 - "http://azamsportsacademy.com/wp-includes/js698bd7/index.php?id=713982" "Mozilla/5.0 (Windows NT 10.0; Win64; x64) AppleWebKit/537.36 (KHTML, like Gecko) Chrome/58.0.3029.110 Safari/537.3"
204.12.228.50 - - [11/Mar/2026:03:50:56 +0000] "GET /wp-includes/pld685fa/edit.php?id=198300 HTTP/1.1" 200 - "http://azamsportsacademy.com/wp-includes/pld685fa/edit.php?id=198300" "Mozilla/5.0 (Windows NT 10.0; Win64; x64) AppleWebKit/537.36 (KHTML, like Gecko) Chrome/58.0.3029.110 Safari/537.3"
85.208.98.19 - - [11/Mar/2026:03:51:43 +0000] "GET /f/B2563586 HTTP/1.1" 200 82655 "-" "Mozilla/5.0 (compatible; SemrushBot-BA; +http://www.semrush.com/bot.html)"
85.208.98.29 - - [11/Mar/2026:03:51:42 +0000] "GET /industrial-compressor-k.html HTTP/1.1" 200 82655 "-" "Mozilla/5.0 (compatible; SemrushBot-BA; +http://www.semrush.com/bot.html)"
85.208.98.19 - - [11/Mar/2026:03:52:15 +0000] "GET /screw-compressor-price-k.html HTTP/1.1" 200 82655 "-" "Mozilla/5.0 (compatible; SemrushBot-BA; +http://www.semrush.com/bot.html)"
85.208.98.18 - - [11/Mar/2026:03:53:14 +0000] "GET /robots.txt HTTP/1.1" 200 417 "-" "Mozilla/5.0 (compatible; SemrushBot; +http://www.semrush.com/bot.html)"
85.208.98.23 - - [11/Mar/2026:03:54:32 +0000] "GET /robots.txt HTTP/1.1" 200 417 "-" "Mozilla/5.0 (compatible; SemrushBot-BA; +http://www.semrush.com/bot.html)"
204.12.228.50 - - [11/Mar/2026:03:52:48 +0000] "GET /wp-content/imd685fa/edit.php?id=318100 HTTP/1.1" 200 - "http://azamsportsacademy.com/wp-content/imd685fa/edit.php?id=318100" "Mozilla/5.0 (Windows NT 10.0; Win64; x64) AppleWebKit/537.36 (KHTML, like Gecko) Chrome/58.0.3029.110 Safari/537.3"
204.12.228.50 - - [11/Mar/2026:03:52:47 +0000] "GET /wp-includes/js698bd7/index.php?id=713982 HTTP/1.1" 200 - "http://azamsportsacademy.com/wp-includes/js698bd7/index.php?id=713982" "Mozilla/5.0 (Windows NT 10.0; Win64; x64) AppleWebKit/537.36 (KHTML, like Gecko) Chrome/58.0.3029.110 Safari/537.3"
204.12.228.50 - - [11/Mar/2026:03:52:48 +0000] "GET /wp-includes/pld685fa/edit.php?id=198300 HTTP/1.1" 200 - "http://azamsportsacademy.com/wp-includes/pld685fa/edit.php?id=198300" "Mozilla/5.0 (Windows NT 10.0; Win64; x64) AppleWebKit/537.36 (KHTML, like Gecko) Chrome/58.0.3029.110 Safari/537.3"
91.92.243.238 - - [11/Mar/2026:03:53:05 +0000] "POST /wp-login.php HTTP/1.1" 200 82655 "-" "Mozilla/5.0"
91.92.243.238 - - [11/Mar/2026:03:53:05 +0000] "POST /wp-login.php HTTP/1.1" 200 82655 "-" "Mozilla/5.0"
91.92.243.238 - - [11/Mar/2026:03:53:05 +0000] "POST /wp-login.php HTTP/1.1" 200 82655 "-" "Mozilla/5.0"
91.92.243.238 - - [11/Mar/2026:03:53:05 +0000] "POST /wp-login.php HTTP/1.1" 200 82655 "-" "Mozilla/5.0"
91.92.243.238 - - [11/Mar/2026:03:53:05 +0000] "POST /wp-login.php HTTP/1.1" 200 82655 "-" "Mozilla/5.0"
91.92.243.238 - - [11/Mar/2026:03:53:05 +0000] "POST /wp-login.php HTTP/1.1" 200 82655 "-" "Mozilla/5.0"
204.12.228.50 - - [11/Mar/2026:03:54:35 +0000] "GET /wp-content/imd685fa/edit.php?id=318100 HTTP/1.1" 200 - "http://azamsportsacademy.com/wp-content/imd685fa/edit.php?id=318100" "Mozilla/5.0 (Windows NT 10.0; Win64; x64) AppleWebKit/537.36 (KHTML, like Gecko) Chrome/58.0.3029.110 Safari/537.3"
204.12.228.50 - - [11/Mar/2026:03:54:38 +0000] "GET /wp-includes/js698bd7/index.php?id=713982 HTTP/1.1" 200 - "http://azamsportsacademy.com/wp-includes/js698bd7/index.php?id=713982" "Mozilla/5.0 (Windows NT 10.0; Win64; x64) AppleWebKit/537.36 (KHTML, like Gecko) Chrome/58.0.3029.110 Safari/537.3"
204.12.228.50 - - [11/Mar/2026:03:54:41 +0000] "GET /wp-includes/pld685fa/edit.php?id=198300 HTTP/1.1" 200 - "http://azamsportsacademy.com/wp-includes/pld685fa/edit.php?id=198300" "Mozilla/5.0 (Windows NT 10.0; Win64; x64) AppleWebKit/537.36 (KHTML, like Gecko) Chrome/58.0.3029.110 Safari/537.3"
85.208.98.16 - - [11/Mar/2026:03:55:05 +0000] "GET /student-overall-k.html HTTP/1.1" 200 82655 "-" "Mozilla/5.0 (compatible; SemrushBot-BA; +http://www.semrush.com/bot.html)"
85.208.98.23 - - [11/Mar/2026:03:56:35 +0000] "GET /robots.txt HTTP/1.1" 200 417 "-" "Mozilla/5.0 (compatible; SemrushBot-BA; +http://www.semrush.com/bot.html)"
204.12.228.50 - - [11/Mar/2026:03:56:28 +0000] "GET /wp-content/imd685fa/edit.php?id=318100 HTTP/1.1" 200 - "http://azamsportsacademy.com/wp-content/imd685fa/edit.php?id=318100" "Mozilla/5.0 (Windows NT 10.0; Win64; x64) AppleWebKit/537.36 (KHTML, like Gecko) Chrome/58.0.3029.110 Safari/537.3"
204.12.228.50 - - [11/Mar/2026:03:56:27 +0000] "GET /wp-includes/js698bd7/index.php?id=713982 HTTP/1.1" 200 - "http://azamsportsacademy.com/wp-includes/js698bd7/index.php?id=713982" "Mozilla/5.0 (Windows NT 10.0; Win64; x64) AppleWebKit/537.36 (KHTML, like Gecko) Chrome/58.0.3029.110 Safari/537.3"
204.12.228.50 - - [11/Mar/2026:03:56:28 +0000] "GET /wp-includes/pld685fa/edit.php?id=198300 HTTP/1.1" 200 - "http://azamsportsacademy.com/wp-includes/pld685fa/edit.php?id=198300" "Mozilla/5.0 (Windows NT 10.0; Win64; x64) AppleWebKit/537.36 (KHTML, like Gecko) Chrome/58.0.3029.110 Safari/537.3"
85.208.98.31 - - [11/Mar/2026:03:57:02 +0000] "GET /axe-with-hammer-k.html HTTP/1.1" 200 82655 "-" "Mozilla/5.0 (compatible; SemrushBot-BA; +http://www.semrush.com/bot.html)"
85.208.98.16 - - [11/Mar/2026:03:57:00 +0000] "GET /ax-hammer-combo-k.html HTTP/1.1" 200 82655 "-" "Mozilla/5.0 (compatible; SemrushBot-BA; +http://www.semrush.com/bot.html)"
85.208.98.16 - - [11/Mar/2026:03:57:15 +0000] "GET /water-drum-k.html HTTP/1.1" 200 82655 "-" "Mozilla/5.0 (compatible; SemrushBot-BA; +http://www.semrush.com/bot.html)"
204.12.228.50 - - [11/Mar/2026:03:58:02 +0000] "GET /wp-content/imd685fa/edit.php?id=318100 HTTP/1.1" 200 - "http://azamsportsacademy.com/wp-content/imd685fa/edit.php?id=318100" "Mozilla/5.0 (Windows NT 10.0; Win64; x64) AppleWebKit/537.36 (KHTML, like Gecko) Chrome/58.0.3029.110 Safari/537.3"
204.12.228.50 - - [11/Mar/2026:03:58:04 +0000] "GET /wp-includes/pld685fa/edit.php?id=198300 HTTP/1.1" 200 - "http://azamsportsacademy.com/wp-includes/pld685fa/edit.php?id=198300" "Mozilla/5.0 (Windows NT 10.0; Win64; x64) AppleWebKit/537.36 (KHTML, like Gecko) Chrome/58.0.3029.110 Safari/537.3"
204.12.228.50 - - [11/Mar/2026:03:58:02 +0000] "GET /wp-includes/js698bd7/index.php?id=713982 HTTP/1.1" 200 - "http://azamsportsacademy.com/wp-includes/js698bd7/index.php?id=713982" "Mozilla/5.0 (Windows NT 10.0; Win64; x64) AppleWebKit/537.36 (KHTML, like Gecko) Chrome/58.0.3029.110 Safari/537.3"
204.12.228.50 - - [11/Mar/2026:03:59:39 +0000] "GET /wp-content/imd685fa/edit.php?id=318100 HTTP/1.1" 200 - "http://azamsportsacademy.com/wp-content/imd685fa/edit.php?id=318100" "Mozilla/5.0 (Windows NT 10.0; Win64; x64) AppleWebKit/537.36 (KHTML, like Gecko) Chrome/58.0.3029.110 Safari/537.3"
204.12.228.50 - - [11/Mar/2026:03:59:41 +0000] "GET /wp-includes/js698bd7/index.php?id=713982 HTTP/1.1" 200 - "http://azamsportsacademy.com/wp-includes/js698bd7/index.php?id=713982" "Mozilla/5.0 (Windows NT 10.0; Win64; x64) AppleWebKit/537.36 (KHTML, like Gecko) Chrome/58.0.3029.110 Safari/537.3"
204.12.228.50 - - [11/Mar/2026:03:59:39 +0000] "GET /wp-includes/pld685fa/edit.php?id=198300 HTTP/1.1" 200 - "http://azamsportsacademy.com/wp-includes/pld685fa/edit.php?id=198300" "Mozilla/5.0 (Windows NT 10.0; Win64; x64) AppleWebKit/537.36 (KHTML, like Gecko) Chrome/58.0.3029.110 Safari/537.3"
204.12.228.50 - - [11/Mar/2026:04:01:20 +0000] "GET /wp-includes/js698bd7/index.php?id=713982 HTTP/1.1" 200 - "http://azamsportsacademy.com/wp-includes/js698bd7/index.php?id=713982" "Mozilla/5.0 (Windows NT 10.0; Win64; x64) AppleWebKit/537.36 (KHTML, like Gecko) Chrome/58.0.3029.110 Safari/537.3"
204.12.228.50 - - [11/Mar/2026:04:01:23 +0000] "GET /wp-includes/pld685fa/edit.php?id=198300 HTTP/1.1" 200 - "http://azamsportsacademy.com/wp-includes/pld685fa/edit.php?id=198300" "Mozilla/5.0 (Windows NT 10.0; Win64; x64) AppleWebKit/537.36 (KHTML, like Gecko) Chrome/58.0.3029.110 Safari/537.3"
204.12.228.50 - - [11/Mar/2026:04:01:19 +0000] "GET /wp-content/imd685fa/edit.php?id=318100 HTTP/1.1" 200 - "http://azamsportsacademy.com/wp-content/imd685fa/edit.php?id=318100" "Mozilla/5.0 (Windows NT 10.0; Win64; x64) AppleWebKit/537.36 (KHTML, like Gecko) Chrome/58.0.3029.110 Safari/537.3"
85.208.98.23 - - [11/Mar/2026:04:04:09 +0000] "GET /robots.txt HTTP/1.1" 200 417 "-" "Mozilla/5.0 (compatible; SemrushBot-BA; +http://www.semrush.com/bot.html)"
204.12.228.50 - - [11/Mar/2026:04:03:02 +0000] "GET /wp-includes/pld685fa/edit.php?id=198300 HTTP/1.1" 200 - "http://azamsportsacademy.com/wp-includes/pld685fa/edit.php?id=198300" "Mozilla/5.0 (Windows NT 10.0; Win64; x64) AppleWebKit/537.36 (KHTML, like Gecko) Chrome/58.0.3029.110 Safari/537.3"
204.12.228.50 - - [11/Mar/2026:04:03:02 +0000] "GET /wp-content/imd685fa/edit.php?id=318100 HTTP/1.1" 200 - "http://azamsportsacademy.com/wp-content/imd685fa/edit.php?id=318100" "Mozilla/5.0 (Windows NT 10.0; Win64; x64) AppleWebKit/537.36 (KHTML, like Gecko) Chrome/58.0.3029.110 Safari/537.3"
204.12.228.50 - - [11/Mar/2026:04:03:01 +0000] "GET /wp-includes/js698bd7/index.php?id=713982 HTTP/1.1" 200 - "http://azamsportsacademy.com/wp-includes/js698bd7/index.php?id=713982" "Mozilla/5.0 (Windows NT 10.0; Win64; x64) AppleWebKit/537.36 (KHTML, like Gecko) Chrome/58.0.3029.110 Safari/537.3"
85.208.98.23 - - [11/Mar/2026:04:04:42 +0000] "GET /robots.txt HTTP/1.1" 200 417 "-" "Mozilla/5.0 (compatible; SemrushBot-BA; +http://www.semrush.com/bot.html)"
85.208.98.20 - - [11/Mar/2026:04:04:23 +0000] "GET /janai-jewellery-k.html HTTP/1.1" 200 82655 "-" "Mozilla/5.0 (compatible; SemrushBot-BA; +http://www.semrush.com/bot.html)"
85.208.98.23 - - [11/Mar/2026:04:06:08 +0000] "GET /robots.txt HTTP/1.1" 200 417 "-" "Mozilla/5.0 (compatible; SemrushBot-BA; +http://www.semrush.com/bot.html)"
204.12.228.50 - - [11/Mar/2026:04:04:38 +0000] "GET /wp-includes/pld685fa/edit.php?id=198300 HTTP/1.1" 200 - "http://azamsportsacademy.com/wp-includes/pld685fa/edit.php?id=198300" "Mozilla/5.0 (Windows NT 10.0; Win64; x64) AppleWebKit/537.36 (KHTML, like Gecko) Chrome/58.0.3029.110 Safari/537.3"
204.12.228.50 - - [11/Mar/2026:04:04:39 +0000] "GET /wp-content/imd685fa/edit.php?id=318100 HTTP/1.1" 200 - "http://azamsportsacademy.com/wp-content/imd685fa/edit.php?id=318100" "Mozilla/5.0 (Windows NT 10.0; Win64; x64) AppleWebKit/537.36 (KHTML, like Gecko) Chrome/58.0.3029.110 Safari/537.3"
85.208.98.31 - - [11/Mar/2026:04:04:56 +0000] "GET /compact-laundry-trough-k.html HTTP/1.1" 200 82655 "-" "Mozilla/5.0 (compatible; SemrushBot-BA; +http://www.semrush.com/bot.html)"
85.208.98.20 - - [11/Mar/2026:04:04:57 +0000] "GET /thermonet-thermostat-k.html HTTP/1.1" 200 82655 "-" "Mozilla/5.0 (compatible; SemrushBot-BA; +http://www.semrush.com/bot.html)"
91.92.243.238 - - [11/Mar/2026:04:04:58 +0000] "POST /wp-login.php HTTP/1.1" 200 82655 "-" "Mozilla/5.0"
91.92.243.238 - - [11/Mar/2026:04:04:58 +0000] "POST /wp-login.php HTTP/1.1" 200 82655 "-" "Mozilla/5.0"
91.92.243.238 - - [11/Mar/2026:04:04:58 +0000] "POST /wp-login.php HTTP/1.1" 200 82655 "-" "Mozilla/5.0"
