52.44.174.136 - - [11/Mar/2026:01:53:58 +0000] "GET /wp-json/oembed/1.0/embed?url=http://azamsportsacademy.com/bitstake-casino-a-comprehensive-guide-to-high-stak/ HTTP/1.1" 200 58828 "-" "Mozilla/5.0 AppleWebKit/537.36 (KHTML, like Gecko; compatible; Amazonbot/0.1; +https://developer.amazon.com/support/amazonbot) Chrome/119.0.6045.214 Safari/537.36"
34.197.28.78 - - [11/Mar/2026:01:54:02 +0000] "GET /facilities/?fileloc=/home/azamsportsacadem/public_html/license.txt&path=/home/azamsportsacadem/public_html HTTP/1.1" 200 32524 "-" "Mozilla/5.0 AppleWebKit/537.36 (KHTML, like Gecko; compatible; Amazonbot/0.1; +https://developer.amazon.com/support/amazonbot) Chrome/119.0.6045.214 Safari/537.36"
91.92.243.238 - - [11/Mar/2026:01:55:22 +0000] "POST /wp-login.php HTTP/1.1" 200 58828 "-" "Mozilla/5.0"
91.92.243.238 - - [11/Mar/2026:01:55:22 +0000] "POST /wp-login.php HTTP/1.1" 200 58828 "-" "Mozilla/5.0"
91.92.243.238 - - [11/Mar/2026:01:55:22 +0000] "POST /wp-login.php HTTP/1.1" 200 58828 "-" "Mozilla/5.0"
91.92.243.238 - - [11/Mar/2026:01:55:22 +0000] "POST /wp-login.php HTTP/1.1" 200 58828 "-" "Mozilla/5.0"
91.92.243.238 - - [11/Mar/2026:01:55:22 +0000] "POST /wp-login.php HTTP/1.1" 200 58828 "-" "Mozilla/5.0"
91.92.243.238 - - [11/Mar/2026:01:55:22 +0000] "POST /wp-login.php HTTP/1.1" 200 58828 "-" "Mozilla/5.0"
43.166.246.180 - - [11/Mar/2026:01:57:34 +0000] "GET /?path=/home/azamsportsacadem/.caldav HTTP/1.1" 200 18738 "-" "Mozilla/5.0 (iPhone; CPU iPhone OS 13_2_3 like Mac OS X) AppleWebKit/605.1.15 (KHTML, like Gecko) Version/13.0.3 Mobile/15E148 Safari/604.1"
85.208.98.23 - - [11/Mar/2026:02:01:23 +0000] "GET /robots.txt HTTP/1.1" 200 88 "-" "Mozilla/5.0 (compatible; SemrushBot-BA; +http://www.semrush.com/bot.html)"
85.208.98.23 - - [11/Mar/2026:02:03:36 +0000] "GET /robots.txt HTTP/1.1" 200 88 "-" "Mozilla/5.0 (compatible; SemrushBot-BA; +http://www.semrush.com/bot.html)"
85.208.98.23 - - [11/Mar/2026:02:03:42 +0000] "GET /robots.txt HTTP/1.1" 200 88 "-" "Mozilla/5.0 (compatible; SemrushBot-BA; +http://www.semrush.com/bot.html)"
85.208.98.23 - - [11/Mar/2026:02:04:04 +0000] "GET /robots.txt HTTP/1.1" 200 88 "-" "Mozilla/5.0 (compatible; SemrushBot-BA; +http://www.semrush.com/bot.html)"
85.208.98.19 - - [11/Mar/2026:02:04:23 +0000] "GET /f/H3188412 HTTP/1.1" 200 58828 "-" "Mozilla/5.0 (compatible; SemrushBot-BA; +http://www.semrush.com/bot.html)"
85.208.98.22 - - [11/Mar/2026:02:04:26 +0000] "GET /pdf-for-android-tablet-k.html HTTP/1.1" 200 58828 "-" "Mozilla/5.0 (compatible; SemrushBot-BA; +http://www.semrush.com/bot.html)"
85.208.98.20 - - [11/Mar/2026:02:04:48 +0000] "GET /paint-calculator-k.html HTTP/1.1" 200 58828 "-" "Mozilla/5.0 (compatible; SemrushBot-BA; +http://www.semrush.com/bot.html)"
85.208.98.16 - - [11/Mar/2026:02:04:49 +0000] "GET /best-navigation-for-rv-k.html HTTP/1.1" 200 58828 "-" "Mozilla/5.0 (compatible; SemrushBot-BA; +http://www.semrush.com/bot.html)"
85.208.98.24 - - [11/Mar/2026:02:05:06 +0000] "GET /tire-cost-k.html HTTP/1.1" 200 58828 "-" "Mozilla/5.0 (compatible; SemrushBot-BA; +http://www.semrush.com/bot.html)"
85.208.98.16 - - [11/Mar/2026:02:05:09 +0000] "GET /12v-light-bulb-types-k.html HTTP/1.1" 200 58828 "-" "Mozilla/5.0 (compatible; SemrushBot-BA; +http://www.semrush.com/bot.html)"
85.208.98.20 - - [11/Mar/2026:02:05:18 +0000] "GET /12v-ice-maker-k.html HTTP/1.1" 200 58828 "-" "Mozilla/5.0 (compatible; SemrushBot-BA; +http://www.semrush.com/bot.html)"
85.208.98.24 - - [11/Mar/2026:02:05:21 +0000] "GET /subfloor-plywood-k.html HTTP/1.1" 200 58828 "-" "Mozilla/5.0 (compatible; SemrushBot-BA; +http://www.semrush.com/bot.html)"
66.249.68.71 - - [11/Mar/2026:02:05:29 +0000] "GET /book/0021810884.html HTTP/1.1" 200 58828 "-" "Mozilla/5.0 (Linux; Android 6.0.1; Nexus 5X Build/MMB29P) AppleWebKit/537.36 (KHTML, like Gecko) Chrome/145.0.7632.116 Mobile Safari/537.36 (compatible; GoogleOther)"
85.208.98.16 - - [11/Mar/2026:02:05:36 +0000] "GET /1x6x16-pressure-treated-k.html HTTP/1.1" 200 58828 "-" "Mozilla/5.0 (compatible; SemrushBot-BA; +http://www.semrush.com/bot.html)"
85.208.98.16 - - [11/Mar/2026:02:05:39 +0000] "GET /metal-shed-roof-panels-k.html HTTP/1.1" 200 58828 "-" "Mozilla/5.0 (compatible; SemrushBot-BA; +http://www.semrush.com/bot.html)"
66.249.68.70 - - [11/Mar/2026:02:05:48 +0000] "GET /book/0021810884.html HTTP/1.1" 200 58828 "-" "Mozilla/5.0 (Linux; Android 6.0.1; Nexus 5X Build/MMB29P) AppleWebKit/537.36 (KHTML, like Gecko) Chrome/145.0.7632.116 Mobile Safari/537.36 (compatible; Googlebot/2.1; +http://www.google.com/bot.html)"
43.155.162.41 - - [11/Mar/2026:02:06:18 +0000] "GET /?path=/home/azamsportsacadem/logs HTTP/1.1" 200 25239 "-" "Mozilla/5.0 (iPhone; CPU iPhone OS 13_2_3 like Mac OS X) AppleWebKit/605.1.15 (KHTML, like Gecko) Version/13.0.3 Mobile/15E148 Safari/604.1"
91.92.243.238 - - [11/Mar/2026:02:07:04 +0000] "POST /wp-login.php HTTP/1.1" 200 58828 "-" "Mozilla/5.0"
91.92.243.238 - - [11/Mar/2026:02:07:04 +0000] "POST /wp-login.php HTTP/1.1" 200 58828 "-" "Mozilla/5.0"
91.92.243.238 - - [11/Mar/2026:02:07:04 +0000] "POST /wp-login.php HTTP/1.1" 200 58828 "-" "Mozilla/5.0"
91.92.243.238 - - [11/Mar/2026:02:07:04 +0000] "POST /wp-login.php HTTP/1.1" 200 58828 "-" "Mozilla/5.0"
91.92.243.238 - - [11/Mar/2026:02:07:04 +0000] "POST /wp-login.php HTTP/1.1" 200 58828 "-" "Mozilla/5.0"
91.92.243.238 - - [11/Mar/2026:02:07:04 +0000] "POST /wp-login.php HTTP/1.1" 200 58828 "-" "Mozilla/5.0"
85.208.98.23 - - [11/Mar/2026:02:11:00 +0000] "GET /robots.txt HTTP/1.1" 200 88 "-" "Mozilla/5.0 (compatible; SemrushBot-BA; +http://www.semrush.com/bot.html)"
85.208.98.24 - - [11/Mar/2026:02:11:21 +0000] "GET /beton-mixer-truck-k.html HTTP/1.1" 200 58828 "-" "Mozilla/5.0 (compatible; SemrushBot-BA; +http://www.semrush.com/bot.html)"
85.208.98.23 - - [11/Mar/2026:02:11:23 +0000] "GET /robots.txt HTTP/1.1" 200 88 "-" "Mozilla/5.0 (compatible; SemrushBot-BA; +http://www.semrush.com/bot.html)"
85.208.98.16 - - [11/Mar/2026:02:11:44 +0000] "GET /lithium-batteries-vs-agm-k.html HTTP/1.1" 200 58828 "-" "Mozilla/5.0 (compatible; SemrushBot-BA; +http://www.semrush.com/bot.html)"
85.208.98.31 - - [11/Mar/2026:02:11:46 +0000] "GET /is-a-gel-battery-lithium-k.html HTTP/1.1" 200 58828 "-" "Mozilla/5.0 (compatible; SemrushBot-BA; +http://www.semrush.com/bot.html)"
85.208.98.23 - - [11/Mar/2026:02:14:37 +0000] "GET /robots.txt HTTP/1.1" 200 88 "-" "Mozilla/5.0 (compatible; SemrushBot-BA; +http://www.semrush.com/bot.html)"
85.208.98.16 - - [11/Mar/2026:02:14:55 +0000] "GET /eczema-shampoo-k.html HTTP/1.1" 200 58828 "-" "Mozilla/5.0 (compatible; SemrushBot-BA; +http://www.semrush.com/bot.html)"
85.208.98.23 - - [11/Mar/2026:02:16:54 +0000] "GET /robots.txt HTTP/1.1" 200 88 "-" "Mozilla/5.0 (compatible; SemrushBot-BA; +http://www.semrush.com/bot.html)"
43.155.26.193 - - [11/Mar/2026:02:16:58 +0000] "GET /?path=/home/azamsportsacadem/public_html HTTP/1.1" 200 58828 "-" "Mozilla/5.0 (iPhone; CPU iPhone OS 13_2_3 like Mac OS X) AppleWebKit/605.1.15 (KHTML, like Gecko) Version/13.0.3 Mobile/15E148 Safari/604.1"
85.208.98.29 - - [11/Mar/2026:02:17:25 +0000] "GET /radiating-groin-pain-k.html HTTP/1.1" 200 58828 "-" "Mozilla/5.0 (compatible; SemrushBot-BA; +http://www.semrush.com/bot.html)"
91.92.243.238 - - [11/Mar/2026:02:18:48 +0000] "POST /wp-login.php HTTP/1.1" 200 58828 "-" "Mozilla/5.0"
91.92.243.238 - - [11/Mar/2026:02:18:48 +0000] "POST /wp-login.php HTTP/1.1" 200 58828 "-" "Mozilla/5.0"
91.92.243.238 - - [11/Mar/2026:02:18:48 +0000] "POST /wp-login.php HTTP/1.1" 200 58828 "-" "Mozilla/5.0"
91.92.243.238 - - [11/Mar/2026:02:18:48 +0000] "POST /wp-login.php HTTP/1.1" 200 58828 "-" "Mozilla/5.0"
91.92.243.238 - - [11/Mar/2026:02:18:48 +0000] "POST /wp-login.php HTTP/1.1" 200 58828 "-" "Mozilla/5.0"
91.92.243.238 - - [11/Mar/2026:02:18:48 +0000] "POST /wp-login.php HTTP/1.1" 200 58828 "-" "Mozilla/5.0"
66.249.68.70 - - [11/Mar/2026:02:20:56 +0000] "GET /171691219713369.html HTTP/1.1" 200 58828 "-" "Mozilla/5.0 (Linux; Android 6.0.1; Nexus 5X Build/MMB29P) AppleWebKit/537.36 (KHTML, like Gecko) Chrome/145.0.7632.116 Mobile Safari/537.36 (compatible; Googlebot/2.1; +http://www.google.com/bot.html)"
66.249.68.70 - - [11/Mar/2026:02:21:15 +0000] "GET /171691219713369.html HTTP/1.1" 200 58828 "-" "Mozilla/5.0 (Linux; Android 6.0.1; Nexus 5X Build/MMB29P) AppleWebKit/537.36 (KHTML, like Gecko) Chrome/145.0.7632.116 Mobile Safari/537.36 (compatible; GoogleOther)"
85.208.98.23 - - [11/Mar/2026:02:22:36 +0000] "GET /robots.txt HTTP/1.1" 200 88 "-" "Mozilla/5.0 (compatible; SemrushBot-BA; +http://www.semrush.com/bot.html)"
85.208.98.20 - - [11/Mar/2026:02:22:54 +0000] "GET /home-purchase-cost-calculator-k.html HTTP/1.1" 200 58828 "-" "Mozilla/5.0 (compatible; SemrushBot-BA; +http://www.semrush.com/bot.html)"
43.153.86.78 - - [11/Mar/2026:02:27:03 +0000] "GET /?path=/home/azamsportsacadem/www HTTP/1.1" 200 57900 "-" "Mozilla/5.0 (iPhone; CPU iPhone OS 13_2_3 like Mac OS X) AppleWebKit/605.1.15 (KHTML, like Gecko) Version/13.0.3 Mobile/15E148 Safari/604.1"
85.208.98.23 - - [11/Mar/2026:02:28:03 +0000] "GET /robots.txt HTTP/1.1" 200 88 "-" "Mozilla/5.0 (compatible; SemrushBot-BA; +http://www.semrush.com/bot.html)"
85.208.98.23 - - [11/Mar/2026:02:29:17 +0000] "GET /robots.txt HTTP/1.1" 200 88 "-" "Mozilla/5.0 (compatible; SemrushBot-BA; +http://www.semrush.com/bot.html)"
85.208.98.23 - - [11/Mar/2026:02:29:26 +0000] "GET /robots.txt HTTP/1.1" 200 88 "-" "Mozilla/5.0 (compatible; SemrushBot-BA; +http://www.semrush.com/bot.html)"
85.208.98.24 - - [11/Mar/2026:02:29:33 +0000] "GET /sweet-dogs-k.html HTTP/1.1" 200 64856 "-" "Mozilla/5.0 (compatible; SemrushBot-BA; +http://www.semrush.com/bot.html)"
85.208.98.22 - - [11/Mar/2026:02:29:52 +0000] "GET /epoxy-calculator-k.html HTTP/1.1" 200 64856 "-" "Mozilla/5.0 (compatible; SemrushBot-BA; +http://www.semrush.com/bot.html)"
91.92.243.238 - - [11/Mar/2026:02:30:30 +0000] "POST /wp-login.php HTTP/1.1" 200 63334 "-" "Mozilla/5.0"
91.92.243.238 - - [11/Mar/2026:02:30:30 +0000] "POST /wp-login.php HTTP/1.1" 200 63334 "-" "Mozilla/5.0"
91.92.243.238 - - [11/Mar/2026:02:30:30 +0000] "POST /wp-login.php HTTP/1.1" 200 63334 "-" "Mozilla/5.0"
91.92.243.238 - - [11/Mar/2026:02:30:30 +0000] "POST /wp-login.php HTTP/1.1" 200 12 "-" "Mozilla/5.0"
91.92.243.238 - - [11/Mar/2026:02:30:30 +0000] "POST /wp-login.php HTTP/1.1" 200 12 "-" "Mozilla/5.0"
91.92.243.238 - - [11/Mar/2026:02:30:30 +0000] "POST /wp-login.php HTTP/1.1" 200 12 "-" "Mozilla/5.0"
69.30.215.34 - - [11/Mar/2026:02:30:38 +0000] "GET /wp-includes/js698bd7/index.php HTTP/1.1" 500 - "http://azamsportsacademy.com/wp-includes/js698bd7/index.php" "Mozilla/5.0 (Windows NT 10.0; Win64; x64) AppleWebKit/537.36 (KHTML, like Gecko) Chrome/58.0.3029.110 Safari/537.3"
107.150.52.58 - - [11/Mar/2026:02:30:40 +0000] "GET /wp-content/imd685fa/edit.php HTTP/1.1" 500 - "http://azamsportsacademy.com/wp-content/imd685fa/edit.php" "Mozilla/5.0 (Windows NT 10.0; Win64; x64) AppleWebKit/537.36 (KHTML, like Gecko) Chrome/58.0.3029.110 Safari/537.3"
107.150.52.58 - - [11/Mar/2026:02:30:40 +0000] "GET /wp-includes/pld685fa/edit.php HTTP/1.1" 500 - "http://azamsportsacademy.com/wp-includes/pld685fa/edit.php" "Mozilla/5.0 (Windows NT 10.0; Win64; x64) AppleWebKit/537.36 (KHTML, like Gecko) Chrome/58.0.3029.110 Safari/537.3"
85.208.98.22 - - [11/Mar/2026:02:31:08 +0000] "GET /cultivator-is-used-for-k.html HTTP/1.1" 200 79646 "-" "Mozilla/5.0 (compatible; SemrushBot-BA; +http://www.semrush.com/bot.html)"
85.208.98.16 - - [11/Mar/2026:02:31:12 +0000] "GET /tyre-company-k.html HTTP/1.1" 200 79646 "-" "Mozilla/5.0 (compatible; SemrushBot-BA; +http://www.semrush.com/bot.html)"
85.208.98.23 - - [11/Mar/2026:02:31:43 +0000] "GET /robots.txt HTTP/1.1" 200 416 "-" "Mozilla/5.0 (compatible; SemrushBot-BA; +http://www.semrush.com/bot.html)"
69.30.215.34 - - [11/Mar/2026:02:30:40 +0000] "GET /wp-includes/js698bd7/index.php HTTP/1.1" 200 - "http://azamsportsacademy.com/wp-includes/js698bd7/index.php" "Mozilla/5.0 (Windows NT 10.0; Win64; x64) AppleWebKit/537.36 (KHTML, like Gecko) Chrome/58.0.3029.110 Safari/537.3"
107.150.52.58 - - [11/Mar/2026:02:30:42 +0000] "GET /wp-includes/pld685fa/edit.php HTTP/1.1" 200 - "http://azamsportsacademy.com/wp-includes/pld685fa/edit.php" "Mozilla/5.0 (Windows NT 10.0; Win64; x64) AppleWebKit/537.36 (KHTML, like Gecko) Chrome/58.0.3029.110 Safari/537.3"
107.150.52.58 - - [11/Mar/2026:02:30:42 +0000] "GET /wp-content/imd685fa/edit.php HTTP/1.1" 200 - "http://azamsportsacademy.com/wp-content/imd685fa/edit.php" "Mozilla/5.0 (Windows NT 10.0; Win64; x64) AppleWebKit/537.36 (KHTML, like Gecko) Chrome/58.0.3029.110 Safari/537.3"
85.208.98.29 - - [11/Mar/2026:02:32:13 +0000] "GET /soil-and-sand-aquarium-k.html HTTP/1.1" 200 79646 "-" "Mozilla/5.0 (compatible; SemrushBot-BA; +http://www.semrush.com/bot.html)"
85.208.98.29 - - [11/Mar/2026:02:32:14 +0000] "GET /lysimachia-nummularia-k.html HTTP/1.1" 200 79646 "-" "Mozilla/5.0 (compatible; SemrushBot-BA; +http://www.semrush.com/bot.html)"
85.208.98.22 - - [11/Mar/2026:02:32:27 +0000] "GET /onf-flat-one-k.html HTTP/1.1" 200 79646 "-" "Mozilla/5.0 (compatible; SemrushBot-BA; +http://www.semrush.com/bot.html)"
85.208.98.16 - - [11/Mar/2026:02:32:29 +0000] "GET /hanging-aquarium-lights-k.html HTTP/1.1" 200 79646 "-" "Mozilla/5.0 (compatible; SemrushBot-BA; +http://www.semrush.com/bot.html)"
85.208.98.20 - - [11/Mar/2026:02:32:36 +0000] "GET /ada-tank-stand-k.html HTTP/1.1" 200 79646 "-" "Mozilla/5.0 (compatible; SemrushBot-BA; +http://www.semrush.com/bot.html)"
85.208.98.24 - - [11/Mar/2026:02:32:38 +0000] "GET /aquascape-light-k.html HTTP/1.1" 200 79646 "-" "Mozilla/5.0 (compatible; SemrushBot-BA; +http://www.semrush.com/bot.html)"
85.208.98.22 - - [11/Mar/2026:02:32:49 +0000] "GET /square-aquarium-stand-k.html HTTP/1.1" 200 79646 "-" "Mozilla/5.0 (compatible; SemrushBot-BA; +http://www.semrush.com/bot.html)"
85.208.98.22 - - [11/Mar/2026:02:32:50 +0000] "GET /led-tank-k.html HTTP/1.1" 200 79646 "-" "Mozilla/5.0 (compatible; SemrushBot-BA; +http://www.semrush.com/bot.html)"
85.208.98.20 - - [11/Mar/2026:02:33:00 +0000] "GET /fish-tank-sand-k.html HTTP/1.1" 200 79646 "-" "Mozilla/5.0 (compatible; SemrushBot-BA; +http://www.semrush.com/bot.html)"
85.208.98.31 - - [11/Mar/2026:02:33:02 +0000] "GET /fish-tank-light-near-me-k.html HTTP/1.1" 200 79646 "-" "Mozilla/5.0 (compatible; SemrushBot-BA; +http://www.semrush.com/bot.html)"
85.208.98.19 - - [11/Mar/2026:02:33:11 +0000] "GET /aquarium-stand-cabinet-k.html HTTP/1.1" 200 79646 "-" "Mozilla/5.0 (compatible; SemrushBot-BA; +http://www.semrush.com/bot.html)"
85.208.98.22 - - [11/Mar/2026:02:33:12 +0000] "GET /disposable-co2-can-k.html HTTP/1.1" 200 79646 "-" "Mozilla/5.0 (compatible; SemrushBot-BA; +http://www.semrush.com/bot.html)"
85.208.98.19 - - [11/Mar/2026:02:33:22 +0000] "GET /java-fern-buy-k.html HTTP/1.1" 200 79646 "-" "Mozilla/5.0 (compatible; SemrushBot-BA; +http://www.semrush.com/bot.html)"
85.208.98.31 - - [11/Mar/2026:02:33:24 +0000] "GET /glass-aquarium-stand-k.html HTTP/1.1" 200 79646 "-" "Mozilla/5.0 (compatible; SemrushBot-BA; +http://www.semrush.com/bot.html)"
85.208.98.23 - - [11/Mar/2026:02:33:42 +0000] "GET /robots.txt HTTP/1.1" 200 416 "-" "Mozilla/5.0 (compatible; SemrushBot-BA; +http://www.semrush.com/bot.html)"
204.12.228.50 - - [11/Mar/2026:02:32:13 +0000] "GET /wp-includes/js698bd7/index.php?id=713982 HTTP/1.1" 200 - "http://azamsportsacademy.com/wp-includes/js698bd7/index.php?id=713982" "Mozilla/5.0 (Windows NT 10.0; Win64; x64) AppleWebKit/537.36 (KHTML, like Gecko) Chrome/58.0.3029.110 Safari/537.3"
204.12.228.50 - - [11/Mar/2026:02:32:16 +0000] "GET /wp-includes/pld685fa/edit.php?id=198300 HTTP/1.1" 200 - "http://azamsportsacademy.com/wp-includes/pld685fa/edit.php?id=198300" "Mozilla/5.0 (Windows NT 10.0; Win64; x64) AppleWebKit/537.36 (KHTML, like Gecko) Chrome/58.0.3029.110 Safari/537.3"
85.208.98.29 - - [11/Mar/2026:02:33:44 +0000] "GET /f/U2563839 HTTP/1.1" 200 79646 "-" "Mozilla/5.0 (compatible; SemrushBot-BA; +http://www.semrush.com/bot.html)"
204.12.228.50 - - [11/Mar/2026:02:32:17 +0000] "GET /wp-content/imd685fa/edit.php?id=318100 HTTP/1.1" 200 - "http://azamsportsacademy.com/wp-content/imd685fa/edit.php?id=318100" "Mozilla/5.0 (Windows NT 10.0; Win64; x64) AppleWebKit/537.36 (KHTML, like Gecko) Chrome/58.0.3029.110 Safari/537.3"
85.208.98.20 - - [11/Mar/2026:02:33:49 +0000] "GET /bacopa-caroliniana-k.html HTTP/1.1" 200 79646 "-" "Mozilla/5.0 (compatible; SemrushBot-BA; +http://www.semrush.com/bot.html)"
85.208.98.24 - - [11/Mar/2026:02:34:09 +0000] "GET /led-light-for-fish-bowl-k.html HTTP/1.1" 200 79646 "-" "Mozilla/5.0 (compatible; SemrushBot-BA; +http://www.semrush.com/bot.html)"
85.208.98.19 - - [11/Mar/2026:02:34:13 +0000] "GET /f/H922485 HTTP/1.1" 200 79646 "-" "Mozilla/5.0 (compatible; SemrushBot-BA; +http://www.semrush.com/bot.html)"
85.208.98.19 - - [11/Mar/2026:02:34:41 +0000] "GET /water-lettuce-k.html HTTP/1.1" 200 79646 "-" "Mozilla/5.0 (compatible; SemrushBot-BA; +http://www.semrush.com/bot.html)"
85.208.98.20 - - [11/Mar/2026:02:34:56 +0000] "GET /echinodorus-k.html HTTP/1.1" 200 79646 "-" "Mozilla/5.0 (compatible; SemrushBot-BA; +http://www.semrush.com/bot.html)"
85.208.98.29 - - [11/Mar/2026:02:35:06 +0000] "GET /solid-oak-aquarium-k.html HTTP/1.1" 200 79646 "-" "Mozilla/5.0 (compatible; SemrushBot-BA; +http://www.semrush.com/bot.html)"
204.12.228.50 - - [11/Mar/2026:02:33:53 +0000] "GET /wp-includes/js698bd7/index.php?id=713982 HTTP/1.1" 200 - "http://azamsportsacademy.com/wp-includes/js698bd7/index.php?id=713982" "Mozilla/5.0 (Windows NT 10.0; Win64; x64) AppleWebKit/537.36 (KHTML, like Gecko) Chrome/58.0.3029.110 Safari/537.3"
204.12.228.50 - - [11/Mar/2026:02:33:54 +0000] "GET /wp-includes/pld685fa/edit.php?id=198300 HTTP/1.1" 200 - "http://azamsportsacademy.com/wp-includes/pld685fa/edit.php?id=198300" "Mozilla/5.0 (Windows NT 10.0; Win64; x64) AppleWebKit/537.36 (KHTML, like Gecko) Chrome/58.0.3029.110 Safari/537.3"
204.12.228.50 - - [11/Mar/2026:02:33:55 +0000] "GET /wp-content/imd685fa/edit.php?id=318100 HTTP/1.1" 200 - "http://azamsportsacademy.com/wp-content/imd685fa/edit.php?id=318100" "Mozilla/5.0 (Windows NT 10.0; Win64; x64) AppleWebKit/537.36 (KHTML, like Gecko) Chrome/58.0.3029.110 Safari/537.3"
85.208.98.20 - - [11/Mar/2026:02:35:19 +0000] "GET /f/T809892 HTTP/1.1" 200 79646 "-" "Mozilla/5.0 (compatible; SemrushBot-BA; +http://www.semrush.com/bot.html)"
85.208.98.31 - - [11/Mar/2026:02:35:28 +0000] "GET /tank-light-k.html HTTP/1.1" 200 79646 "-" "Mozilla/5.0 (compatible; SemrushBot-BA; +http://www.semrush.com/bot.html)"
85.208.98.31 - - [11/Mar/2026:02:35:39 +0000] "GET /river-sand-substrate-k.html HTTP/1.1" 200 79646 "-" "Mozilla/5.0 (compatible; SemrushBot-BA; +http://www.semrush.com/bot.html)"
85.208.98.24 - - [11/Mar/2026:02:35:47 +0000] "GET /led-for-aquarium-k.html HTTP/1.1" 200 79646 "-" "Mozilla/5.0 (compatible; SemrushBot-BA; +http://www.semrush.com/bot.html)"
85.208.98.22 - - [11/Mar/2026:02:35:56 +0000] "GET /cervix-pregnancy-test-k.html HTTP/1.1" 200 79646 "-" "Mozilla/5.0 (compatible; SemrushBot-BA; +http://www.semrush.com/bot.html)"
43.130.31.17 - - [11/Mar/2026:02:36:24 +0000] "GET /?fileloc=/home/azamsportsacadem/smoyqley.php&path=/home/azamsportsacadem HTTP/1.1" 200 13386 "-" "Mozilla/5.0 (iPhone; CPU iPhone OS 13_2_3 like Mac OS X) AppleWebKit/605.1.15 (KHTML, like Gecko) Version/13.0.3 Mobile/15E148 Safari/604.1"
204.12.228.50 - - [11/Mar/2026:02:35:27 +0000] "GET /wp-includes/js698bd7/index.php?id=713982 HTTP/1.1" 200 - "http://azamsportsacademy.com/wp-includes/js698bd7/index.php?id=713982" "Mozilla/5.0 (Windows NT 10.0; Win64; x64) AppleWebKit/537.36 (KHTML, like Gecko) Chrome/58.0.3029.110 Safari/537.3"
204.12.228.50 - - [11/Mar/2026:02:35:30 +0000] "GET /wp-includes/pld685fa/edit.php?id=198300 HTTP/1.1" 200 - "http://azamsportsacademy.com/wp-includes/pld685fa/edit.php?id=198300" "Mozilla/5.0 (Windows NT 10.0; Win64; x64) AppleWebKit/537.36 (KHTML, like Gecko) Chrome/58.0.3029.110 Safari/537.3"
204.12.228.50 - - [11/Mar/2026:02:35:31 +0000] "GET /wp-content/imd685fa/edit.php?id=318100 HTTP/1.1" 200 - "http://azamsportsacademy.com/wp-content/imd685fa/edit.php?id=318100" "Mozilla/5.0 (Windows NT 10.0; Win64; x64) AppleWebKit/537.36 (KHTML, like Gecko) Chrome/58.0.3029.110 Safari/537.3"
204.12.228.50 - - [11/Mar/2026:02:37:05 +0000] "GET /wp-includes/js698bd7/index.php?id=713982 HTTP/1.1" 200 - "http://azamsportsacademy.com/wp-includes/js698bd7/index.php?id=713982" "Mozilla/5.0 (Windows NT 10.0; Win64; x64) AppleWebKit/537.36 (KHTML, like Gecko) Chrome/58.0.3029.110 Safari/537.3"
204.12.228.50 - - [11/Mar/2026:02:37:09 +0000] "GET /wp-includes/pld685fa/edit.php?id=198300 HTTP/1.1" 200 - "http://azamsportsacademy.com/wp-includes/pld685fa/edit.php?id=198300" "Mozilla/5.0 (Windows NT 10.0; Win64; x64) AppleWebKit/537.36 (KHTML, like Gecko) Chrome/58.0.3029.110 Safari/537.3"
204.12.228.50 - - [11/Mar/2026:02:37:09 +0000] "GET /wp-content/imd685fa/edit.php?id=318100 HTTP/1.1" 200 - "http://azamsportsacademy.com/wp-content/imd685fa/edit.php?id=318100" "Mozilla/5.0 (Windows NT 10.0; Win64; x64) AppleWebKit/537.36 (KHTML, like Gecko) Chrome/58.0.3029.110 Safari/537.3"
85.208.98.23 - - [11/Mar/2026:02:39:42 +0000] "GET /robots.txt HTTP/1.1" 200 416 "-" "Mozilla/5.0 (compatible; SemrushBot-BA; +http://www.semrush.com/bot.html)"
204.12.228.50 - - [11/Mar/2026:02:38:41 +0000] "GET /wp-includes/js698bd7/index.php?id=713982 HTTP/1.1" 200 - "http://azamsportsacademy.com/wp-includes/js698bd7/index.php?id=713982" "Mozilla/5.0 (Windows NT 10.0; Win64; x64) AppleWebKit/537.36 (KHTML, like Gecko) Chrome/58.0.3029.110 Safari/537.3"
204.12.228.50 - - [11/Mar/2026:02:38:44 +0000] "GET /wp-includes/pld685fa/edit.php?id=198300 HTTP/1.1" 200 - "http://azamsportsacademy.com/wp-includes/pld685fa/edit.php?id=198300" "Mozilla/5.0 (Windows NT 10.0; Win64; x64) AppleWebKit/537.36 (KHTML, like Gecko) Chrome/58.0.3029.110 Safari/537.3"
204.12.228.50 - - [11/Mar/2026:02:38:44 +0000] "GET /wp-content/imd685fa/edit.php?id=318100 HTTP/1.1" 200 - "http://azamsportsacademy.com/wp-content/imd685fa/edit.php?id=318100" "Mozilla/5.0 (Windows NT 10.0; Win64; x64) AppleWebKit/537.36 (KHTML, like Gecko) Chrome/58.0.3029.110 Safari/537.3"
85.208.98.29 - - [11/Mar/2026:02:40:10 +0000] "GET /broken-radiator-cost-k.html HTTP/1.1" 200 79646 "-" "Mozilla/5.0 (compatible; SemrushBot-BA; +http://www.semrush.com/bot.html)"
204.12.228.50 - - [11/Mar/2026:02:40:19 +0000] "GET /wp-includes/js698bd7/index.php?id=713982 HTTP/1.1" 200 - "http://azamsportsacademy.com/wp-includes/js698bd7/index.php?id=713982" "Mozilla/5.0 (Windows NT 10.0; Win64; x64) AppleWebKit/537.36 (KHTML, like Gecko) Chrome/58.0.3029.110 Safari/537.3"
204.12.228.50 - - [11/Mar/2026:02:40:20 +0000] "GET /wp-content/imd685fa/edit.php?id=318100 HTTP/1.1" 200 - "http://azamsportsacademy.com/wp-content/imd685fa/edit.php?id=318100" "Mozilla/5.0 (Windows NT 10.0; Win64; x64) AppleWebKit/537.36 (KHTML, like Gecko) Chrome/58.0.3029.110 Safari/537.3"
204.12.228.50 - - [11/Mar/2026:02:40:20 +0000] "GET /wp-includes/pld685fa/edit.php?id=198300 HTTP/1.1" 200 - "http://azamsportsacademy.com/wp-includes/pld685fa/edit.php?id=198300" "Mozilla/5.0 (Windows NT 10.0; Win64; x64) AppleWebKit/537.36 (KHTML, like Gecko) Chrome/58.0.3029.110 Safari/537.3"
85.208.98.23 - - [11/Mar/2026:02:42:19 +0000] "GET /robots.txt HTTP/1.1" 200 416 "-" "Mozilla/5.0 (compatible; SemrushBot-BA; +http://www.semrush.com/bot.html)"
91.92.243.238 - - [11/Mar/2026:02:42:19 +0000] "POST /wp-login.php HTTP/1.1" 200 79646 "-" "Mozilla/5.0"
91.92.243.238 - - [11/Mar/2026:02:42:19 +0000] "POST /wp-login.php HTTP/1.1" 200 79646 "-" "Mozilla/5.0"
91.92.243.238 - - [11/Mar/2026:02:42:19 +0000] "POST /wp-login.php HTTP/1.1" 200 79646 "-" "Mozilla/5.0"
91.92.243.238 - - [11/Mar/2026:02:42:19 +0000] "POST /wp-login.php HTTP/1.1" 200 79646 "-" "Mozilla/5.0"
91.92.243.238 - - [11/Mar/2026:02:42:19 +0000] "POST /wp-login.php HTTP/1.1" 200 79646 "-" "Mozilla/5.0"
91.92.243.238 - - [11/Mar/2026:02:42:19 +0000] "POST /wp-login.php HTTP/1.1" 200 79646 "-" "Mozilla/5.0"
85.208.98.23 - - [11/Mar/2026:02:42:36 +0000] "GET /robots.txt HTTP/1.1" 200 416 "-" "Mozilla/5.0 (compatible; SemrushBot-BA; +http://www.semrush.com/bot.html)"
85.208.98.22 - - [11/Mar/2026:02:42:46 +0000] "GET /pafuri-tented-camp-k.html HTTP/1.1" 200 79646 "-" "Mozilla/5.0 (compatible; SemrushBot-BA; +http://www.semrush.com/bot.html)"
85.208.98.19 - - [11/Mar/2026:02:42:50 +0000] "GET /saseka-tented-camp-k.html HTTP/1.1" 200 79646 "-" "Mozilla/5.0 (compatible; SemrushBot-BA; +http://www.semrush.com/bot.html)"
85.208.98.16 - - [11/Mar/2026:02:43:02 +0000] "GET /neon-tetra-heater-k.html HTTP/1.1" 200 79646 "-" "Mozilla/5.0 (compatible; SemrushBot-BA; +http://www.semrush.com/bot.html)"
85.208.98.19 - - [11/Mar/2026:02:43:06 +0000] "GET /aquarium-led-light-waterproof-k.html HTTP/1.1" 200 79646 "-" "Mozilla/5.0 (compatible; SemrushBot-BA; +http://www.semrush.com/bot.html)"
74.208.27.151 - - [11/Mar/2026:02:43:07 +0000] "HEAD / HTTP/1.1" 200 - "https://azamsportsacademy.com/" "Mozilla/5.0 (Windows NT 10.0; Win64; x64) AppleWebKit/537.36 (KHTML, like Gecko) Chrome/91.0.4472.124 Safari/537.36"
85.208.98.19 - - [11/Mar/2026:02:43:14 +0000] "GET /led-light-for-fish-bowl-k.html HTTP/1.1" 200 79646 "-" "Mozilla/5.0 (compatible; SemrushBot-BA; +http://www.semrush.com/bot.html)"
85.208.98.19 - - [11/Mar/2026:02:43:17 +0000] "GET /30-gallon-tank-heater-k.html HTTP/1.1" 200 79646 "-" "Mozilla/5.0 (compatible; SemrushBot-BA; +http://www.semrush.com/bot.html)"
85.208.98.22 - - [11/Mar/2026:02:43:21 +0000] "GET /f/S810203 HTTP/1.1" 200 79646 "-" "Mozilla/5.0 (compatible; SemrushBot-BA; +http://www.semrush.com/bot.html)"
85.208.98.19 - - [11/Mar/2026:02:43:23 +0000] "GET /heather-aquarium-k.html HTTP/1.1" 200 79646 "-" "Mozilla/5.0 (compatible; SemrushBot-BA; +http://www.semrush.com/bot.html)"
85.208.98.18 - - [11/Mar/2026:02:43:27 +0000] "GET /robots.txt HTTP/1.1" 200 416 "-" "Mozilla/5.0 (compatible; SemrushBot; +http://www.semrush.com/bot.html)"
204.12.228.50 - - [11/Mar/2026:02:41:56 +0000] "GET /wp-includes/js698bd7/index.php?id=713982 HTTP/1.1" 200 - "http://azamsportsacademy.com/wp-includes/js698bd7/index.php?id=713982" "Mozilla/5.0 (Windows NT 10.0; Win64; x64) AppleWebKit/537.36 (KHTML, like Gecko) Chrome/58.0.3029.110 Safari/537.3"
204.12.228.50 - - [11/Mar/2026:02:41:59 +0000] "GET /wp-content/imd685fa/edit.php?id=318100 HTTP/1.1" 200 - "http://azamsportsacademy.com/wp-content/imd685fa/edit.php?id=318100" "Mozilla/5.0 (Windows NT 10.0; Win64; x64) AppleWebKit/537.36 (KHTML, like Gecko) Chrome/58.0.3029.110 Safari/537.3"
85.208.98.16 - - [11/Mar/2026:02:43:28 +0000] "GET /saltwater-tank-heater-k.html HTTP/1.1" 200 79646 "-" "Mozilla/5.0 (compatible; SemrushBot-BA; +http://www.semrush.com/bot.html)"
85.208.98.31 - - [11/Mar/2026:02:43:29 +0000] "GET /saltwater-heater-k.html HTTP/1.1" 200 79646 "-" "Mozilla/5.0 (compatible; SemrushBot-BA; +http://www.semrush.com/bot.html)"
204.12.228.50 - - [11/Mar/2026:02:41:59 +0000] "GET /wp-includes/pld685fa/edit.php?id=198300 HTTP/1.1" 200 - "http://azamsportsacademy.com/wp-includes/pld685fa/edit.php?id=198300" "Mozilla/5.0 (Windows NT 10.0; Win64; x64) AppleWebKit/537.36 (KHTML, like Gecko) Chrome/58.0.3029.110 Safari/537.3"
85.208.98.19 - - [11/Mar/2026:02:43:34 +0000] "GET /pond-feeder-k.html HTTP/1.1" 200 79646 "-" "Mozilla/5.0 (compatible; SemrushBot-BA; +http://www.semrush.com/bot.html)"
85.208.98.29 - - [11/Mar/2026:02:43:37 +0000] "GET /hygger-heater-k.html HTTP/1.1" 200 79646 "-" "Mozilla/5.0 (compatible; SemrushBot-BA; +http://www.semrush.com/bot.html)"
85.208.98.29 - - [11/Mar/2026:02:43:38 +0000] "GET /fish-pond-feeder-k.html HTTP/1.1" 200 79646 "-" "Mozilla/5.0 (compatible; SemrushBot-BA; +http://www.semrush.com/bot.html)"
85.208.98.19 - - [11/Mar/2026:02:43:42 +0000] "GET /f/R921897 HTTP/1.1" 200 79646 "-" "Mozilla/5.0 (compatible; SemrushBot-BA; +http://www.semrush.com/bot.html)"
85.208.98.20 - - [11/Mar/2026:02:43:43 +0000] "GET /50-w-aquarium-heater-k.html HTTP/1.1" 200 79646 "-" "Mozilla/5.0 (compatible; SemrushBot-BA; +http://www.semrush.com/bot.html)"
85.208.98.29 - - [11/Mar/2026:02:43:46 +0000] "GET /led-for-aquarium-k.html HTTP/1.1" 200 79646 "-" "Mozilla/5.0 (compatible; SemrushBot-BA; +http://www.semrush.com/bot.html)"
85.208.98.16 - - [11/Mar/2026:02:43:48 +0000] "GET /pump-filter-fish-tank-k.html HTTP/1.1" 200 79646 "-" "Mozilla/5.0 (compatible; SemrushBot-BA; +http://www.semrush.com/bot.html)"
85.208.98.19 - - [11/Mar/2026:02:43:51 +0000] "GET /fish-feeder-food-k.html HTTP/1.1" 200 79646 "-" "Mozilla/5.0 (compatible; SemrushBot-BA; +http://www.semrush.com/bot.html)"
85.208.98.16 - - [11/Mar/2026:02:43:51 +0000] "GET /betta-need-a-heater-k.html HTTP/1.1" 200 79646 "-" "Mozilla/5.0 (compatible; SemrushBot-BA; +http://www.semrush.com/bot.html)"
85.208.98.16 - - [11/Mar/2026:02:43:55 +0000] "GET /air-stone-filter-k.html HTTP/1.1" 200 79646 "-" "Mozilla/5.0 (compatible; SemrushBot-BA; +http://www.semrush.com/bot.html)"
85.208.98.31 - - [11/Mar/2026:02:43:56 +0000] "GET /aquarium-heat-pump-k.html HTTP/1.1" 200 79646 "-" "Mozilla/5.0 (compatible; SemrushBot-BA; +http://www.semrush.com/bot.html)"
85.208.98.24 - - [11/Mar/2026:02:43:59 +0000] "GET /50w-heater-for-fish-tank-k.html HTTP/1.1" 200 79646 "-" "Mozilla/5.0 (compatible; SemrushBot-BA; +http://www.semrush.com/bot.html)"
85.208.98.19 - - [11/Mar/2026:02:44:00 +0000] "GET /f/F3138040 HTTP/1.1" 200 79646 "-" "Mozilla/5.0 (compatible; SemrushBot-BA; +http://www.semrush.com/bot.html)"
85.208.98.16 - - [11/Mar/2026:02:44:02 +0000] "GET /water-aquarium-test-kit-k.html HTTP/1.1" 200 79646 "-" "Mozilla/5.0 (compatible; SemrushBot-BA; +http://www.semrush.com/bot.html)"
85.208.98.22 - - [11/Mar/2026:02:44:04 +0000] "GET /compact-aquarium-heater-k.html HTTP/1.1" 200 79646 "-" "Mozilla/5.0 (compatible; SemrushBot-BA; +http://www.semrush.com/bot.html)"
85.208.98.20 - - [11/Mar/2026:02:44:05 +0000] "GET /24-inch-fish-tank-light-k.html HTTP/1.1" 200 79646 "-" "Mozilla/5.0 (compatible; SemrushBot-BA; +http://www.semrush.com/bot.html)"
85.208.98.24 - - [11/Mar/2026:02:44:08 +0000] "GET /mini-water-heater-rod-k.html HTTP/1.1" 200 79646 "-" "Mozilla/5.0 (compatible; SemrushBot-BA; +http://www.semrush.com/bot.html)"
85.208.98.20 - - [11/Mar/2026:02:44:09 +0000] "GET /fish-tank-light-near-me-k.html HTTP/1.1" 200 79646 "-" "Mozilla/5.0 (compatible; SemrushBot-BA; +http://www.semrush.com/bot.html)"
85.208.98.24 - - [11/Mar/2026:02:44:11 +0000] "GET /f/X3137304 HTTP/1.1" 200 79646 "-" "Mozilla/5.0 (compatible; SemrushBot-BA; +http://www.semrush.com/bot.html)"
85.208.98.19 - - [11/Mar/2026:02:44:13 +0000] "GET /f/I809933 HTTP/1.1" 200 79646 "-" "Mozilla/5.0 (compatible; SemrushBot-BA; +http://www.semrush.com/bot.html)"
85.208.98.20 - - [11/Mar/2026:02:44:14 +0000] "GET /50w-tank-heater-k.html HTTP/1.1" 200 79646 "-" "Mozilla/5.0 (compatible; SemrushBot-BA; +http://www.semrush.com/bot.html)"
85.208.98.19 - - [11/Mar/2026:02:44:15 +0000] "GET /best-aquarium-water-tester-k.html HTTP/1.1" 200 79646 "-" "Mozilla/5.0 (compatible; SemrushBot-BA; +http://www.semrush.com/bot.html)"
85.208.98.22 - - [11/Mar/2026:02:44:15 +0000] "GET /led-tank-k.html HTTP/1.1" 200 79646 "-" "Mozilla/5.0 (compatible; SemrushBot-BA; +http://www.semrush.com/bot.html)"
85.208.98.19 - - [11/Mar/2026:02:44:18 +0000] "GET /aquarium-filter-12v-k.html HTTP/1.1" 200 79646 "-" "Mozilla/5.0 (compatible; SemrushBot-BA; +http://www.semrush.com/bot.html)"
85.208.98.24 - - [11/Mar/2026:02:44:19 +0000] "GET /fg13800-k.html HTTP/1.1" 200 79646 "-" "Mozilla/5.0 (compatible; SemrushBot-BA; +http://www.semrush.com/bot.html)"
85.208.98.16 - - [11/Mar/2026:02:44:22 +0000] "GET /12-inch-aquarium-light-k.html HTTP/1.1" 200 79646 "-" "Mozilla/5.0 (compatible; SemrushBot-BA; +http://www.semrush.com/bot.html)"
85.208.98.31 - - [11/Mar/2026:02:44:22 +0000] "GET /500w-fish-tank-heater-k.html HTTP/1.1" 200 79646 "-" "Mozilla/5.0 (compatible; SemrushBot-BA; +http://www.semrush.com/bot.html)"
85.208.98.23 - - [11/Mar/2026:02:44:26 +0000] "GET /robots.txt HTTP/1.1" 200 416 "-" "Mozilla/5.0 (compatible; SemrushBot-BA; +http://www.semrush.com/bot.html)"
85.208.98.29 - - [11/Mar/2026:02:44:22 +0000] "GET /attach-hose-to-bucket-k.html HTTP/1.1" 200 79654 "-" "Mozilla/5.0 (compatible; SemrushBot-BA; +http://www.semrush.com/bot.html)"
85.208.98.19 - - [11/Mar/2026:02:44:30 +0000] "GET /plant-lights-for-aquariums-k.html HTTP/1.1" 200 79655 "-" "Mozilla/5.0 (compatible; SemrushBot-BA; +http://www.semrush.com/bot.html)"
85.208.98.24 - - [11/Mar/2026:02:44:30 +0000] "GET /heater-for-round-fish-bowl-k.html HTTP/1.1" 200 79655 "-" "Mozilla/5.0 (compatible; SemrushBot-BA; +http://www.semrush.com/bot.html)"
85.208.98.22 - - [11/Mar/2026:02:44:31 +0000] "GET /tank-light-k.html HTTP/1.1" 200 79655 "-" "Mozilla/5.0 (compatible; SemrushBot-BA; +http://www.semrush.com/bot.html)"
204.12.228.50 - - [11/Mar/2026:02:43:30 +0000] "GET /wp-includes/js698bd7/index.php?id=713982 HTTP/1.1" 200 - "http://azamsportsacademy.com/wp-includes/js698bd7/index.php?id=713982" "Mozilla/5.0 (Windows NT 10.0; Win64; x64) AppleWebKit/537.36 (KHTML, like Gecko) Chrome/58.0.3029.110 Safari/537.3"
204.12.228.50 - - [11/Mar/2026:02:43:30 +0000] "GET /wp-content/imd685fa/edit.php?id=318100 HTTP/1.1" 200 - "http://azamsportsacademy.com/wp-content/imd685fa/edit.php?id=318100" "Mozilla/5.0 (Windows NT 10.0; Win64; x64) AppleWebKit/537.36 (KHTML, like Gecko) Chrome/58.0.3029.110 Safari/537.3"
85.208.98.29 - - [11/Mar/2026:02:44:53 +0000] "GET /fish-tank-heater-k.html HTTP/1.1" 200 79647 "-" "Mozilla/5.0 (compatible; SemrushBot-BA; +http://www.semrush.com/bot.html)"
85.208.98.16 - - [11/Mar/2026:02:44:53 +0000] "GET /sponge-air-pump-k.html HTTP/1.1" 200 79647 "-" "Mozilla/5.0 (compatible; SemrushBot-BA; +http://www.semrush.com/bot.html)"
204.12.228.50 - - [11/Mar/2026:02:43:33 +0000] "GET /wp-includes/pld685fa/edit.php?id=198300 HTTP/1.1" 200 - "http://azamsportsacademy.com/wp-includes/pld685fa/edit.php?id=198300" "Mozilla/5.0 (Windows NT 10.0; Win64; x64) AppleWebKit/537.36 (KHTML, like Gecko) Chrome/58.0.3029.110 Safari/537.3"
85.208.98.20 - - [11/Mar/2026:02:45:16 +0000] "GET /fish-air-filter-k.html HTTP/1.1" 200 82655 "-" "Mozilla/5.0 (compatible; SemrushBot-BA; +http://www.semrush.com/bot.html)"
85.208.98.29 - - [11/Mar/2026:02:45:16 +0000] "GET /heater-for-shrimp-tank-k.html HTTP/1.1" 200 82655 "-" "Mozilla/5.0 (compatible; SemrushBot-BA; +http://www.semrush.com/bot.html)"
85.208.98.22 - - [11/Mar/2026:02:45:16 +0000] "GET /f/E921832 HTTP/1.1" 200 82655 "-" "Mozilla/5.0 (compatible; SemrushBot-BA; +http://www.semrush.com/bot.html)"
85.208.98.20 - - [11/Mar/2026:02:45:37 +0000] "GET /best-aquarium-water-test-kit-k.html HTTP/1.1" 200 82655 "-" "Mozilla/5.0 (compatible; SemrushBot-BA; +http://www.semrush.com/bot.html)"
85.208.98.22 - - [11/Mar/2026:02:45:37 +0000] "GET /f/X3137408 HTTP/1.1" 200 82655 "-" "Mozilla/5.0 (compatible; SemrushBot-BA; +http://www.semrush.com/bot.html)"
85.208.98.29 - - [11/Mar/2026:02:45:37 +0000] "GET /15-gallon-aquarium-heater-k.html HTTP/1.1" 200 82655 "-" "Mozilla/5.0 (compatible; SemrushBot-BA; +http://www.semrush.com/bot.html)"
204.12.228.50 - - [11/Mar/2026:02:45:04 +0000] "GET /wp-includes/js698bd7/index.php?id=713982 HTTP/1.1" 200 - "http://azamsportsacademy.com/wp-includes/js698bd7/index.php?id=713982" "Mozilla/5.0 (Windows NT 10.0; Win64; x64) AppleWebKit/537.36 (KHTML, like Gecko) Chrome/58.0.3029.110 Safari/537.3"
204.12.228.50 - - [11/Mar/2026:02:45:09 +0000] "GET /wp-content/imd685fa/edit.php?id=318100 HTTP/1.1" 200 - "http://azamsportsacademy.com/wp-content/imd685fa/edit.php?id=318100" "Mozilla/5.0 (Windows NT 10.0; Win64; x64) AppleWebKit/537.36 (KHTML, like Gecko) Chrome/58.0.3029.110 Safari/537.3"
204.12.228.50 - - [11/Mar/2026:02:45:11 +0000] "GET /wp-includes/pld685fa/edit.php?id=198300 HTTP/1.1" 200 - "http://azamsportsacademy.com/wp-includes/pld685fa/edit.php?id=198300" "Mozilla/5.0 (Windows NT 10.0; Win64; x64) AppleWebKit/537.36 (KHTML, like Gecko) Chrome/58.0.3029.110 Safari/537.3"
85.208.98.16 - - [11/Mar/2026:02:46:02 +0000] "GET /aquarium-water-filter-pump-k.html HTTP/1.1" 200 82655 "-" "Mozilla/5.0 (compatible; SemrushBot-BA; +http://www.semrush.com/bot.html)"
85.208.98.31 - - [11/Mar/2026:02:46:02 +0000] "GET /fish-tank-light-setup-k.html HTTP/1.1" 200 82655 "-" "Mozilla/5.0 (compatible; SemrushBot-BA; +http://www.semrush.com/bot.html)"
85.208.98.24 - - [11/Mar/2026:02:46:03 +0000] "GET /mini-heater-for-betta-tank-k.html HTTP/1.1" 200 82655 "-" "Mozilla/5.0 (compatible; SemrushBot-BA; +http://www.semrush.com/bot.html)"
85.208.98.22 - - [11/Mar/2026:02:46:30 +0000] "GET /account-blocked-k.html HTTP/1.1" 200 82655 "-" "Mozilla/5.0 (compatible; SemrushBot-BA; +http://www.semrush.com/bot.html)"
85.208.98.20 - - [11/Mar/2026:02:46:30 +0000] "GET /tiny-aquarium-heater-k.html HTTP/1.1" 200 82655 "-" "Mozilla/5.0 (compatible; SemrushBot-BA; +http://www.semrush.com/bot.html)"
43.133.253.253 - - [11/Mar/2026:02:46:49 +0000] "GET /sitemap.xml?fileloc=/home/azamsportsacadem/public_html/wp-config-sample.php&path=/home/azamsportsacadem/public_html HTTP/1.1" 200 15720 "-" "Mozilla/5.0 (iPhone; CPU iPhone OS 13_2_3 like Mac OS X) AppleWebKit/605.1.15 (KHTML, like Gecko) Version/13.0.3 Mobile/15E148 Safari/604.1"
85.208.98.23 - - [11/Mar/2026:02:48:12 +0000] "GET /robots.txt HTTP/1.1" 200 418 "-" "Mozilla/5.0 (compatible; SemrushBot-BA; +http://www.semrush.com/bot.html)"
204.12.228.50 - - [11/Mar/2026:02:46:41 +0000] "GET /wp-includes/js698bd7/index.php?id=713982 HTTP/1.1" 200 - "http://azamsportsacademy.com/wp-includes/js698bd7/index.php?id=713982" "Mozilla/5.0 (Windows NT 10.0; Win64; x64) AppleWebKit/537.36 (KHTML, like Gecko) Chrome/58.0.3029.110 Safari/537.3"
204.12.228.50 - - [11/Mar/2026:02:46:43 +0000] "GET /wp-content/imd685fa/edit.php?id=318100 HTTP/1.1" 200 - "http://azamsportsacademy.com/wp-content/imd685fa/edit.php?id=318100" "Mozilla/5.0 (Windows NT 10.0; Win64; x64) AppleWebKit/537.36 (KHTML, like Gecko) Chrome/58.0.3029.110 Safari/537.3"
204.12.228.50 - - [11/Mar/2026:02:46:45 +0000] "GET /wp-includes/pld685fa/edit.php?id=198300 HTTP/1.1" 200 - "http://azamsportsacademy.com/wp-includes/pld685fa/edit.php?id=198300" "Mozilla/5.0 (Windows NT 10.0; Win64; x64) AppleWebKit/537.36 (KHTML, like Gecko) Chrome/58.0.3029.110 Safari/537.3"
85.208.98.19 - - [11/Mar/2026:02:48:36 +0000] "GET /f/R3138364 HTTP/1.1" 200 82655 "-" "Mozilla/5.0 (compatible; SemrushBot-BA; +http://www.semrush.com/bot.html)"
85.208.98.18 - - [11/Mar/2026:02:49:35 +0000] "GET /robots.txt HTTP/1.1" 200 418 "-" "Mozilla/5.0 (compatible; SemrushBot; +http://www.semrush.com/bot.html)"
85.208.98.24 - - [11/Mar/2026:02:48:44 +0000] "GET /radiating-heat-in-leg-k.html HTTP/1.1" 200 82655 "-" "Mozilla/5.0 (compatible; SemrushBot-BA; +http://www.semrush.com/bot.html)"
85.208.98.23 - - [11/Mar/2026:02:49:45 +0000] "GET /robots.txt HTTP/1.1" 200 418 "-" "Mozilla/5.0 (compatible; SemrushBot-BA; +http://www.semrush.com/bot.html)"
85.208.98.23 - - [11/Mar/2026:02:50:09 +0000] "GET /robots.txt HTTP/1.1" 200 418 "-" "Mozilla/5.0 (compatible; SemrushBot-BA; +http://www.semrush.com/bot.html)"
204.12.228.50 - - [11/Mar/2026:02:48:33 +0000] "GET /wp-includes/js698bd7/index.php?id=713982 HTTP/1.1" 200 - "http://azamsportsacademy.com/wp-includes/js698bd7/index.php?id=713982" "Mozilla/5.0 (Windows NT 10.0; Win64; x64) AppleWebKit/537.36 (KHTML, like Gecko) Chrome/58.0.3029.110 Safari/537.3"
204.12.228.50 - - [11/Mar/2026:02:48:35 +0000] "GET /wp-content/imd685fa/edit.php?id=318100 HTTP/1.1" 200 - "http://azamsportsacademy.com/wp-content/imd685fa/edit.php?id=318100" "Mozilla/5.0 (Windows NT 10.0; Win64; x64) AppleWebKit/537.36 (KHTML, like Gecko) Chrome/58.0.3029.110 Safari/537.3"
204.12.228.50 - - [11/Mar/2026:02:48:35 +0000] "GET /wp-includes/pld685fa/edit.php?id=198300 HTTP/1.1" 200 - "http://azamsportsacademy.com/wp-includes/pld685fa/edit.php?id=198300" "Mozilla/5.0 (Windows NT 10.0; Win64; x64) AppleWebKit/537.36 (KHTML, like Gecko) Chrome/58.0.3029.110 Safari/537.3"
85.208.98.20 - - [11/Mar/2026:02:50:09 +0000] "GET /heavy-grit-soap-k.html HTTP/1.1" 200 82655 "-" "Mozilla/5.0 (compatible; SemrushBot-BA; +http://www.semrush.com/bot.html)"
85.208.98.16 - - [11/Mar/2026:02:50:11 +0000] "GET /alpine-sage-dr-squatch-k.html HTTP/1.1" 200 82655 "-" "Mozilla/5.0 (compatible; SemrushBot-BA; +http://www.semrush.com/bot.html)"
85.208.98.23 - - [11/Mar/2026:02:50:39 +0000] "GET /robots.txt HTTP/1.1" 200 418 "-" "Mozilla/5.0 (compatible; SemrushBot-BA; +http://www.semrush.com/bot.html)"
204.12.228.50 - - [11/Mar/2026:02:50:23 +0000] "GET /wp-includes/js698bd7/index.php?id=713982 HTTP/1.1" 200 - "http://azamsportsacademy.com/wp-includes/js698bd7/index.php?id=713982" "Mozilla/5.0 (Windows NT 10.0; Win64; x64) AppleWebKit/537.36 (KHTML, like Gecko) Chrome/58.0.3029.110 Safari/537.3"
204.12.228.50 - - [11/Mar/2026:02:50:25 +0000] "GET /wp-content/imd685fa/edit.php?id=318100 HTTP/1.1" 200 - "http://azamsportsacademy.com/wp-content/imd685fa/edit.php?id=318100" "Mozilla/5.0 (Windows NT 10.0; Win64; x64) AppleWebKit/537.36 (KHTML, like Gecko) Chrome/58.0.3029.110 Safari/537.3"
85.208.98.24 - - [11/Mar/2026:02:50:39 +0000] "GET /only-hope-soap-k.html HTTP/1.1" 200 82655 "-" "Mozilla/5.0 (compatible; SemrushBot-BA; +http://www.semrush.com/bot.html)"
85.208.98.22 - - [11/Mar/2026:02:50:41 +0000] "GET /f/N3138698 HTTP/1.1" 200 82655 "-" "Mozilla/5.0 (compatible; SemrushBot-BA; +http://www.semrush.com/bot.html)"
204.12.228.50 - - [11/Mar/2026:02:50:27 +0000] "GET /wp-includes/pld685fa/edit.php?id=198300 HTTP/1.1" 200 - "http://azamsportsacademy.com/wp-includes/pld685fa/edit.php?id=198300" "Mozilla/5.0 (Windows NT 10.0; Win64; x64) AppleWebKit/537.36 (KHTML, like Gecko) Chrome/58.0.3029.110 Safari/537.3"
54.235.125.129 - - [11/Mar/2026:02:51:10 +0000] "GET /experience-beon-bet-casino-where-thrilling-games-m/?fileloc=/home/azamsportsacadem/public_html/wp-config.php&path=/home/azamsportsacadem/public_html HTTP/1.1" 200 16094 "-" "Mozilla/5.0 AppleWebKit/537.36 (KHTML, like Gecko; compatible; Amazonbot/0.1; +https://developer.amazon.com/support/amazonbot) Chrome/119.0.6045.214 Safari/537.36"
44.206.65.8 - - [11/Mar/2026:02:51:14 +0000] "GET /unlock-the-thrills-of-staxino-casino-your-gateway/?fileloc=/home/azamsportsacadem/public_html/wp-settings.php&path=/home/azamsportsacadem/public_html HTTP/1.1" 200 35833 "-" "Mozilla/5.0 AppleWebKit/537.36 (KHTML, like Gecko; compatible; Amazonbot/0.1; +https://developer.amazon.com/support/amazonbot) Chrome/119.0.6045.214 Safari/537.36"
85.208.98.29 - - [11/Mar/2026:02:51:16 +0000] "GET /saje-soap-k.html HTTP/1.1" 200 82655 "-" "Mozilla/5.0 (compatible; SemrushBot-BA; +http://www.semrush.com/bot.html)"
85.208.98.19 - - [11/Mar/2026:02:51:17 +0000] "GET /sasquatch-mens-soap-k.html HTTP/1.1" 200 82655 "-" "Mozilla/5.0 (compatible; SemrushBot-BA; +http://www.semrush.com/bot.html)"
85.208.98.29 - - [11/Mar/2026:02:51:55 +0000] "GET /patterned-dungarees-k.html HTTP/1.1" 200 82655 "-" "Mozilla/5.0 (compatible; SemrushBot-BA; +http://www.semrush.com/bot.html)"
85.208.98.24 - - [11/Mar/2026:02:51:54 +0000] "GET /dr-toothpaste-k.html HTTP/1.1" 200 82655 "-" "Mozilla/5.0 (compatible; SemrushBot-BA; +http://www.semrush.com/bot.html)"
85.208.98.22 - - [11/Mar/2026:02:52:01 +0000] "GET /f/H3137366 HTTP/1.1" 200 82655 "-" "Mozilla/5.0 (compatible; SemrushBot-BA; +http://www.semrush.com/bot.html)"
85.208.98.16 - - [11/Mar/2026:02:52:02 +0000] "GET /water-heater-hot-water-valve-k.html HTTP/1.1" 200 82655 "-" "Mozilla/5.0 (compatible; SemrushBot-BA; +http://www.semrush.com/bot.html)"
85.208.98.16 - - [11/Mar/2026:02:52:17 +0000] "GET /gazebo-2x2-k.html HTTP/1.1" 200 82655 "-" "Mozilla/5.0 (compatible; SemrushBot-BA; +http://www.semrush.com/bot.html)"
85.208.98.19 - - [11/Mar/2026:02:52:18 +0000] "GET /pergola-5m-x-5m-k.html HTTP/1.1" 200 82655 "-" "Mozilla/5.0 (compatible; SemrushBot-BA; +http://www.semrush.com/bot.html)"
85.208.98.19 - - [11/Mar/2026:02:52:30 +0000] "GET /pergola-wall-k.html HTTP/1.1" 200 82655 "-" "Mozilla/5.0 (compatible; SemrushBot-BA; +http://www.semrush.com/bot.html)"
204.12.228.50 - - [11/Mar/2026:02:52:17 +0000] "GET /wp-includes/pld685fa/edit.php?id=198300 HTTP/1.1" 200 - "http://azamsportsacademy.com/wp-includes/pld685fa/edit.php?id=198300" "Mozilla/5.0 (Windows NT 10.0; Win64; x64) AppleWebKit/537.36 (KHTML, like Gecko) Chrome/58.0.3029.110 Safari/537.3"
204.12.228.50 - - [11/Mar/2026:02:52:16 +0000] "GET /wp-content/imd685fa/edit.php?id=318100 HTTP/1.1" 200 - "http://azamsportsacademy.com/wp-content/imd685fa/edit.php?id=318100" "Mozilla/5.0 (Windows NT 10.0; Win64; x64) AppleWebKit/537.36 (KHTML, like Gecko) Chrome/58.0.3029.110 Safari/537.3"
204.12.228.50 - - [11/Mar/2026:02:52:13 +0000] "GET /wp-includes/js698bd7/index.php?id=713982 HTTP/1.1" 200 - "http://azamsportsacademy.com/wp-includes/js698bd7/index.php?id=713982" "Mozilla/5.0 (Windows NT 10.0; Win64; x64) AppleWebKit/537.36 (KHTML, like Gecko) Chrome/58.0.3029.110 Safari/537.3"
91.92.243.238 - - [11/Mar/2026:02:54:05 +0000] "POST /wp-login.php HTTP/1.1" 200 82655 "-" "Mozilla/5.0"
91.92.243.238 - - [11/Mar/2026:02:54:05 +0000] "POST /wp-login.php HTTP/1.1" 200 82655 "-" "Mozilla/5.0"
91.92.243.238 - - [11/Mar/2026:02:54:05 +0000] "POST /wp-login.php HTTP/1.1" 200 82655 "-" "Mozilla/5.0"
91.92.243.238 - - [11/Mar/2026:02:54:05 +0000] "POST /wp-login.php HTTP/1.1" 200 82655 "-" "Mozilla/5.0"
91.92.243.238 - - [11/Mar/2026:02:54:05 +0000] "POST /wp-login.php HTTP/1.1" 200 82655 "-" "Mozilla/5.0"
91.92.243.238 - - [11/Mar/2026:02:54:05 +0000] "POST /wp-login.php HTTP/1.1" 200 82655 "-" "Mozilla/5.0"
204.12.228.50 - - [11/Mar/2026:02:54:00 +0000] "GET /wp-includes/js698bd7/index.php?id=713982 HTTP/1.1" 200 - "http://azamsportsacademy.com/wp-includes/js698bd7/index.php?id=713982" "Mozilla/5.0 (Windows NT 10.0; Win64; x64) AppleWebKit/537.36 (KHTML, like Gecko) Chrome/58.0.3029.110 Safari/537.3"
204.12.228.50 - - [11/Mar/2026:02:53:59 +0000] "GET /wp-content/imd685fa/edit.php?id=318100 HTTP/1.1" 200 - "http://azamsportsacademy.com/wp-content/imd685fa/edit.php?id=318100" "Mozilla/5.0 (Windows NT 10.0; Win64; x64) AppleWebKit/537.36 (KHTML, like Gecko) Chrome/58.0.3029.110 Safari/537.3"
204.12.228.50 - - [11/Mar/2026:02:53:58 +0000] "GET /wp-includes/pld685fa/edit.php?id=198300 HTTP/1.1" 200 - "http://azamsportsacademy.com/wp-includes/pld685fa/edit.php?id=198300" "Mozilla/5.0 (Windows NT 10.0; Win64; x64) AppleWebKit/537.36 (KHTML, like Gecko) Chrome/58.0.3029.110 Safari/537.3"
85.208.98.23 - - [11/Mar/2026:02:56:32 +0000] "GET /robots.txt HTTP/1.1" 200 419 "-" "Mozilla/5.0 (compatible; SemrushBot-BA; +http://www.semrush.com/bot.html)"
204.12.228.50 - - [11/Mar/2026:02:55:35 +0000] "GET /wp-includes/pld685fa/edit.php?id=198300 HTTP/1.1" 200 - "http://azamsportsacademy.com/wp-includes/pld685fa/edit.php?id=198300" "Mozilla/5.0 (Windows NT 10.0; Win64; x64) AppleWebKit/537.36 (KHTML, like Gecko) Chrome/58.0.3029.110 Safari/537.3"
204.12.228.50 - - [11/Mar/2026:02:55:34 +0000] "GET /wp-includes/js698bd7/index.php?id=713982 HTTP/1.1" 200 - "http://azamsportsacademy.com/wp-includes/js698bd7/index.php?id=713982" "Mozilla/5.0 (Windows NT 10.0; Win64; x64) AppleWebKit/537.36 (KHTML, like Gecko) Chrome/58.0.3029.110 Safari/537.3"
204.12.228.50 - - [11/Mar/2026:02:55:34 +0000] "GET /wp-content/imd685fa/edit.php?id=318100 HTTP/1.1" 200 - "http://azamsportsacademy.com/wp-content/imd685fa/edit.php?id=318100" "Mozilla/5.0 (Windows NT 10.0; Win64; x64) AppleWebKit/537.36 (KHTML, like Gecko) Chrome/58.0.3029.110 Safari/537.3"
85.208.98.24 - - [11/Mar/2026:02:56:46 +0000] "GET /pop-up-tents-k.html HTTP/1.1" 200 82655 "-" "Mozilla/5.0 (compatible; SemrushBot-BA; +http://www.semrush.com/bot.html)"
85.208.98.24 - - [11/Mar/2026:02:56:47 +0000] "GET /green-packaging-tape-k.html HTTP/1.1" 200 82655 "-" "Mozilla/5.0 (compatible; SemrushBot-BA; +http://www.semrush.com/bot.html)"
85.208.98.22 - - [11/Mar/2026:02:57:02 +0000] "GET /printed-box-tape-k.html HTTP/1.1" 200 82655 "-" "Mozilla/5.0 (compatible; SemrushBot-BA; +http://www.semrush.com/bot.html)"
85.208.98.23 - - [11/Mar/2026:02:58:02 +0000] "GET /robots.txt HTTP/1.1" 200 419 "-" "Mozilla/5.0 (compatible; SemrushBot-BA; +http://www.semrush.com/bot.html)"
95.182.106.8 - - [11/Mar/2026:02:58:10 +0000] "GET http://azamsportsacademy.com/wp-content/uploads/2021/07/WhatsApp-Image-2021-07-09-at-10.52.41-AM.jpeg HTTP/1.1" 200 96906 "-" "Mozilla/5.0 (compatible; MSIE 6.0; Windows NT 4.0; Trident/4.1)"
204.12.228.50 - - [11/Mar/2026:02:57:09 +0000] "GET /wp-content/imd685fa/edit.php?id=318100 HTTP/1.1" 200 - "http://azamsportsacademy.com/wp-content/imd685fa/edit.php?id=318100" "Mozilla/5.0 (Windows NT 10.0; Win64; x64) AppleWebKit/537.36 (KHTML, like Gecko) Chrome/58.0.3029.110 Safari/537.3"
204.12.228.50 - - [11/Mar/2026:02:57:08 +0000] "GET /wp-includes/js698bd7/index.php?id=713982 HTTP/1.1" 200 - "http://azamsportsacademy.com/wp-includes/js698bd7/index.php?id=713982" "Mozilla/5.0 (Windows NT 10.0; Win64; x64) AppleWebKit/537.36 (KHTML, like Gecko) Chrome/58.0.3029.110 Safari/537.3"
204.12.228.50 - - [11/Mar/2026:02:57:07 +0000] "GET /wp-includes/pld685fa/edit.php?id=198300 HTTP/1.1" 200 - "http://azamsportsacademy.com/wp-includes/pld685fa/edit.php?id=198300" "Mozilla/5.0 (Windows NT 10.0; Win64; x64) AppleWebKit/537.36 (KHTML, like Gecko) Chrome/58.0.3029.110 Safari/537.3"
85.208.98.22 - - [11/Mar/2026:02:58:21 +0000] "GET /cost-of-couple-rings-k.html HTTP/1.1" 200 82655 "-" "Mozilla/5.0 (compatible; SemrushBot-BA; +http://www.semrush.com/bot.html)"
85.208.98.18 - - [11/Mar/2026:02:58:54 +0000] "GET /robots.txt HTTP/1.1" 200 417 "-" "Mozilla/5.0 (compatible; SemrushBot; +http://www.semrush.com/bot.html)"
