66.249.68.70 - - [10/Mar/2026:19:57:05 +0000] "GET /book/0026586764.html HTTP/1.1" 200 58828 "-" "Mozilla/5.0 (Linux; Android 6.0.1; Nexus 5X Build/MMB29P) AppleWebKit/537.36 (KHTML, like Gecko) Chrome/145.0.7632.116 Mobile Safari/537.36 (compatible; GoogleOther)"
66.249.68.70 - - [10/Mar/2026:20:00:21 +0000] "GET /f/Z1069965 HTTP/1.1" 200 58828 "-" "Mozilla/5.0 (Linux; Android 6.0.1; Nexus 5X Build/MMB29P) AppleWebKit/537.36 (KHTML, like Gecko) Chrome/145.0.7632.116 Mobile Safari/537.36 (compatible; Googlebot/2.1; +http://www.google.com/bot.html)"
66.249.68.70 - - [10/Mar/2026:20:00:23 +0000] "GET /f/Z1069965 HTTP/1.1" 200 58828 "-" "Mozilla/5.0 (Linux; Android 6.0.1; Nexus 5X Build/MMB29P) AppleWebKit/537.36 (KHTML, like Gecko) Chrome/145.0.7632.116 Mobile Safari/537.36 (compatible; GoogleOther)"
91.92.243.238 - - [10/Mar/2026:20:05:01 +0000] "POST /wp-login.php HTTP/1.1" 200 58828 "-" "Mozilla/5.0"
91.92.243.238 - - [10/Mar/2026:20:05:01 +0000] "POST /wp-login.php HTTP/1.1" 200 58828 "-" "Mozilla/5.0"
91.92.243.238 - - [10/Mar/2026:20:05:01 +0000] "POST /wp-login.php HTTP/1.1" 200 58828 "-" "Mozilla/5.0"
91.92.243.238 - - [10/Mar/2026:20:05:01 +0000] "POST /wp-login.php HTTP/1.1" 200 58828 "-" "Mozilla/5.0"
91.92.243.238 - - [10/Mar/2026:20:05:01 +0000] "POST /wp-login.php HTTP/1.1" 200 58828 "-" "Mozilla/5.0"
91.92.243.238 - - [10/Mar/2026:20:05:01 +0000] "POST /wp-login.php HTTP/1.1" 200 58828 "-" "Mozilla/5.0"
107.172.243.107 - - [10/Mar/2026:20:07:06 +0000] "GET /wp-login.php HTTP/1.1" 200 58828 "-" "Mozilla/5.0 (Windows NT 10.0; Win64; x64; rv:89.0) Gecko/20100101 Firefox/89.0"
34.65.40.53 - - [10/Mar/2026:20:07:32 +0000] "HEAD / HTTP/1.1" 200 - "-" "Mozilla/5.0 (Windows NT 10.0; Win64; x64) AppleWebKit/537.36 (KHTML, like Gecko) Chrome/127.0.6534.42 Safari/537.36"
34.65.40.53 - - [10/Mar/2026:20:07:33 +0000] "HEAD /old/ HTTP/1.1" 200 - "-" "Mozilla/5.0 (Windows NT 10.0; Win64; x64) AppleWebKit/537.36 (KHTML, like Gecko) Chrome/127.0.6534.42 Safari/537.36"
34.65.40.53 - - [10/Mar/2026:20:07:33 +0000] "HEAD /backup/ HTTP/1.1" 200 - "-" "Mozilla/5.0 (Linux; Android 14; OnePlus 12) AppleWebKit/537.36 (KHTML, like Gecko) Chrome/125.0.6422.102 Mobile Safari/537.36"
34.65.40.53 - - [10/Mar/2026:20:07:34 +0000] "HEAD /blog/ HTTP/1.1" 200 - "-" "Mozilla/5.0 (iPhone; CPU iPhone OS 16_7 like Mac OS X) AppleWebKit/605.1.15 (KHTML, like Gecko) Version/16.7 Mobile/15E148 Safari/604.1"
34.65.40.53 - - [10/Mar/2026:20:07:34 +0000] "HEAD /wordpress/ HTTP/1.1" 403 - "-" "Mozilla/5.0 (Windows NT 10.0; Win64; x64; rv:127.0) Gecko/20100101 Firefox/127.0"
34.65.40.53 - - [10/Mar/2026:20:07:35 +0000] "HEAD /wp/ HTTP/1.1" 200 - "-" "Mozilla/5.0 (iPhone; CPU iPhone OS 16_7 like Mac OS X) AppleWebKit/605.1.15 (KHTML, like Gecko) Version/16.7 Mobile/15E148 Safari/604.1"
34.65.40.53 - - [10/Mar/2026:20:07:35 +0000] "HEAD /new/ HTTP/1.1" 200 - "-" "Mozilla/5.0 (Linux; U; Android 10; en-US; CPH2015) AppleWebKit/537.36 (KHTML, like Gecko) UCBrowser/13.5.8.1311 Mobile Safari/537.36"
85.208.98.23 - - [10/Mar/2026:20:09:10 +0000] "GET /robots.txt HTTP/1.1" 200 88 "-" "Mozilla/5.0 (compatible; SemrushBot-BA; +http://www.semrush.com/bot.html)"
85.208.98.29 - - [10/Mar/2026:20:09:41 +0000] "GET /teflon-sealer-k.html HTTP/1.1" 200 58828 "-" "Mozilla/5.0 (compatible; SemrushBot-BA; +http://www.semrush.com/bot.html)"
85.208.98.22 - - [10/Mar/2026:20:09:44 +0000] "GET /magazine-boxes-k.html HTTP/1.1" 200 58828 "-" "Mozilla/5.0 (compatible; SemrushBot-BA; +http://www.semrush.com/bot.html)"
85.208.98.31 - - [10/Mar/2026:20:09:51 +0000] "GET /poster-holder-rack-k.html HTTP/1.1" 200 58828 "-" "Mozilla/5.0 (compatible; SemrushBot-BA; +http://www.semrush.com/bot.html)"
85.208.98.23 - - [10/Mar/2026:20:13:11 +0000] "GET /robots.txt HTTP/1.1" 200 88 "-" "Mozilla/5.0 (compatible; SemrushBot-BA; +http://www.semrush.com/bot.html)"
85.208.98.23 - - [10/Mar/2026:20:13:22 +0000] "GET /robots.txt HTTP/1.1" 200 88 "-" "Mozilla/5.0 (compatible; SemrushBot-BA; +http://www.semrush.com/bot.html)"
85.208.98.31 - - [10/Mar/2026:20:13:39 +0000] "GET /f/M2563519 HTTP/1.1" 200 58828 "-" "Mozilla/5.0 (compatible; SemrushBot-BA; +http://www.semrush.com/bot.html)"
85.208.98.31 - - [10/Mar/2026:20:13:43 +0000] "GET /f/M3188677 HTTP/1.1" 200 58828 "-" "Mozilla/5.0 (compatible; SemrushBot-BA; +http://www.semrush.com/bot.html)"
85.208.98.29 - - [10/Mar/2026:20:13:57 +0000] "GET /usps-packing-tape-k.html HTTP/1.1" 200 58828 "-" "Mozilla/5.0 (compatible; SemrushBot-BA; +http://www.semrush.com/bot.html)"
85.208.98.20 - - [10/Mar/2026:20:14:00 +0000] "GET /lotion-tissues-k.html HTTP/1.1" 200 58828 "-" "Mozilla/5.0 (compatible; SemrushBot-BA; +http://www.semrush.com/bot.html)"
85.208.98.31 - - [10/Mar/2026:20:14:21 +0000] "GET /scotch-magic-tape-6-rolls-k.html HTTP/1.1" 200 58828 "-" "Mozilla/5.0 (compatible; SemrushBot-BA; +http://www.semrush.com/bot.html)"
85.208.98.22 - - [10/Mar/2026:20:14:25 +0000] "GET /my-passport-wireless-pro-k.html HTTP/1.1" 200 58828 "-" "Mozilla/5.0 (compatible; SemrushBot-BA; +http://www.semrush.com/bot.html)"
85.208.98.29 - - [10/Mar/2026:20:14:39 +0000] "GET /f/H3138146 HTTP/1.1" 200 58828 "-" "Mozilla/5.0 (compatible; SemrushBot-BA; +http://www.semrush.com/bot.html)"
85.208.98.20 - - [10/Mar/2026:20:14:41 +0000] "GET /ada-kitchen-sink-k.html HTTP/1.1" 200 58828 "-" "Mozilla/5.0 (compatible; SemrushBot-BA; +http://www.semrush.com/bot.html)"
85.208.98.19 - - [10/Mar/2026:20:14:55 +0000] "GET /f/N3138620 HTTP/1.1" 200 58828 "-" "Mozilla/5.0 (compatible; SemrushBot-BA; +http://www.semrush.com/bot.html)"
85.208.98.29 - - [10/Mar/2026:20:14:56 +0000] "GET /aluminium-kitchen-sink-k.html HTTP/1.1" 200 58828 "-" "Mozilla/5.0 (compatible; SemrushBot-BA; +http://www.semrush.com/bot.html)"
85.208.98.22 - - [10/Mar/2026:20:15:06 +0000] "GET /black-quartz-sink-k.html HTTP/1.1" 200 58828 "-" "Mozilla/5.0 (compatible; SemrushBot-BA; +http://www.semrush.com/bot.html)"
85.208.98.23 - - [10/Mar/2026:20:16:25 +0000] "GET /robots.txt HTTP/1.1" 200 88 "-" "Mozilla/5.0 (compatible; SemrushBot-BA; +http://www.semrush.com/bot.html)"
91.92.243.238 - - [10/Mar/2026:20:16:44 +0000] "POST /wp-login.php HTTP/1.1" 200 58828 "-" "Mozilla/5.0"
91.92.243.238 - - [10/Mar/2026:20:16:44 +0000] "POST /wp-login.php HTTP/1.1" 200 58828 "-" "Mozilla/5.0"
91.92.243.238 - - [10/Mar/2026:20:16:44 +0000] "POST /wp-login.php HTTP/1.1" 200 58828 "-" "Mozilla/5.0"
91.92.243.238 - - [10/Mar/2026:20:16:44 +0000] "POST /wp-login.php HTTP/1.1" 200 58828 "-" "Mozilla/5.0"
91.92.243.238 - - [10/Mar/2026:20:16:44 +0000] "POST /wp-login.php HTTP/1.1" 200 58828 "-" "Mozilla/5.0"
91.92.243.238 - - [10/Mar/2026:20:16:44 +0000] "POST /wp-login.php HTTP/1.1" 200 58828 "-" "Mozilla/5.0"
85.208.98.20 - - [10/Mar/2026:20:17:11 +0000] "GET /aso-ankle-brace-k.html HTTP/1.1" 200 58828 "-" "Mozilla/5.0 (compatible; SemrushBot-BA; +http://www.semrush.com/bot.html)"
85.208.98.24 - - [10/Mar/2026:20:17:17 +0000] "GET /achilles-brace-k.html HTTP/1.1" 200 58828 "-" "Mozilla/5.0 (compatible; SemrushBot-BA; +http://www.semrush.com/bot.html)"
66.249.68.70 - - [10/Mar/2026:20:17:21 +0000] "GET /56412521973645.html HTTP/1.1" 200 58828 "-" "Mozilla/5.0 (Linux; Android 6.0.1; Nexus 5X Build/MMB29P) AppleWebKit/537.36 (KHTML, like Gecko) Chrome/145.0.7632.116 Mobile Safari/537.36 (compatible; GoogleOther)"
85.208.98.16 - - [10/Mar/2026:20:17:32 +0000] "GET /arch-brace-k.html HTTP/1.1" 200 58828 "-" "Mozilla/5.0 (compatible; SemrushBot-BA; +http://www.semrush.com/bot.html)"
85.208.98.31 - - [10/Mar/2026:20:17:35 +0000] "GET /clavicle-support-k.html HTTP/1.1" 200 58828 "-" "Mozilla/5.0 (compatible; SemrushBot-BA; +http://www.semrush.com/bot.html)"
66.249.68.71 - - [10/Mar/2026:20:17:45 +0000] "GET /f/W1915279 HTTP/1.1" 200 58828 "-" "Mozilla/5.0 (Linux; Android 6.0.1; Nexus 5X Build/MMB29P) AppleWebKit/537.36 (KHTML, like Gecko) Chrome/145.0.7632.116 Mobile Safari/537.36 (compatible; GoogleOther)"
85.208.98.29 - - [10/Mar/2026:20:18:01 +0000] "GET /nike-back-brace-k.html HTTP/1.1" 200 58828 "-" "Mozilla/5.0 (compatible; SemrushBot-BA; +http://www.semrush.com/bot.html)"
85.208.98.16 - - [10/Mar/2026:20:18:05 +0000] "GET /f/H811362 HTTP/1.1" 200 58828 "-" "Mozilla/5.0 (compatible; SemrushBot-BA; +http://www.semrush.com/bot.html)"
85.208.98.19 - - [10/Mar/2026:20:18:28 +0000] "GET /cage-knee-brace-k.html HTTP/1.1" 200 58828 "-" "Mozilla/5.0 (compatible; SemrushBot-BA; +http://www.semrush.com/bot.html)"
85.208.98.16 - - [10/Mar/2026:20:18:29 +0000] "GET /ossur-foot-up-brace-k.html HTTP/1.1" 200 58828 "-" "Mozilla/5.0 (compatible; SemrushBot-BA; +http://www.semrush.com/bot.html)"
85.208.98.31 - - [10/Mar/2026:20:18:56 +0000] "GET /football-knee-brace-k.html HTTP/1.1" 200 58828 "-" "Mozilla/5.0 (compatible; SemrushBot-BA; +http://www.semrush.com/bot.html)"
85.208.98.22 - - [10/Mar/2026:20:18:58 +0000] "GET /medi-knee-brace-k.html HTTP/1.1" 200 58828 "-" "Mozilla/5.0 (compatible; SemrushBot-BA; +http://www.semrush.com/bot.html)"
85.208.98.16 - - [10/Mar/2026:20:19:30 +0000] "GET /ankle-splint-brace-k.html HTTP/1.1" 200 58828 "-" "Mozilla/5.0 (compatible; SemrushBot-BA; +http://www.semrush.com/bot.html)"
85.208.98.19 - - [10/Mar/2026:20:19:32 +0000] "GET /knee-cast-brace-k.html HTTP/1.1" 200 58828 "-" "Mozilla/5.0 (compatible; SemrushBot-BA; +http://www.semrush.com/bot.html)"
85.208.98.19 - - [10/Mar/2026:20:19:55 +0000] "GET /tendon-support-k.html HTTP/1.1" 200 58828 "-" "Mozilla/5.0 (compatible; SemrushBot-BA; +http://www.semrush.com/bot.html)"
85.208.98.16 - - [10/Mar/2026:20:19:56 +0000] "GET /high-knee-brace-k.html HTTP/1.1" 200 58828 "-" "Mozilla/5.0 (compatible; SemrushBot-BA; +http://www.semrush.com/bot.html)"
85.208.98.16 - - [10/Mar/2026:20:20:18 +0000] "GET /ottobock-back-brace-k.html HTTP/1.1" 200 58828 "-" "Mozilla/5.0 (compatible; SemrushBot-BA; +http://www.semrush.com/bot.html)"
85.208.98.31 - - [10/Mar/2026:20:20:19 +0000] "GET /bioskin-ankle-brace-k.html HTTP/1.1" 200 58828 "-" "Mozilla/5.0 (compatible; SemrushBot-BA; +http://www.semrush.com/bot.html)"
85.208.98.20 - - [10/Mar/2026:20:20:38 +0000] "GET /mueller-wrist-brace-k.html HTTP/1.1" 200 58828 "-" "Mozilla/5.0 (compatible; SemrushBot-BA; +http://www.semrush.com/bot.html)"
85.208.98.24 - - [10/Mar/2026:20:20:38 +0000] "GET /mcdavid-back-support-k.html HTTP/1.1" 200 58828 "-" "Mozilla/5.0 (compatible; SemrushBot-BA; +http://www.semrush.com/bot.html)"
85.208.98.19 - - [10/Mar/2026:20:20:55 +0000] "GET /air-ankle-brace-k.html HTTP/1.1" 200 58828 "-" "Mozilla/5.0 (compatible; SemrushBot-BA; +http://www.semrush.com/bot.html)"
66.249.68.71 - - [10/Mar/2026:20:20:55 +0000] "GET /f/J722485 HTTP/1.1" 200 58828 "-" "Mozilla/5.0 (Linux; Android 6.0.1; Nexus 5X Build/MMB29P) AppleWebKit/537.36 (KHTML, like Gecko) Chrome/145.0.7632.116 Mobile Safari/537.36 (compatible; Googlebot/2.1; +http://www.google.com/bot.html)"
85.208.98.31 - - [10/Mar/2026:20:20:56 +0000] "GET /chair-back-brace-k.html HTTP/1.1" 200 58828 "-" "Mozilla/5.0 (compatible; SemrushBot-BA; +http://www.semrush.com/bot.html)"
66.249.68.71 - - [10/Mar/2026:20:20:57 +0000] "GET /f/J722485 HTTP/1.1" 200 58828 "-" "Mozilla/5.0 (Linux; Android 6.0.1; Nexus 5X Build/MMB29P) AppleWebKit/537.36 (KHTML, like Gecko) Chrome/145.0.7632.116 Mobile Safari/537.36 (compatible; GoogleOther)"
85.208.98.16 - - [10/Mar/2026:20:21:14 +0000] "GET /rigid-back-brace-k.html HTTP/1.1" 200 58828 "-" "Mozilla/5.0 (compatible; SemrushBot-BA; +http://www.semrush.com/bot.html)"
85.208.98.19 - - [10/Mar/2026:20:21:15 +0000] "GET /berg-ice-machine-k.html HTTP/1.1" 200 58828 "-" "Mozilla/5.0 (compatible; SemrushBot-BA; +http://www.semrush.com/bot.html)"
66.249.68.71 - - [10/Mar/2026:20:22:47 +0000] "GET /f/Z1394838 HTTP/1.1" 200 58828 "-" "Mozilla/5.0 (Linux; Android 6.0.1; Nexus 5X Build/MMB29P) AppleWebKit/537.36 (KHTML, like Gecko) Chrome/145.0.7632.116 Mobile Safari/537.36 (compatible; GoogleOther)"
66.249.68.71 - - [10/Mar/2026:20:22:49 +0000] "GET /f/Z1394838 HTTP/1.1" 200 58828 "-" "Mozilla/5.0 (Linux; Android 6.0.1; Nexus 5X Build/MMB29P) AppleWebKit/537.36 (KHTML, like Gecko) Chrome/145.0.7632.116 Mobile Safari/537.36 (compatible; Googlebot/2.1; +http://www.google.com/bot.html)"
85.208.98.23 - - [10/Mar/2026:20:23:52 +0000] "GET /robots.txt HTTP/1.1" 200 88 "-" "Mozilla/5.0 (compatible; SemrushBot-BA; +http://www.semrush.com/bot.html)"
66.249.68.70 - - [10/Mar/2026:20:23:54 +0000] "GET /f/U1000292 HTTP/1.1" 200 58828 "-" "Mozilla/5.0 (Linux; Android 6.0.1; Nexus 5X Build/MMB29P) AppleWebKit/537.36 (KHTML, like Gecko) Chrome/145.0.7632.116 Mobile Safari/537.36 (compatible; Googlebot/2.1; +http://www.google.com/bot.html)"
66.249.68.70 - - [10/Mar/2026:20:23:55 +0000] "GET /f/U1000292 HTTP/1.1" 200 58828 "-" "Mozilla/5.0 (Linux; Android 6.0.1; Nexus 5X Build/MMB29P) AppleWebKit/537.36 (KHTML, like Gecko) Chrome/145.0.7632.116 Mobile Safari/537.36 (compatible; GoogleOther)"
85.208.98.20 - - [10/Mar/2026:20:24:16 +0000] "GET /flipflopshop-k.html HTTP/1.1" 200 58828 "-" "Mozilla/5.0 (compatible; SemrushBot-BA; +http://www.semrush.com/bot.html)"
66.249.68.70 - - [10/Mar/2026:20:26:17 +0000] "GET /f/W1126617 HTTP/1.1" 200 58828 "-" "Mozilla/5.0 (Linux; Android 6.0.1; Nexus 5X Build/MMB29P) AppleWebKit/537.36 (KHTML, like Gecko) Chrome/145.0.7632.116 Mobile Safari/537.36 (compatible; Googlebot/2.1; +http://www.google.com/bot.html)"
66.249.68.70 - - [10/Mar/2026:20:26:18 +0000] "GET /f/W1126617 HTTP/1.1" 200 58828 "-" "Mozilla/5.0 (Linux; Android 6.0.1; Nexus 5X Build/MMB29P) AppleWebKit/537.36 (KHTML, like Gecko) Chrome/145.0.7632.116 Mobile Safari/537.36 (compatible; GoogleOther)"
91.92.243.238 - - [10/Mar/2026:20:28:22 +0000] "POST /wp-login.php HTTP/1.1" 200 58828 "-" "Mozilla/5.0"
91.92.243.238 - - [10/Mar/2026:20:28:22 +0000] "POST /wp-login.php HTTP/1.1" 200 58828 "-" "Mozilla/5.0"
91.92.243.238 - - [10/Mar/2026:20:28:22 +0000] "POST /wp-login.php HTTP/1.1" 200 58828 "-" "Mozilla/5.0"
91.92.243.238 - - [10/Mar/2026:20:28:22 +0000] "POST /wp-login.php HTTP/1.1" 200 58828 "-" "Mozilla/5.0"
91.92.243.238 - - [10/Mar/2026:20:28:22 +0000] "POST /wp-login.php HTTP/1.1" 200 58828 "-" "Mozilla/5.0"
91.92.243.238 - - [10/Mar/2026:20:28:23 +0000] "POST /wp-login.php HTTP/1.1" 200 58828 "-" "Mozilla/5.0"
85.208.98.23 - - [10/Mar/2026:20:28:26 +0000] "GET /robots.txt HTTP/1.1" 200 88 "-" "Mozilla/5.0 (compatible; SemrushBot-BA; +http://www.semrush.com/bot.html)"
85.208.98.24 - - [10/Mar/2026:20:28:44 +0000] "GET /playsuits-online-k.html HTTP/1.1" 200 58828 "-" "Mozilla/5.0 (compatible; SemrushBot-BA; +http://www.semrush.com/bot.html)"
85.208.98.24 - - [10/Mar/2026:20:28:45 +0000] "GET /east-atlanta-maxi-dress-k.html HTTP/1.1" 200 58828 "-" "Mozilla/5.0 (compatible; SemrushBot-BA; +http://www.semrush.com/bot.html)"
85.208.98.31 - - [10/Mar/2026:20:29:00 +0000] "GET /playsuit-sale-k.html HTTP/1.1" 200 58828 "-" "Mozilla/5.0 (compatible; SemrushBot-BA; +http://www.semrush.com/bot.html)"
85.208.98.24 - - [10/Mar/2026:20:29:01 +0000] "GET /floral-playsuits-k.html HTTP/1.1" 200 58828 "-" "Mozilla/5.0 (compatible; SemrushBot-BA; +http://www.semrush.com/bot.html)"
85.208.98.23 - - [10/Mar/2026:20:29:13 +0000] "GET /robots.txt HTTP/1.1" 200 88 "-" "Mozilla/5.0 (compatible; SemrushBot-BA; +http://www.semrush.com/bot.html)"
85.208.98.20 - - [10/Mar/2026:20:29:14 +0000] "GET /playsuits-dress-k.html HTTP/1.1" 200 58828 "-" "Mozilla/5.0 (compatible; SemrushBot-BA; +http://www.semrush.com/bot.html)"
85.208.98.19 - - [10/Mar/2026:20:29:24 +0000] "GET /australia-mobile-prefix-k.html HTTP/1.1" 200 58828 "-" "Mozilla/5.0 (compatible; SemrushBot-BA; +http://www.semrush.com/bot.html)"
66.249.68.70 - - [10/Mar/2026:20:36:25 +0000] "GET /book/0017349260.html HTTP/1.1" 200 58828 "-" "Mozilla/5.0 (Linux; Android 6.0.1; Nexus 5X Build/MMB29P) AppleWebKit/537.36 (KHTML, like Gecko) Chrome/145.0.7632.116 Mobile Safari/537.36 (compatible; GoogleOther)"
66.249.68.70 - - [10/Mar/2026:20:36:28 +0000] "GET /book/0017349260.html HTTP/1.1" 200 58828 "-" "Mozilla/5.0 (Linux; Android 6.0.1; Nexus 5X Build/MMB29P) AppleWebKit/537.36 (KHTML, like Gecko) Chrome/145.0.7632.116 Mobile Safari/537.36 (compatible; Googlebot/2.1; +http://www.google.com/bot.html)"
54.39.89.170 - - [10/Mar/2026:20:37:03 +0000] "GET /sitemap.xml HTTP/1.1" 200 58828 "-" "Mozilla/5.0 (compatible; AhrefsBot/7.0; +http://ahrefs.com/robot/)"
66.249.68.70 - - [10/Mar/2026:20:38:57 +0000] "GET /f/H257904 HTTP/1.1" 200 58828 "-" "Mozilla/5.0 (Linux; Android 6.0.1; Nexus 5X Build/MMB29P) AppleWebKit/537.36 (KHTML, like Gecko) Chrome/145.0.7632.116 Mobile Safari/537.36 (compatible; GoogleOther)"
66.249.68.71 - - [10/Mar/2026:20:39:01 +0000] "GET /46958021976365.html HTTP/1.1" 200 58828 "-" "Mozilla/5.0 (Linux; Android 6.0.1; Nexus 5X Build/MMB29P) AppleWebKit/537.36 (KHTML, like Gecko) Chrome/145.0.7632.116 Mobile Safari/537.36 (compatible; Googlebot/2.1; +http://www.google.com/bot.html)"
85.208.98.23 - - [10/Mar/2026:20:39:03 +0000] "GET /robots.txt HTTP/1.1" 200 88 "-" "Mozilla/5.0 (compatible; SemrushBot-BA; +http://www.semrush.com/bot.html)"
85.208.98.19 - - [10/Mar/2026:20:39:19 +0000] "GET /grays-furniture-gatton-k.html HTTP/1.1" 200 58828 "-" "Mozilla/5.0 (compatible; SemrushBot-BA; +http://www.semrush.com/bot.html)"
91.92.243.238 - - [10/Mar/2026:20:40:24 +0000] "POST /wp-login.php HTTP/1.1" 200 58828 "-" "Mozilla/5.0"
91.92.243.238 - - [10/Mar/2026:20:40:24 +0000] "POST /wp-login.php HTTP/1.1" 200 58828 "-" "Mozilla/5.0"
91.92.243.238 - - [10/Mar/2026:20:40:24 +0000] "POST /wp-login.php HTTP/1.1" 200 58828 "-" "Mozilla/5.0"
91.92.243.238 - - [10/Mar/2026:20:40:24 +0000] "POST /wp-login.php HTTP/1.1" 200 58828 "-" "Mozilla/5.0"
91.92.243.238 - - [10/Mar/2026:20:40:24 +0000] "POST /wp-login.php HTTP/1.1" 200 58828 "-" "Mozilla/5.0"
91.92.243.238 - - [10/Mar/2026:20:40:24 +0000] "POST /wp-login.php HTTP/1.1" 200 58828 "-" "Mozilla/5.0"
66.249.68.70 - - [10/Mar/2026:20:40:37 +0000] "GET /673507219713193.html HTTP/1.1" 200 58828 "-" "Mozilla/5.0 (Linux; Android 6.0.1; Nexus 5X Build/MMB29P) AppleWebKit/537.36 (KHTML, like Gecko) Chrome/145.0.7632.116 Mobile Safari/537.36 (compatible; Googlebot/2.1; +http://www.google.com/bot.html)"
85.208.98.23 - - [10/Mar/2026:20:41:34 +0000] "GET /robots.txt HTTP/1.1" 200 88 "-" "Mozilla/5.0 (compatible; SemrushBot-BA; +http://www.semrush.com/bot.html)"
85.208.98.24 - - [10/Mar/2026:20:41:54 +0000] "GET /direct-luggage-k.html HTTP/1.1" 200 58828 "-" "Mozilla/5.0 (compatible; SemrushBot-BA; +http://www.semrush.com/bot.html)"
85.208.98.23 - - [10/Mar/2026:20:42:55 +0000] "GET /robots.txt HTTP/1.1" 200 88 "-" "Mozilla/5.0 (compatible; SemrushBot-BA; +http://www.semrush.com/bot.html)"
54.225.148.123 - - [10/Mar/2026:20:43:03 +0000] "GET /facilities/ HTTP/1.1" 200 58828 "-" "Mozilla/5.0 AppleWebKit/537.36 (KHTML, like Gecko; compatible; Amazonbot/0.1; +https://developer.amazon.com/support/amazonbot) Chrome/119.0.6045.214 Safari/537.36"
85.208.98.31 - - [10/Mar/2026:20:43:07 +0000] "GET /overall-profit-k.html HTTP/1.1" 200 58828 "-" "Mozilla/5.0 (compatible; SemrushBot-BA; +http://www.semrush.com/bot.html)"
66.249.68.71 - - [10/Mar/2026:20:43:10 +0000] "GET /book/0026198588.html HTTP/1.1" 200 58828 "-" "Mozilla/5.0 (Linux; Android 6.0.1; Nexus 5X Build/MMB29P) AppleWebKit/537.36 (KHTML, like Gecko) Chrome/145.0.7632.116 Mobile Safari/537.36 (compatible; Googlebot/2.1; +http://www.google.com/bot.html)"
66.249.68.71 - - [10/Mar/2026:20:44:03 +0000] "GET /f/Y298072 HTTP/1.1" 200 58828 "-" "Mozilla/5.0 (Linux; Android 6.0.1; Nexus 5X Build/MMB29P) AppleWebKit/537.36 (KHTML, like Gecko) Chrome/145.0.7632.116 Mobile Safari/537.36 (compatible; GoogleOther)"
66.249.68.70 - - [10/Mar/2026:20:44:05 +0000] "GET /f/Y298072 HTTP/1.1" 200 58828 "-" "Mozilla/5.0 (Linux; Android 6.0.1; Nexus 5X Build/MMB29P) AppleWebKit/537.36 (KHTML, like Gecko) Chrome/145.0.7632.116 Mobile Safari/537.36 (compatible; Googlebot/2.1; +http://www.google.com/bot.html)"
66.249.68.70 - - [10/Mar/2026:20:44:55 +0000] "GET /f/H2803005 HTTP/1.1" 200 58828 "-" "Mozilla/5.0 (Linux; Android 6.0.1; Nexus 5X Build/MMB29P) AppleWebKit/537.36 (KHTML, like Gecko) Chrome/145.0.7632.116 Mobile Safari/537.36 (compatible; GoogleOther)"
66.249.68.71 - - [10/Mar/2026:20:44:57 +0000] "GET /f/H2803005 HTTP/1.1" 200 58828 "-" "Mozilla/5.0 (Linux; Android 6.0.1; Nexus 5X Build/MMB29P) AppleWebKit/537.36 (KHTML, like Gecko) Chrome/145.0.7632.116 Mobile Safari/537.36 (compatible; Googlebot/2.1; +http://www.google.com/bot.html)"
66.249.68.71 - - [10/Mar/2026:20:48:52 +0000] "GET /729223219711827.html HTTP/1.1" 200 58828 "-" "Mozilla/5.0 (Linux; Android 6.0.1; Nexus 5X Build/MMB29P) AppleWebKit/537.36 (KHTML, like Gecko) Chrome/145.0.7632.116 Mobile Safari/537.36 (compatible; Googlebot/2.1; +http://www.google.com/bot.html)"
66.249.68.70 - - [10/Mar/2026:20:48:53 +0000] "GET /729223219711827.html HTTP/1.1" 200 58828 "-" "Mozilla/5.0 (Linux; Android 6.0.1; Nexus 5X Build/MMB29P) AppleWebKit/537.36 (KHTML, like Gecko) Chrome/145.0.7632.116 Mobile Safari/537.36 (compatible; GoogleOther)"
85.208.98.23 - - [10/Mar/2026:20:49:01 +0000] "GET /robots.txt HTTP/1.1" 200 88 "-" "Mozilla/5.0 (compatible; SemrushBot-BA; +http://www.semrush.com/bot.html)"
85.208.98.23 - - [10/Mar/2026:20:49:57 +0000] "GET /robots.txt HTTP/1.1" 200 88 "-" "Mozilla/5.0 (compatible; SemrushBot-BA; +http://www.semrush.com/bot.html)"
85.208.98.16 - - [10/Mar/2026:20:50:18 +0000] "GET /portable-heated-sink-k.html HTTP/1.1" 200 58828 "-" "Mozilla/5.0 (compatible; SemrushBot-BA; +http://www.semrush.com/bot.html)"
85.208.98.24 - - [10/Mar/2026:20:50:19 +0000] "GET /gas-geyser-for-kitchen-k.html HTTP/1.1" 200 58828 "-" "Mozilla/5.0 (compatible; SemrushBot-BA; +http://www.semrush.com/bot.html)"
85.208.98.20 - - [10/Mar/2026:20:51:10 +0000] "GET /camp-chef-stove-oven-k.html HTTP/1.1" 200 58828 "-" "Mozilla/5.0 (compatible; SemrushBot-BA; +http://www.semrush.com/bot.html)"
85.208.98.19 - - [10/Mar/2026:20:51:11 +0000] "GET /campervan-furniture-k.html HTTP/1.1" 200 58828 "-" "Mozilla/5.0 (compatible; SemrushBot-BA; +http://www.semrush.com/bot.html)"
85.208.98.24 - - [10/Mar/2026:20:51:45 +0000] "GET /campingsink-k.html HTTP/1.1" 200 58828 "-" "Mozilla/5.0 (compatible; SemrushBot-BA; +http://www.semrush.com/bot.html)"
85.208.98.22 - - [10/Mar/2026:20:51:46 +0000] "GET /portable-boat-sink-k.html HTTP/1.1" 200 58828 "-" "Mozilla/5.0 (compatible; SemrushBot-BA; +http://www.semrush.com/bot.html)"
85.208.98.29 - - [10/Mar/2026:20:52:10 +0000] "GET /propane-water-heater-k.html HTTP/1.1" 200 58828 "-" "Mozilla/5.0 (compatible; SemrushBot-BA; +http://www.semrush.com/bot.html)"
85.208.98.19 - - [10/Mar/2026:20:52:12 +0000] "GET /standalone-water-heater-k.html HTTP/1.1" 200 58828 "-" "Mozilla/5.0 (compatible; SemrushBot-BA; +http://www.semrush.com/bot.html)"
91.92.243.238 - - [10/Mar/2026:20:52:19 +0000] "POST /wp-login.php HTTP/1.1" 200 58828 "-" "Mozilla/5.0"
91.92.243.238 - - [10/Mar/2026:20:52:19 +0000] "POST /wp-login.php HTTP/1.1" 200 58828 "-" "Mozilla/5.0"
91.92.243.238 - - [10/Mar/2026:20:52:19 +0000] "POST /wp-login.php HTTP/1.1" 200 58828 "-" "Mozilla/5.0"
91.92.243.238 - - [10/Mar/2026:20:52:19 +0000] "POST /wp-login.php HTTP/1.1" 200 58828 "-" "Mozilla/5.0"
91.92.243.238 - - [10/Mar/2026:20:52:19 +0000] "POST /wp-login.php HTTP/1.1" 200 58828 "-" "Mozilla/5.0"
91.92.243.238 - - [10/Mar/2026:20:52:20 +0000] "POST /wp-login.php HTTP/1.1" 200 58828 "-" "Mozilla/5.0"
85.208.98.24 - - [10/Mar/2026:20:52:32 +0000] "GET /spinner-kitchen-k.html HTTP/1.1" 200 58828 "-" "Mozilla/5.0 (compatible; SemrushBot-BA; +http://www.semrush.com/bot.html)"
85.208.98.22 - - [10/Mar/2026:20:52:35 +0000] "GET /collapsible-saucepan-set-k.html HTTP/1.1" 200 58828 "-" "Mozilla/5.0 (compatible; SemrushBot-BA; +http://www.semrush.com/bot.html)"
85.208.98.22 - - [10/Mar/2026:20:52:50 +0000] "GET /camping-sink-unit-k.html HTTP/1.1" 200 58828 "-" "Mozilla/5.0 (compatible; SemrushBot-BA; +http://www.semrush.com/bot.html)"
85.208.98.29 - - [10/Mar/2026:20:53:02 +0000] "GET /butler-sink-k.html HTTP/1.1" 200 58828 "-" "Mozilla/5.0 (compatible; SemrushBot-BA; +http://www.semrush.com/bot.html)"
85.208.98.23 - - [10/Mar/2026:20:55:00 +0000] "GET /robots.txt HTTP/1.1" 200 88 "-" "Mozilla/5.0 (compatible; SemrushBot-BA; +http://www.semrush.com/bot.html)"
85.208.98.20 - - [10/Mar/2026:20:55:30 +0000] "GET /calculator-raid-k.html HTTP/1.1" 200 58828 "-" "Mozilla/5.0 (compatible; SemrushBot-BA; +http://www.semrush.com/bot.html)"
85.208.98.23 - - [10/Mar/2026:20:56:49 +0000] "GET /robots.txt HTTP/1.1" 200 88 "-" "Mozilla/5.0 (compatible; SemrushBot-BA; +http://www.semrush.com/bot.html)"
192.159.99.20 - - [10/Mar/2026:20:56:59 +0000] "GET / HTTP/1.1" 200 58828 "-" "Mozilla/5.0 (Windows NT 10.0; Win64; x64) AppleWebKit/537.36 (KHTML, like Gecko) Chrome/78.0.3904.108 Safari/537.36"
192.159.99.20 - - [10/Mar/2026:20:57:00 +0000] "GET / HTTP/1.1" 200 58828 "-" "Mozilla/5.0 (Windows NT 10.0; Win64; x64) AppleWebKit/537.36 (KHTML, like Gecko) Chrome/78.0.3904.108 Safari/537.36"
192.159.99.20 - - [10/Mar/2026:20:57:00 +0000] "GET /wp-includes/wlwmanifest.xml HTTP/1.1" 200 1045 "-" "Mozilla/5.0 (Windows NT 10.0; Win64; x64) AppleWebKit/537.36 (KHTML, like Gecko) Chrome/78.0.3904.108 Safari/537.36"
192.159.99.20 - - [10/Mar/2026:20:57:01 +0000] "GET /wp-login.php HTTP/1.1" 200 58828 "-" "Mozilla/5.0 (Windows NT 10.0; Win64; x64) AppleWebKit/537.36 (KHTML, like Gecko) Chrome/78.0.3904.108 Safari/537.36"
85.208.98.31 - - [10/Mar/2026:20:57:45 +0000] "GET /f/I921810 HTTP/1.1" 200 58828 "-" "Mozilla/5.0 (compatible; SemrushBot-BA; +http://www.semrush.com/bot.html)"
85.208.98.23 - - [10/Mar/2026:20:58:31 +0000] "GET /robots.txt HTTP/1.1" 200 88 "-" "Mozilla/5.0 (compatible; SemrushBot-BA; +http://www.semrush.com/bot.html)"
85.208.98.23 - - [10/Mar/2026:20:59:11 +0000] "GET /robots.txt HTTP/1.1" 200 88 "-" "Mozilla/5.0 (compatible; SemrushBot-BA; +http://www.semrush.com/bot.html)"
85.208.98.20 - - [10/Mar/2026:20:59:10 +0000] "GET /stage-led-panels-k.html HTTP/1.1" 200 58828 "-" "Mozilla/5.0 (compatible; SemrushBot-BA; +http://www.semrush.com/bot.html)"
85.208.98.24 - - [10/Mar/2026:20:59:53 +0000] "GET /waterproof-poncho-k.html HTTP/1.1" 200 58828 "-" "Mozilla/5.0 (compatible; SemrushBot-BA; +http://www.semrush.com/bot.html)"
85.208.98.23 - - [10/Mar/2026:21:00:53 +0000] "GET /robots.txt HTTP/1.1" 200 88 "-" "Mozilla/5.0 (compatible; SemrushBot-BA; +http://www.semrush.com/bot.html)"
85.208.98.23 - - [10/Mar/2026:21:01:56 +0000] "GET /robots.txt HTTP/1.1" 200 88 "-" "Mozilla/5.0 (compatible; SemrushBot-BA; +http://www.semrush.com/bot.html)"
85.208.98.29 - - [10/Mar/2026:21:02:09 +0000] "GET /computer-label-printer-k.html HTTP/1.1" 200 58828 "-" "Mozilla/5.0 (compatible; SemrushBot-BA; +http://www.semrush.com/bot.html)"
85.208.98.20 - - [10/Mar/2026:21:02:16 +0000] "GET /gas-can-nearby-k.html HTTP/1.1" 200 58828 "-" "Mozilla/5.0 (compatible; SemrushBot-BA; +http://www.semrush.com/bot.html)"
85.208.98.20 - - [10/Mar/2026:21:03:10 +0000] "GET /sku-label-maker-k.html HTTP/1.1" 200 58828 "-" "Mozilla/5.0 (compatible; SemrushBot-BA; +http://www.semrush.com/bot.html)"
85.208.98.22 - - [10/Mar/2026:21:03:21 +0000] "GET /exit-signage-k.html HTTP/1.1" 200 58828 "-" "Mozilla/5.0 (compatible; SemrushBot-BA; +http://www.semrush.com/bot.html)"
91.92.243.238 - - [10/Mar/2026:21:04:09 +0000] "POST /wp-login.php HTTP/1.1" 200 58828 "-" "Mozilla/5.0"
91.92.243.238 - - [10/Mar/2026:21:04:09 +0000] "POST /wp-login.php HTTP/1.1" 200 58828 "-" "Mozilla/5.0"
91.92.243.238 - - [10/Mar/2026:21:04:09 +0000] "POST /wp-login.php HTTP/1.1" 200 58828 "-" "Mozilla/5.0"
91.92.243.238 - - [10/Mar/2026:21:04:09 +0000] "POST /wp-login.php HTTP/1.1" 200 58828 "-" "Mozilla/5.0"
91.92.243.238 - - [10/Mar/2026:21:04:09 +0000] "POST /wp-login.php HTTP/1.1" 200 58828 "-" "Mozilla/5.0"
91.92.243.238 - - [10/Mar/2026:21:04:09 +0000] "POST /wp-login.php HTTP/1.1" 200 58828 "-" "Mozilla/5.0"
85.208.98.29 - - [10/Mar/2026:21:04:21 +0000] "GET /men-symbol-k.html HTTP/1.1" 200 58828 "-" "Mozilla/5.0 (compatible; SemrushBot-BA; +http://www.semrush.com/bot.html)"
85.208.98.16 - - [10/Mar/2026:21:04:37 +0000] "GET /exit-sign-red-k.html HTTP/1.1" 200 58828 "-" "Mozilla/5.0 (compatible; SemrushBot-BA; +http://www.semrush.com/bot.html)"
85.208.98.22 - - [10/Mar/2026:21:06:23 +0000] "GET /vr-wearables-k.html HTTP/1.1" 200 58828 "-" "Mozilla/5.0 (compatible; SemrushBot-BA; +http://www.semrush.com/bot.html)"
52.4.63.204 - - [10/Mar/2026:21:07:20 +0000] "GET / HTTP/1.1" 200 58828 "-" "Mozilla/5.0 (X11; Linux aarch64) AppleWebKit/537.36 (KHTML, like Gecko) HeadlessChrome/120.0.6099.28 Safari/537.36"
18.215.49.176 - - [10/Mar/2026:21:09:18 +0000] "GET /wp-json/oembed/1.0/embed?url=http://azamsportsacademy.com/svela-i-segreti-di-chicken-road-un-gioco-in-stile/ HTTP/1.1" 200 58828 "-" "Mozilla/5.0 AppleWebKit/537.36 (KHTML, like Gecko; compatible; Amazonbot/0.1; +https://developer.amazon.com/support/amazonbot) Chrome/119.0.6045.214 Safari/537.36"
85.208.98.23 - - [10/Mar/2026:21:12:20 +0000] "GET /robots.txt HTTP/1.1" 200 88 "-" "Mozilla/5.0 (compatible; SemrushBot-BA; +http://www.semrush.com/bot.html)"
85.208.98.19 - - [10/Mar/2026:21:12:48 +0000] "GET /6mm-moisture-resistant-mdf-k.html HTTP/1.1" 200 58828 "-" "Mozilla/5.0 (compatible; SemrushBot-BA; +http://www.semrush.com/bot.html)"
85.208.98.19 - - [10/Mar/2026:21:13:07 +0000] "GET /plywood-40mm-thick-k.html HTTP/1.1" 200 58828 "-" "Mozilla/5.0 (compatible; SemrushBot-BA; +http://www.semrush.com/bot.html)"
85.208.98.23 - - [10/Mar/2026:21:13:13 +0000] "GET /robots.txt HTTP/1.1" 200 88 "-" "Mozilla/5.0 (compatible; SemrushBot-BA; +http://www.semrush.com/bot.html)"
85.208.98.20 - - [10/Mar/2026:21:13:18 +0000] "GET /spruce-plywood-18mm-k.html HTTP/1.1" 200 58828 "-" "Mozilla/5.0 (compatible; SemrushBot-BA; +http://www.semrush.com/bot.html)"
85.208.98.22 - - [10/Mar/2026:21:13:27 +0000] "GET /5mm-plywood-k.html HTTP/1.1" 200 58828 "-" "Mozilla/5.0 (compatible; SemrushBot-BA; +http://www.semrush.com/bot.html)"
85.208.98.16 - - [10/Mar/2026:21:13:32 +0000] "GET /benson-plywood-k.html HTTP/1.1" 200 58828 "-" "Mozilla/5.0 (compatible; SemrushBot-BA; +http://www.semrush.com/bot.html)"
85.208.98.29 - - [10/Mar/2026:21:13:41 +0000] "GET /22mm-thick-plywood-k.html HTTP/1.1" 200 58828 "-" "Mozilla/5.0 (compatible; SemrushBot-BA; +http://www.semrush.com/bot.html)"
85.208.98.24 - - [10/Mar/2026:21:13:50 +0000] "GET /medite-exterior-mdf-prices-k.html HTTP/1.1" 200 58828 "-" "Mozilla/5.0 (compatible; SemrushBot-BA; +http://www.semrush.com/bot.html)"
85.208.98.31 - - [10/Mar/2026:21:13:52 +0000] "GET /class-b-plywood-k.html HTTP/1.1" 200 58828 "-" "Mozilla/5.0 (compatible; SemrushBot-BA; +http://www.semrush.com/bot.html)"
85.208.98.16 - - [10/Mar/2026:21:13:59 +0000] "GET /mountain-buggy-seat-liner-k.html HTTP/1.1" 200 58828 "-" "Mozilla/5.0 (compatible; SemrushBot-BA; +http://www.semrush.com/bot.html)"
85.208.98.19 - - [10/Mar/2026:21:14:05 +0000] "GET /f/P2564640 HTTP/1.1" 200 58828 "-" "Mozilla/5.0 (compatible; SemrushBot-BA; +http://www.semrush.com/bot.html)"
85.208.98.23 - - [10/Mar/2026:21:14:34 +0000] "GET /robots.txt HTTP/1.1" 200 88 "-" "Mozilla/5.0 (compatible; SemrushBot-BA; +http://www.semrush.com/bot.html)"
85.208.98.18 - - [10/Mar/2026:21:14:42 +0000] "GET /ceramic-coat-on-a-car-k.html HTTP/1.1" 200 58828 "-" "Mozilla/5.0 (compatible; SemrushBot; +http://www.semrush.com/bot.html)"
85.208.98.29 - - [10/Mar/2026:21:14:50 +0000] "GET /water-heater-popping-noise-k.html HTTP/1.1" 200 58828 "-" "Mozilla/5.0 (compatible; SemrushBot-BA; +http://www.semrush.com/bot.html)"
85.208.98.23 - - [10/Mar/2026:21:15:36 +0000] "GET /robots.txt HTTP/1.1" 200 88 "-" "Mozilla/5.0 (compatible; SemrushBot-BA; +http://www.semrush.com/bot.html)"
91.92.243.238 - - [10/Mar/2026:21:16:01 +0000] "POST /wp-login.php HTTP/1.1" 200 58828 "-" "Mozilla/5.0"
91.92.243.238 - - [10/Mar/2026:21:16:01 +0000] "POST /wp-login.php HTTP/1.1" 200 58828 "-" "Mozilla/5.0"
91.92.243.238 - - [10/Mar/2026:21:16:01 +0000] "POST /wp-login.php HTTP/1.1" 200 58828 "-" "Mozilla/5.0"
91.92.243.238 - - [10/Mar/2026:21:16:01 +0000] "POST /wp-login.php HTTP/1.1" 200 58828 "-" "Mozilla/5.0"
91.92.243.238 - - [10/Mar/2026:21:16:01 +0000] "POST /wp-login.php HTTP/1.1" 200 58828 "-" "Mozilla/5.0"
91.92.243.238 - - [10/Mar/2026:21:16:01 +0000] "POST /wp-login.php HTTP/1.1" 200 58828 "-" "Mozilla/5.0"
85.208.98.20 - - [10/Mar/2026:21:16:07 +0000] "GET /40g-in-a-cup-k.html HTTP/1.1" 200 58828 "-" "Mozilla/5.0 (compatible; SemrushBot-BA; +http://www.semrush.com/bot.html)"
85.208.98.23 - - [10/Mar/2026:21:16:09 +0000] "GET /robots.txt HTTP/1.1" 200 88 "-" "Mozilla/5.0 (compatible; SemrushBot-BA; +http://www.semrush.com/bot.html)"
85.208.98.23 - - [10/Mar/2026:21:16:21 +0000] "GET /robots.txt HTTP/1.1" 200 88 "-" "Mozilla/5.0 (compatible; SemrushBot-BA; +http://www.semrush.com/bot.html)"
85.208.98.24 - - [10/Mar/2026:21:16:49 +0000] "GET /dark-bed-sheets-k.html HTTP/1.1" 200 58828 "-" "Mozilla/5.0 (compatible; SemrushBot-BA; +http://www.semrush.com/bot.html)"
85.208.98.20 - - [10/Mar/2026:21:16:54 +0000] "GET /black-bath-sheet-k.html HTTP/1.1" 200 58828 "-" "Mozilla/5.0 (compatible; SemrushBot-BA; +http://www.semrush.com/bot.html)"
85.208.98.31 - - [10/Mar/2026:21:16:56 +0000] "GET /emerald-green-towel-set-k.html HTTP/1.1" 200 58828 "-" "Mozilla/5.0 (compatible; SemrushBot-BA; +http://www.semrush.com/bot.html)"
85.208.98.22 - - [10/Mar/2026:21:17:02 +0000] "GET /teal-bath-towel-sets-k.html HTTP/1.1" 200 58828 "-" "Mozilla/5.0 (compatible; SemrushBot-BA; +http://www.semrush.com/bot.html)"
85.208.98.24 - - [10/Mar/2026:21:17:06 +0000] "GET /pillow-liner-k.html HTTP/1.1" 200 58828 "-" "Mozilla/5.0 (compatible; SemrushBot-BA; +http://www.semrush.com/bot.html)"
85.208.98.24 - - [10/Mar/2026:21:17:11 +0000] "GET /bed-sheets-gold-k.html HTTP/1.1" 200 58828 "-" "Mozilla/5.0 (compatible; SemrushBot-BA; +http://www.semrush.com/bot.html)"
85.208.98.24 - - [10/Mar/2026:21:17:17 +0000] "GET /plush-pool-towels-k.html HTTP/1.1" 200 58828 "-" "Mozilla/5.0 (compatible; SemrushBot-BA; +http://www.semrush.com/bot.html)"
85.208.98.29 - - [10/Mar/2026:21:17:21 +0000] "GET /queen-bed-satin-sheets-k.html HTTP/1.1" 200 58828 "-" "Mozilla/5.0 (compatible; SemrushBot-BA; +http://www.semrush.com/bot.html)"
85.208.98.19 - - [10/Mar/2026:21:17:26 +0000] "GET /bed-spread-black-k.html HTTP/1.1" 200 58828 "-" "Mozilla/5.0 (compatible; SemrushBot-BA; +http://www.semrush.com/bot.html)"
85.208.98.22 - - [10/Mar/2026:21:17:31 +0000] "GET /king-bed-set-black-k.html HTTP/1.1" 200 58828 "-" "Mozilla/5.0 (compatible; SemrushBot-BA; +http://www.semrush.com/bot.html)"
85.208.98.19 - - [10/Mar/2026:21:17:34 +0000] "GET /pretty-pillows-k.html HTTP/1.1" 200 58828 "-" "Mozilla/5.0 (compatible; SemrushBot-BA; +http://www.semrush.com/bot.html)"
85.208.98.16 - - [10/Mar/2026:21:17:39 +0000] "GET /fashion-pillows-k.html HTTP/1.1" 200 58828 "-" "Mozilla/5.0 (compatible; SemrushBot-BA; +http://www.semrush.com/bot.html)"
85.208.98.22 - - [10/Mar/2026:21:17:45 +0000] "GET /satin-bedspreads-k.html HTTP/1.1" 200 58828 "-" "Mozilla/5.0 (compatible; SemrushBot-BA; +http://www.semrush.com/bot.html)"
85.208.98.24 - - [10/Mar/2026:21:17:50 +0000] "GET /f/S810021 HTTP/1.1" 200 58828 "-" "Mozilla/5.0 (compatible; SemrushBot-BA; +http://www.semrush.com/bot.html)"
85.208.98.29 - - [10/Mar/2026:21:17:53 +0000] "GET /2-wash-cloths-k.html HTTP/1.1" 200 58828 "-" "Mozilla/5.0 (compatible; SemrushBot-BA; +http://www.semrush.com/bot.html)"
85.208.98.16 - - [10/Mar/2026:21:17:58 +0000] "GET /bed-duvet-covers-k.html HTTP/1.1" 200 58828 "-" "Mozilla/5.0 (compatible; SemrushBot-BA; +http://www.semrush.com/bot.html)"
85.208.98.20 - - [10/Mar/2026:21:18:01 +0000] "GET /silk-bed-linen-k.html HTTP/1.1" 200 58828 "-" "Mozilla/5.0 (compatible; SemrushBot-BA; +http://www.semrush.com/bot.html)"
85.208.98.29 - - [10/Mar/2026:21:18:16 +0000] "GET /satin-bedding-k.html HTTP/1.1" 200 58828 "-" "Mozilla/5.0 (compatible; SemrushBot-BA; +http://www.semrush.com/bot.html)"
85.208.98.22 - - [10/Mar/2026:21:18:16 +0000] "GET /bed-spread-shop-k.html HTTP/1.1" 200 58828 "-" "Mozilla/5.0 (compatible; SemrushBot-BA; +http://www.semrush.com/bot.html)"
85.208.98.19 - - [10/Mar/2026:21:18:23 +0000] "GET /leaking-urine-when-running-k.html HTTP/1.1" 200 58828 "-" "Mozilla/5.0 (compatible; SemrushBot-BA; +http://www.semrush.com/bot.html)"
85.208.98.23 - - [10/Mar/2026:21:22:44 +0000] "GET /robots.txt HTTP/1.1" 200 88 "-" "Mozilla/5.0 (compatible; SemrushBot-BA; +http://www.semrush.com/bot.html)"
85.208.98.23 - - [10/Mar/2026:21:22:52 +0000] "GET /robots.txt HTTP/1.1" 200 88 "-" "Mozilla/5.0 (compatible; SemrushBot-BA; +http://www.semrush.com/bot.html)"
85.208.98.19 - - [10/Mar/2026:21:22:58 +0000] "GET /smart-tv-shqip-k.html HTTP/1.1" 200 58828 "-" "Mozilla/5.0 (compatible; SemrushBot-BA; +http://www.semrush.com/bot.html)"
85.208.98.16 - - [10/Mar/2026:21:23:28 +0000] "GET /cable-drum-flange-k.html HTTP/1.1" 200 58828 "-" "Mozilla/5.0 (compatible; SemrushBot-BA; +http://www.semrush.com/bot.html)"
85.208.98.23 - - [10/Mar/2026:21:25:39 +0000] "GET /robots.txt HTTP/1.1" 200 88 "-" "Mozilla/5.0 (compatible; SemrushBot-BA; +http://www.semrush.com/bot.html)"
85.208.98.24 - - [10/Mar/2026:21:26:00 +0000] "GET /qd-headset-k.html HTTP/1.1" 200 58828 "-" "Mozilla/5.0 (compatible; SemrushBot-BA; +http://www.semrush.com/bot.html)"
85.208.98.22 - - [10/Mar/2026:21:26:02 +0000] "GET /wireless-conference-phones-k.html HTTP/1.1" 200 58828 "-" "Mozilla/5.0 (compatible; SemrushBot-BA; +http://www.semrush.com/bot.html)"
85.208.98.23 - - [10/Mar/2026:21:26:12 +0000] "GET /robots.txt HTTP/1.1" 200 88 "-" "Mozilla/5.0 (compatible; SemrushBot-BA; +http://www.semrush.com/bot.html)"
85.208.98.22 - - [10/Mar/2026:21:26:23 +0000] "GET /savi-w8210-m-k.html HTTP/1.1" 200 58828 "-" "Mozilla/5.0 (compatible; SemrushBot-BA; +http://www.semrush.com/bot.html)"
85.208.98.22 - - [10/Mar/2026:21:26:24 +0000] "GET /basic-phone-price-k.html HTTP/1.1" 200 58828 "-" "Mozilla/5.0 (compatible; SemrushBot-BA; +http://www.semrush.com/bot.html)"
85.208.98.23 - - [10/Mar/2026:21:26:28 +0000] "GET /robots.txt HTTP/1.1" 200 88 "-" "Mozilla/5.0 (compatible; SemrushBot-BA; +http://www.semrush.com/bot.html)"
85.208.98.19 - - [10/Mar/2026:21:26:44 +0000] "GET /engenius-phone-k.html HTTP/1.1" 200 58828 "-" "Mozilla/5.0 (compatible; SemrushBot-BA; +http://www.semrush.com/bot.html)"
85.208.98.20 - - [10/Mar/2026:21:26:49 +0000] "GET /long-range-phone-k.html HTTP/1.1" 200 58828 "-" "Mozilla/5.0 (compatible; SemrushBot-BA; +http://www.semrush.com/bot.html)"
85.208.98.20 - - [10/Mar/2026:21:26:58 +0000] "GET /mitel-wireless-phone-k.html HTTP/1.1" 200 58828 "-" "Mozilla/5.0 (compatible; SemrushBot-BA; +http://www.semrush.com/bot.html)"
85.208.98.24 - - [10/Mar/2026:21:27:01 +0000] "GET /radiating-groin-pain-k.html HTTP/1.1" 200 58828 "-" "Mozilla/5.0 (compatible; SemrushBot-BA; +http://www.semrush.com/bot.html)"
85.208.98.24 - - [10/Mar/2026:21:27:09 +0000] "GET /inverted-graduated-bob-k.html HTTP/1.1" 200 58828 "-" "Mozilla/5.0 (compatible; SemrushBot-BA; +http://www.semrush.com/bot.html)"
85.208.98.23 - - [10/Mar/2026:21:27:24 +0000] "GET /robots.txt HTTP/1.1" 200 88 "-" "Mozilla/5.0 (compatible; SemrushBot-BA; +http://www.semrush.com/bot.html)"
91.92.243.238 - - [10/Mar/2026:21:27:48 +0000] "POST /wp-login.php HTTP/1.1" 200 58828 "-" "Mozilla/5.0"
91.92.243.238 - - [10/Mar/2026:21:27:48 +0000] "POST /wp-login.php HTTP/1.1" 200 58828 "-" "Mozilla/5.0"
91.92.243.238 - - [10/Mar/2026:21:27:48 +0000] "POST /wp-login.php HTTP/1.1" 200 58828 "-" "Mozilla/5.0"
91.92.243.238 - - [10/Mar/2026:21:27:48 +0000] "POST /wp-login.php HTTP/1.1" 200 58828 "-" "Mozilla/5.0"
91.92.243.238 - - [10/Mar/2026:21:27:48 +0000] "POST /wp-login.php HTTP/1.1" 200 58828 "-" "Mozilla/5.0"
91.92.243.238 - - [10/Mar/2026:21:27:48 +0000] "POST /wp-login.php HTTP/1.1" 200 58828 "-" "Mozilla/5.0"
85.208.98.29 - - [10/Mar/2026:21:28:04 +0000] "GET /60-40-parka-k.html HTTP/1.1" 200 58828 "-" "Mozilla/5.0 (compatible; SemrushBot-BA; +http://www.semrush.com/bot.html)"
85.208.98.23 - - [10/Mar/2026:21:28:42 +0000] "GET /robots.txt HTTP/1.1" 200 88 "-" "Mozilla/5.0 (compatible; SemrushBot-BA; +http://www.semrush.com/bot.html)"
85.208.98.31 - - [10/Mar/2026:21:29:03 +0000] "GET /mocha-bed-sheets-k.html HTTP/1.1" 200 58828 "-" "Mozilla/5.0 (compatible; SemrushBot-BA; +http://www.semrush.com/bot.html)"
85.208.98.29 - - [10/Mar/2026:21:29:04 +0000] "GET /dc-bed-sheets-k.html HTTP/1.1" 200 58828 "-" "Mozilla/5.0 (compatible; SemrushBot-BA; +http://www.semrush.com/bot.html)"
85.208.98.22 - - [10/Mar/2026:21:29:14 +0000] "GET /sage-sheets-k.html HTTP/1.1" 200 58828 "-" "Mozilla/5.0 (compatible; SemrushBot-BA; +http://www.semrush.com/bot.html)"
85.208.98.20 - - [10/Mar/2026:21:29:16 +0000] "GET /red-bed-sheets-cotton-k.html HTTP/1.1" 200 58828 "-" "Mozilla/5.0 (compatible; SemrushBot-BA; +http://www.semrush.com/bot.html)"
85.208.98.29 - - [10/Mar/2026:21:29:32 +0000] "GET /best-bed-sheets-for-eczema-k.html HTTP/1.1" 200 58828 "-" "Mozilla/5.0 (compatible; SemrushBot-BA; +http://www.semrush.com/bot.html)"
85.208.98.31 - - [10/Mar/2026:21:29:34 +0000] "GET /lemon-bed-spread-k.html HTTP/1.1" 200 58828 "-" "Mozilla/5.0 (compatible; SemrushBot-BA; +http://www.semrush.com/bot.html)"
85.208.98.22 - - [10/Mar/2026:21:29:41 +0000] "GET /peach-flannel-sheets-k.html HTTP/1.1" 200 58828 "-" "Mozilla/5.0 (compatible; SemrushBot-BA; +http://www.semrush.com/bot.html)"
85.208.98.19 - - [10/Mar/2026:21:29:43 +0000] "GET /cream-bed-sheets-k.html HTTP/1.1" 200 58828 "-" "Mozilla/5.0 (compatible; SemrushBot-BA; +http://www.semrush.com/bot.html)"
85.208.98.23 - - [10/Mar/2026:21:32:18 +0000] "GET /robots.txt HTTP/1.1" 200 88 "-" "Mozilla/5.0 (compatible; SemrushBot-BA; +http://www.semrush.com/bot.html)"
85.208.98.24 - - [10/Mar/2026:21:32:43 +0000] "GET /goal-setting-online-tool-k.html HTTP/1.1" 200 58828 "-" "Mozilla/5.0 (compatible; SemrushBot-BA; +http://www.semrush.com/bot.html)"
85.208.98.23 - - [10/Mar/2026:21:36:15 +0000] "GET /robots.txt HTTP/1.1" 200 88 "-" "Mozilla/5.0 (compatible; SemrushBot-BA; +http://www.semrush.com/bot.html)"
85.208.98.22 - - [10/Mar/2026:21:36:38 +0000] "GET /feeler-gauge-set-k.html HTTP/1.1" 200 58828 "-" "Mozilla/5.0 (compatible; SemrushBot-BA; +http://www.semrush.com/bot.html)"
91.92.243.238 - - [10/Mar/2026:21:39:39 +0000] "POST /wp-login.php HTTP/1.1" 200 58828 "-" "Mozilla/5.0"
91.92.243.238 - - [10/Mar/2026:21:39:39 +0000] "POST /wp-login.php HTTP/1.1" 200 58828 "-" "Mozilla/5.0"
91.92.243.238 - - [10/Mar/2026:21:39:39 +0000] "POST /wp-login.php HTTP/1.1" 200 58828 "-" "Mozilla/5.0"
91.92.243.238 - - [10/Mar/2026:21:39:39 +0000] "POST /wp-login.php HTTP/1.1" 200 58828 "-" "Mozilla/5.0"
91.92.243.238 - - [10/Mar/2026:21:39:39 +0000] "POST /wp-login.php HTTP/1.1" 200 58828 "-" "Mozilla/5.0"
91.92.243.238 - - [10/Mar/2026:21:39:39 +0000] "POST /wp-login.php HTTP/1.1" 200 58828 "-" "Mozilla/5.0"
85.208.98.23 - - [10/Mar/2026:21:41:46 +0000] "GET /robots.txt HTTP/1.1" 200 88 "-" "Mozilla/5.0 (compatible; SemrushBot-BA; +http://www.semrush.com/bot.html)"
85.208.98.19 - - [10/Mar/2026:21:42:40 +0000] "GET /dirt-bike-gps-k.html HTTP/1.1" 200 58828 "-" "Mozilla/5.0 (compatible; SemrushBot-BA; +http://www.semrush.com/bot.html)"
85.208.98.23 - - [10/Mar/2026:21:47:44 +0000] "GET /robots.txt HTTP/1.1" 200 88 "-" "Mozilla/5.0 (compatible; SemrushBot-BA; +http://www.semrush.com/bot.html)"
85.208.98.31 - - [10/Mar/2026:21:48:33 +0000] "GET /toll-calculate-k.html HTTP/1.1" 200 58828 "-" "Mozilla/5.0 (compatible; SemrushBot-BA; +http://www.semrush.com/bot.html)"
91.92.243.238 - - [10/Mar/2026:21:51:28 +0000] "POST /wp-login.php HTTP/1.1" 200 58828 "-" "Mozilla/5.0"
91.92.243.238 - - [10/Mar/2026:21:51:28 +0000] "POST /wp-login.php HTTP/1.1" 200 58828 "-" "Mozilla/5.0"
91.92.243.238 - - [10/Mar/2026:21:51:28 +0000] "POST /wp-login.php HTTP/1.1" 200 58828 "-" "Mozilla/5.0"
91.92.243.238 - - [10/Mar/2026:21:51:28 +0000] "POST /wp-login.php HTTP/1.1" 200 58828 "-" "Mozilla/5.0"
91.92.243.238 - - [10/Mar/2026:21:51:28 +0000] "POST /wp-login.php HTTP/1.1" 200 58828 "-" "Mozilla/5.0"
91.92.243.238 - - [10/Mar/2026:21:51:28 +0000] "POST /wp-login.php HTTP/1.1" 200 58828 "-" "Mozilla/5.0"
85.208.98.23 - - [10/Mar/2026:21:51:36 +0000] "GET /robots.txt HTTP/1.1" 200 88 "-" "Mozilla/5.0 (compatible; SemrushBot-BA; +http://www.semrush.com/bot.html)"
85.208.98.24 - - [10/Mar/2026:21:52:01 +0000] "GET /hire-a-log-splitter-near-me-k.html HTTP/1.1" 200 58828 "-" "Mozilla/5.0 (compatible; SemrushBot-BA; +http://www.semrush.com/bot.html)"
85.208.98.18 - - [10/Mar/2026:21:52:06 +0000] "GET /salter-measuring-jug-k.html HTTP/1.1" 200 58828 "-" "Mozilla/5.0 (compatible; SemrushBot; +http://www.semrush.com/bot.html)"
85.208.98.23 - - [10/Mar/2026:21:53:15 +0000] "GET /robots.txt HTTP/1.1" 200 88 "-" "Mozilla/5.0 (compatible; SemrushBot-BA; +http://www.semrush.com/bot.html)"
85.208.98.24 - - [10/Mar/2026:21:53:27 +0000] "GET /car-trailer-cage-k.html HTTP/1.1" 200 58828 "-" "Mozilla/5.0 (compatible; SemrushBot-BA; +http://www.semrush.com/bot.html)"
85.208.98.23 - - [10/Mar/2026:21:57:35 +0000] "GET /robots.txt HTTP/1.1" 200 88 "-" "Mozilla/5.0 (compatible; SemrushBot-BA; +http://www.semrush.com/bot.html)"
85.208.98.16 - - [10/Mar/2026:21:57:55 +0000] "GET /smok-k.html HTTP/1.1" 200 58828 "-" "Mozilla/5.0 (compatible; SemrushBot-BA; +http://www.semrush.com/bot.html)"
85.208.98.23 - - [10/Mar/2026:21:57:58 +0000] "GET /robots.txt HTTP/1.1" 200 88 "-" "Mozilla/5.0 (compatible; SemrushBot-BA; +http://www.semrush.com/bot.html)"
85.208.98.22 - - [10/Mar/2026:21:58:28 +0000] "GET /sun-hoody-k.html HTTP/1.1" 200 58828 "-" "Mozilla/5.0 (compatible; SemrushBot-BA; +http://www.semrush.com/bot.html)"
85.208.98.23 - - [10/Mar/2026:21:58:31 +0000] "GET /robots.txt HTTP/1.1" 200 88 "-" "Mozilla/5.0 (compatible; SemrushBot-BA; +http://www.semrush.com/bot.html)"
85.208.98.16 - - [10/Mar/2026:21:58:44 +0000] "GET /car-no-plate-k.html HTTP/1.1" 200 58828 "-" "Mozilla/5.0 (compatible; SemrushBot-BA; +http://www.semrush.com/bot.html)"
85.208.98.24 - - [10/Mar/2026:21:58:46 +0000] "GET /motorcycles-insurance-k.html HTTP/1.1" 200 58828 "-" "Mozilla/5.0 (compatible; SemrushBot-BA; +http://www.semrush.com/bot.html)"
182.44.8.254 - - [10/Mar/2026:22:01:13 +0000] "GET / HTTP/1.1" 200 58828 "-" "Mozilla/5.0 (iPhone; CPU iPhone OS 13_2_3 like Mac OS X) AppleWebKit/605.1.15 (KHTML, like Gecko) Version/13.0.3 Mobile/15E148 Safari/604.1"
85.208.98.23 - - [10/Mar/2026:22:02:57 +0000] "GET /robots.txt HTTP/1.1" 200 88 "-" "Mozilla/5.0 (compatible; SemrushBot-BA; +http://www.semrush.com/bot.html)"
91.92.243.238 - - [10/Mar/2026:22:03:12 +0000] "POST /wp-login.php HTTP/1.1" 200 58828 "-" "Mozilla/5.0"
91.92.243.238 - - [10/Mar/2026:22:03:12 +0000] "POST /wp-login.php HTTP/1.1" 200 58828 "-" "Mozilla/5.0"
91.92.243.238 - - [10/Mar/2026:22:03:12 +0000] "POST /wp-login.php HTTP/1.1" 200 58828 "-" "Mozilla/5.0"
91.92.243.238 - - [10/Mar/2026:22:03:12 +0000] "POST /wp-login.php HTTP/1.1" 200 58828 "-" "Mozilla/5.0"
91.92.243.238 - - [10/Mar/2026:22:03:12 +0000] "POST /wp-login.php HTTP/1.1" 200 58828 "-" "Mozilla/5.0"
91.92.243.238 - - [10/Mar/2026:22:03:12 +0000] "POST /wp-login.php HTTP/1.1" 200 58828 "-" "Mozilla/5.0"
85.208.98.31 - - [10/Mar/2026:22:03:15 +0000] "GET /pique-bedspread-k.html HTTP/1.1" 200 58828 "-" "Mozilla/5.0 (compatible; SemrushBot-BA; +http://www.semrush.com/bot.html)"
85.208.98.29 - - [10/Mar/2026:22:03:17 +0000] "GET /aqua-bath-towels-k.html HTTP/1.1" 200 58828 "-" "Mozilla/5.0 (compatible; SemrushBot-BA; +http://www.semrush.com/bot.html)"
85.208.98.29 - - [10/Mar/2026:22:03:27 +0000] "GET /106-x-92-duvet-insert-k.html HTTP/1.1" 200 58828 "-" "Mozilla/5.0 (compatible; SemrushBot-BA; +http://www.semrush.com/bot.html)"
85.208.98.19 - - [10/Mar/2026:22:03:29 +0000] "GET /tropical-bed-sheets-k.html HTTP/1.1" 200 58828 "-" "Mozilla/5.0 (compatible; SemrushBot-BA; +http://www.semrush.com/bot.html)"
85.208.98.23 - - [10/Mar/2026:22:06:07 +0000] "GET /robots.txt HTTP/1.1" 200 88 "-" "Mozilla/5.0 (compatible; SemrushBot-BA; +http://www.semrush.com/bot.html)"
85.208.98.29 - - [10/Mar/2026:22:06:38 +0000] "GET /li-ion-cell-k.html HTTP/1.1" 200 58828 "-" "Mozilla/5.0 (compatible; SemrushBot-BA; +http://www.semrush.com/bot.html)"
85.208.98.19 - - [10/Mar/2026:22:06:39 +0000] "GET /lithium-battery-history-k.html HTTP/1.1" 200 58828 "-" "Mozilla/5.0 (compatible; SemrushBot-BA; +http://www.semrush.com/bot.html)"
85.208.98.16 - - [10/Mar/2026:22:07:03 +0000] "GET /winter-canopy-for-deck-k.html HTTP/1.1" 200 58828 "-" "Mozilla/5.0 (compatible; SemrushBot-BA; +http://www.semrush.com/bot.html)"
85.208.98.29 - - [10/Mar/2026:22:07:05 +0000] "GET /f/K2563465 HTTP/1.1" 200 58828 "-" "Mozilla/5.0 (compatible; SemrushBot-BA; +http://www.semrush.com/bot.html)"
85.208.98.31 - - [10/Mar/2026:22:07:26 +0000] "GET /racks-retail-k.html HTTP/1.1" 200 58828 "-" "Mozilla/5.0 (compatible; SemrushBot-BA; +http://www.semrush.com/bot.html)"
85.208.98.20 - - [10/Mar/2026:22:07:27 +0000] "GET /pipe-bar-stools-k.html HTTP/1.1" 200 58828 "-" "Mozilla/5.0 (compatible; SemrushBot-BA; +http://www.semrush.com/bot.html)"
85.208.98.23 - - [10/Mar/2026:22:08:06 +0000] "GET /robots.txt HTTP/1.1" 200 88 "-" "Mozilla/5.0 (compatible; SemrushBot-BA; +http://www.semrush.com/bot.html)"
85.208.98.23 - - [10/Mar/2026:22:11:03 +0000] "GET /robots.txt HTTP/1.1" 200 88 "-" "Mozilla/5.0 (compatible; SemrushBot-BA; +http://www.semrush.com/bot.html)"
85.208.98.31 - - [10/Mar/2026:22:11:18 +0000] "GET /carcoon-car-cover-k.html HTTP/1.1" 200 58828 "-" "Mozilla/5.0 (compatible; SemrushBot-BA; +http://www.semrush.com/bot.html)"
85.208.98.23 - - [10/Mar/2026:22:11:54 +0000] "GET /robots.txt HTTP/1.1" 200 88 "-" "Mozilla/5.0 (compatible; SemrushBot-BA; +http://www.semrush.com/bot.html)"
