52.4.63.207 - - [10/Mar/2026:15:20:59 +0000] "GET / HTTP/1.1" 200 58828 "-" "Mozilla/5.0 (X11; Linux aarch64) AppleWebKit/537.36 (KHTML, like Gecko) HeadlessChrome/120.0.6099.28 Safari/537.36"
85.208.98.19 - - [10/Mar/2026:15:21:02 +0000] "GET /f/C3137413 HTTP/1.1" 200 58828 "-" "Mozilla/5.0 (compatible; SemrushBot-BA; +http://www.semrush.com/bot.html)"
85.208.98.31 - - [10/Mar/2026:15:21:41 +0000] "GET /fan-flat-k.html HTTP/1.1" 200 58828 "-" "Mozilla/5.0 (compatible; SemrushBot-BA; +http://www.semrush.com/bot.html)"
92.222.108.98 - - [10/Mar/2026:15:22:18 +0000] "GET /fun-activities-for-kids-during-the-summer-holidays/?path=/home/azamsportsacadem/public_html/wp-content HTTP/1.1" 200 24529 "-" "Mozilla/5.0 (compatible; AhrefsBot/7.0; +http://ahrefs.com/robot/)"
66.249.68.70 - - [10/Mar/2026:15:24:22 +0000] "GET /book/0023895552.html HTTP/1.1" 200 58828 "-" "Mozilla/5.0 (Linux; Android 6.0.1; Nexus 5X Build/MMB29P) AppleWebKit/537.36 (KHTML, like Gecko) Chrome/145.0.7632.116 Mobile Safari/537.36 (compatible; Googlebot/2.1; +http://www.google.com/bot.html)"
66.249.68.70 - - [10/Mar/2026:15:24:28 +0000] "GET /f/W443956 HTTP/1.1" 200 58828 "-" "Mozilla/5.0 (Linux; Android 6.0.1; Nexus 5X Build/MMB29P) AppleWebKit/537.36 (KHTML, like Gecko) Chrome/145.0.7632.116 Mobile Safari/537.36 (compatible; GoogleOther)"
94.23.188.194 - - [10/Mar/2026:15:25:41 +0000] "GET /fun-activities-for-kids-during-the-summer-holidays/?path=/home/azamsportsacadem/public_html/wp-admin HTTP/1.1" 200 166842 "-" "Mozilla/5.0 (compatible; AhrefsBot/7.0; +http://ahrefs.com/robot/)"
85.208.98.23 - - [10/Mar/2026:15:26:56 +0000] "GET /robots.txt HTTP/1.1" 200 88 "-" "Mozilla/5.0 (compatible; SemrushBot-BA; +http://www.semrush.com/bot.html)"
66.249.68.70 - - [10/Mar/2026:15:27:19 +0000] "GET /book/0016701456.html HTTP/1.1" 200 58828 "-" "Mozilla/5.0 (Linux; Android 6.0.1; Nexus 5X Build/MMB29P) AppleWebKit/537.36 (KHTML, like Gecko) Chrome/145.0.7632.116 Mobile Safari/537.36 (compatible; GoogleOther)"
85.208.98.29 - - [10/Mar/2026:15:27:19 +0000] "GET /verkada-cctv-k.html HTTP/1.1" 200 58828 "-" "Mozilla/5.0 (compatible; SemrushBot-BA; +http://www.semrush.com/bot.html)"
66.249.68.70 - - [10/Mar/2026:15:28:03 +0000] "GET /book/0026350764.html HTTP/1.1" 200 58828 "-" "Mozilla/5.0 (Linux; Android 6.0.1; Nexus 5X Build/MMB29P) AppleWebKit/537.36 (KHTML, like Gecko) Chrome/145.0.7632.116 Mobile Safari/537.36 (compatible; GoogleOther)"
92.222.108.116 - - [10/Mar/2026:15:28:54 +0000] "GET /fun-activities-for-kids-during-the-summer-holidays/?path=/home/azamsportsacadem/public_html/wordpress HTTP/1.1" 200 15838 "-" "Mozilla/5.0 (compatible; AhrefsBot/7.0; +http://ahrefs.com/robot/)"
66.249.68.70 - - [10/Mar/2026:15:29:32 +0000] "GET /f/D1049360 HTTP/1.1" 200 58828 "-" "Mozilla/5.0 (Linux; Android 6.0.1; Nexus 5X Build/MMB29P) AppleWebKit/537.36 (KHTML, like Gecko) Chrome/145.0.7632.116 Mobile Safari/537.36 (compatible; GoogleOther)"
66.249.68.70 - - [10/Mar/2026:15:29:38 +0000] "GET /f/D1049360 HTTP/1.1" 200 58828 "-" "Mozilla/5.0 (Linux; Android 6.0.1; Nexus 5X Build/MMB29P) AppleWebKit/537.36 (KHTML, like Gecko) Chrome/145.0.7632.116 Mobile Safari/537.36 (compatible; Googlebot/2.1; +http://www.google.com/bot.html)"
66.249.70.199 - - [10/Mar/2026:15:31:51 +0000] "GET /f/U2992368 HTTP/1.1" 200 58828 "-" "Mozilla/5.0 (Linux; Android 6.0.1; Nexus 5X Build/MMB29P) AppleWebKit/537.36 (KHTML, like Gecko) Chrome/145.0.7632.116 Mobile Safari/537.36 (compatible; Googlebot/2.1; +http://www.google.com/bot.html)"
91.92.243.238 - - [10/Mar/2026:15:32:20 +0000] "POST /wp-login.php HTTP/1.1" 200 58828 "-" "Mozilla/5.0"
91.92.243.238 - - [10/Mar/2026:15:32:20 +0000] "POST /wp-login.php HTTP/1.1" 200 58828 "-" "Mozilla/5.0"
91.92.243.238 - - [10/Mar/2026:15:32:20 +0000] "POST /wp-login.php HTTP/1.1" 200 58828 "-" "Mozilla/5.0"
91.92.243.238 - - [10/Mar/2026:15:32:20 +0000] "POST /wp-login.php HTTP/1.1" 200 58828 "-" "Mozilla/5.0"
91.92.243.238 - - [10/Mar/2026:15:32:20 +0000] "POST /wp-login.php HTTP/1.1" 200 58828 "-" "Mozilla/5.0"
91.92.243.238 - - [10/Mar/2026:15:32:20 +0000] "POST /wp-login.php HTTP/1.1" 200 58828 "-" "Mozilla/5.0"
51.68.247.197 - - [10/Mar/2026:15:32:23 +0000] "GET /fun-activities-for-kids-during-the-summer-holidays/?path=/home/azamsportsacadem/public_html/images HTTP/1.1" 200 15974 "-" "Mozilla/5.0 (compatible; AhrefsBot/7.0; +http://ahrefs.com/robot/)"
85.208.98.23 - - [10/Mar/2026:15:33:10 +0000] "GET /robots.txt HTTP/1.1" 200 88 "-" "Mozilla/5.0 (compatible; SemrushBot-BA; +http://www.semrush.com/bot.html)"
85.208.98.16 - - [10/Mar/2026:15:33:23 +0000] "GET /car-seat-sleep-cover-k.html HTTP/1.1" 200 58828 "-" "Mozilla/5.0 (compatible; SemrushBot-BA; +http://www.semrush.com/bot.html)"
85.208.98.23 - - [10/Mar/2026:15:36:09 +0000] "GET /robots.txt HTTP/1.1" 200 88 "-" "Mozilla/5.0 (compatible; SemrushBot-BA; +http://www.semrush.com/bot.html)"
85.208.98.29 - - [10/Mar/2026:15:36:21 +0000] "GET /sma-inverters-australia-k.html HTTP/1.1" 200 58828 "-" "Mozilla/5.0 (compatible; SemrushBot-BA; +http://www.semrush.com/bot.html)"
85.208.98.19 - - [10/Mar/2026:15:36:24 +0000] "GET /fronius-inverter-k.html HTTP/1.1" 200 58828 "-" "Mozilla/5.0 (compatible; SemrushBot-BA; +http://www.semrush.com/bot.html)"
51.75.236.148 - - [10/Mar/2026:15:36:52 +0000] "GET / HTTP/1.1" 200 58828 "-" "Mozilla/5.0 (compatible; AhrefsBot/7.0; +http://ahrefs.com/robot/)"
3.94.40.182 - - [10/Mar/2026:15:39:00 +0000] "GET /experience-beon-bet-casino-where-thrilling-games-m/ HTTP/1.1" 200 58828 "-" "Mozilla/5.0 AppleWebKit/537.36 (KHTML, like Gecko; compatible; Amazonbot/0.1; +https://developer.amazon.com/support/amazonbot) Chrome/119.0.6045.214 Safari/537.36"
18.214.238.178 - - [10/Mar/2026:15:39:04 +0000] "GET /wp-json/oembed/1.0/embed?format=xml&url=http://azamsportsacademy.com/svela-i-segreti-di-chicken-road-un-gioco-in-stile/ HTTP/1.1" 200 58828 "-" "Mozilla/5.0 AppleWebKit/537.36 (KHTML, like Gecko; compatible; Amazonbot/0.1; +https://developer.amazon.com/support/amazonbot) Chrome/119.0.6045.214 Safari/537.36"
51.91.254.43 - - [10/Mar/2026:15:40:27 +0000] "GET /wp-content/uploads/2021/07/WhatsApp-Image-2020-01-08-at-2.18.00-PM.jpeg HTTP/1.1" 200 92226 "-" "Mozilla/5.0 (Windows NT 10.0; Win64; x64) AppleWebKit/537.36 (KHTML, like Gecko) Chrome/139.0.0.0 Safari/537.36"
85.208.98.23 - - [10/Mar/2026:15:41:05 +0000] "GET /robots.txt HTTP/1.1" 200 88 "-" "Mozilla/5.0 (compatible; SemrushBot-BA; +http://www.semrush.com/bot.html)"
51.77.211.229 - - [10/Mar/2026:15:41:07 +0000] "GET /wp-content/uploads/2021/07/a.i.jr_.co_.jpg HTTP/1.1" 200 871574 "-" "Mozilla/5.0 (Windows NT 10.0; Win64; x64) AppleWebKit/537.36 (KHTML, like Gecko) Chrome/139.0.0.0 Safari/537.36"
37.59.204.135 - - [10/Mar/2026:15:41:08 +0000] "GET /sitemap.xml HTTP/1.1" 200 58828 "-" "Mozilla/5.0 (compatible; AhrefsBot/7.0; +http://ahrefs.com/robot/)"
125.75.66.97 - - [10/Mar/2026:15:41:23 +0000] "GET / HTTP/1.1" 200 58828 "-" "Mozilla/5.0 (iPhone; CPU iPhone OS 13_2_3 like Mac OS X) AppleWebKit/605.1.15 (KHTML, like Gecko) Version/13.0.3 Mobile/15E148 Safari/604.1"
85.208.98.24 - - [10/Mar/2026:15:41:27 +0000] "GET /black-lacoste-shirt-k.html HTTP/1.1" 200 58828 "-" "Mozilla/5.0 (compatible; SemrushBot-BA; +http://www.semrush.com/bot.html)"
91.92.243.238 - - [10/Mar/2026:15:44:16 +0000] "POST /wp-login.php HTTP/1.1" 200 58828 "-" "Mozilla/5.0"
91.92.243.238 - - [10/Mar/2026:15:44:16 +0000] "POST /wp-login.php HTTP/1.1" 200 58828 "-" "Mozilla/5.0"
91.92.243.238 - - [10/Mar/2026:15:44:16 +0000] "POST /wp-login.php HTTP/1.1" 200 58828 "-" "Mozilla/5.0"
91.92.243.238 - - [10/Mar/2026:15:44:16 +0000] "POST /wp-login.php HTTP/1.1" 200 58828 "-" "Mozilla/5.0"
91.92.243.238 - - [10/Mar/2026:15:44:16 +0000] "POST /wp-login.php HTTP/1.1" 200 58828 "-" "Mozilla/5.0"
91.92.243.238 - - [10/Mar/2026:15:44:16 +0000] "POST /wp-login.php HTTP/1.1" 200 58828 "-" "Mozilla/5.0"
51.75.236.143 - - [10/Mar/2026:15:44:59 +0000] "GET /fun-activities-for-kids-during-the-summer-holidays/?path=/home/azamsportsacadem/public_html HTTP/1.1" 200 58828 "-" "Mozilla/5.0 (compatible; AhrefsBot/7.0; +http://ahrefs.com/robot/)"
5.39.1.233 - - [10/Mar/2026:15:48:58 +0000] "GET /fun-activities-for-kids-during-the-summer-holidays/?path=/home/azamsportsacadem HTTP/1.1" 200 53665 "-" "Mozilla/5.0 (compatible; AhrefsBot/7.0; +http://ahrefs.com/robot/)"
85.208.98.23 - - [10/Mar/2026:15:54:38 +0000] "GET /robots.txt HTTP/1.1" 200 88 "-" "Mozilla/5.0 (compatible; SemrushBot-BA; +http://www.semrush.com/bot.html)"
85.208.98.29 - - [10/Mar/2026:15:54:55 +0000] "GET /f/R809734 HTTP/1.1" 200 58828 "-" "Mozilla/5.0 (compatible; SemrushBot-BA; +http://www.semrush.com/bot.html)"
91.92.243.238 - - [10/Mar/2026:15:56:04 +0000] "POST /wp-login.php HTTP/1.1" 200 58828 "-" "Mozilla/5.0"
91.92.243.238 - - [10/Mar/2026:15:56:04 +0000] "POST /wp-login.php HTTP/1.1" 200 58828 "-" "Mozilla/5.0"
91.92.243.238 - - [10/Mar/2026:15:56:04 +0000] "POST /wp-login.php HTTP/1.1" 200 58828 "-" "Mozilla/5.0"
91.92.243.238 - - [10/Mar/2026:15:56:04 +0000] "POST /wp-login.php HTTP/1.1" 200 58828 "-" "Mozilla/5.0"
91.92.243.238 - - [10/Mar/2026:15:56:04 +0000] "POST /wp-login.php HTTP/1.1" 200 58828 "-" "Mozilla/5.0"
91.92.243.238 - - [10/Mar/2026:15:56:04 +0000] "POST /wp-login.php HTTP/1.1" 200 58828 "-" "Mozilla/5.0"
176.31.139.20 - - [10/Mar/2026:15:56:37 +0000] "GET /fun-activities-for-kids-during-the-summer-holidays/?path=/home HTTP/1.1" 200 106877 "-" "Mozilla/5.0 (compatible; AhrefsBot/7.0; +http://ahrefs.com/robot/)"
92.222.104.223 - - [10/Mar/2026:16:03:36 +0000] "GET /fun-activities-for-kids-during-the-summer-holidays/?path=/ HTTP/1.1" 200 43415 "-" "Mozilla/5.0 (compatible; AhrefsBot/7.0; +http://ahrefs.com/robot/)"
85.208.98.23 - - [10/Mar/2026:16:06:13 +0000] "GET /robots.txt HTTP/1.1" 200 88 "-" "Mozilla/5.0 (compatible; SemrushBot-BA; +http://www.semrush.com/bot.html)"
85.208.98.19 - - [10/Mar/2026:16:06:46 +0000] "GET /rusty-kettle-k.html HTTP/1.1" 200 58828 "-" "Mozilla/5.0 (compatible; SemrushBot-BA; +http://www.semrush.com/bot.html)"
85.208.98.16 - - [10/Mar/2026:16:07:00 +0000] "GET /bucket-of-beans-k.html HTTP/1.1" 200 58828 "-" "Mozilla/5.0 (compatible; SemrushBot-BA; +http://www.semrush.com/bot.html)"
85.208.98.31 - - [10/Mar/2026:16:07:10 +0000] "GET /f/N2564482 HTTP/1.1" 200 58828 "-" "Mozilla/5.0 (compatible; SemrushBot-BA; +http://www.semrush.com/bot.html)"
85.208.98.23 - - [10/Mar/2026:16:07:11 +0000] "GET /robots.txt HTTP/1.1" 200 88 "-" "Mozilla/5.0 (compatible; SemrushBot-BA; +http://www.semrush.com/bot.html)"
85.208.98.19 - - [10/Mar/2026:16:07:33 +0000] "GET /18v-power-bank-k.html HTTP/1.1" 200 58828 "-" "Mozilla/5.0 (compatible; SemrushBot-BA; +http://www.semrush.com/bot.html)"
85.208.98.23 - - [10/Mar/2026:16:07:35 +0000] "GET /robots.txt HTTP/1.1" 200 88 "-" "Mozilla/5.0 (compatible; SemrushBot-BA; +http://www.semrush.com/bot.html)"
85.208.98.31 - - [10/Mar/2026:16:07:39 +0000] "GET /ez-power-bank-k.html HTTP/1.1" 200 58828 "-" "Mozilla/5.0 (compatible; SemrushBot-BA; +http://www.semrush.com/bot.html)"
91.92.243.238 - - [10/Mar/2026:16:07:54 +0000] "POST /wp-login.php HTTP/1.1" 200 58828 "-" "Mozilla/5.0"
91.92.243.238 - - [10/Mar/2026:16:07:54 +0000] "POST /wp-login.php HTTP/1.1" 200 58828 "-" "Mozilla/5.0"
91.92.243.238 - - [10/Mar/2026:16:07:54 +0000] "POST /wp-login.php HTTP/1.1" 200 58828 "-" "Mozilla/5.0"
91.92.243.238 - - [10/Mar/2026:16:07:54 +0000] "POST /wp-login.php HTTP/1.1" 200 58828 "-" "Mozilla/5.0"
91.92.243.238 - - [10/Mar/2026:16:07:54 +0000] "POST /wp-login.php HTTP/1.1" 200 58828 "-" "Mozilla/5.0"
91.92.243.238 - - [10/Mar/2026:16:07:54 +0000] "POST /wp-login.php HTTP/1.1" 200 58828 "-" "Mozilla/5.0"
85.208.98.16 - - [10/Mar/2026:16:08:01 +0000] "GET /sm-r175-earbuds-k.html HTTP/1.1" 200 58828 "-" "Mozilla/5.0 (compatible; SemrushBot-BA; +http://www.semrush.com/bot.html)"
85.208.98.24 - - [10/Mar/2026:16:08:09 +0000] "GET /beats-a2513-k.html HTTP/1.1" 200 58828 "-" "Mozilla/5.0 (compatible; SemrushBot-BA; +http://www.semrush.com/bot.html)"
85.208.98.23 - - [10/Mar/2026:16:09:45 +0000] "GET /robots.txt HTTP/1.1" 200 88 "-" "Mozilla/5.0 (compatible; SemrushBot-BA; +http://www.semrush.com/bot.html)"
94.23.188.215 - - [10/Mar/2026:16:10:03 +0000] "GET /product/cotton-tshirt/?path=/home/azamsportsacadem/public_html HTTP/1.1" 200 58828 "-" "Mozilla/5.0 (compatible; AhrefsBot/7.0; +http://ahrefs.com/robot/)"
85.208.98.31 - - [10/Mar/2026:16:10:11 +0000] "GET /custom-suit-vest-k.html HTTP/1.1" 200 58828 "-" "Mozilla/5.0 (compatible; SemrushBot-BA; +http://www.semrush.com/bot.html)"
85.208.98.23 - - [10/Mar/2026:16:11:26 +0000] "GET /robots.txt HTTP/1.1" 200 88 "-" "Mozilla/5.0 (compatible; SemrushBot-BA; +http://www.semrush.com/bot.html)"
85.208.98.23 - - [10/Mar/2026:16:11:30 +0000] "GET /robots.txt HTTP/1.1" 200 88 "-" "Mozilla/5.0 (compatible; SemrushBot-BA; +http://www.semrush.com/bot.html)"
85.208.98.23 - - [10/Mar/2026:16:11:47 +0000] "GET /robots.txt HTTP/1.1" 200 88 "-" "Mozilla/5.0 (compatible; SemrushBot-BA; +http://www.semrush.com/bot.html)"
85.208.98.16 - - [10/Mar/2026:16:11:52 +0000] "GET /tarp-clothing-k.html HTTP/1.1" 200 58828 "-" "Mozilla/5.0 (compatible; SemrushBot-BA; +http://www.semrush.com/bot.html)"
85.208.98.29 - - [10/Mar/2026:16:11:58 +0000] "GET /tarp-shelter-diy-k.html HTTP/1.1" 200 58828 "-" "Mozilla/5.0 (compatible; SemrushBot-BA; +http://www.semrush.com/bot.html)"
85.208.98.24 - - [10/Mar/2026:16:12:07 +0000] "GET /mobile-lend-k.html HTTP/1.1" 200 58828 "-" "Mozilla/5.0 (compatible; SemrushBot-BA; +http://www.semrush.com/bot.html)"
85.208.98.16 - - [10/Mar/2026:16:12:18 +0000] "GET /oxford-protocol-k.html HTTP/1.1" 200 58828 "-" "Mozilla/5.0 (compatible; SemrushBot-BA; +http://www.semrush.com/bot.html)"
85.208.98.24 - - [10/Mar/2026:16:12:30 +0000] "GET /minion-oxford-k.html HTTP/1.1" 200 58828 "-" "Mozilla/5.0 (compatible; SemrushBot-BA; +http://www.semrush.com/bot.html)"
85.208.98.22 - - [10/Mar/2026:16:12:41 +0000] "GET /oxford-experiment-k.html HTTP/1.1" 200 58828 "-" "Mozilla/5.0 (compatible; SemrushBot-BA; +http://www.semrush.com/bot.html)"
85.208.98.24 - - [10/Mar/2026:16:12:55 +0000] "GET /tanned-skin-lipstick-k.html HTTP/1.1" 200 58828 "-" "Mozilla/5.0 (compatible; SemrushBot-BA; +http://www.semrush.com/bot.html)"
85.208.98.19 - - [10/Mar/2026:16:13:02 +0000] "GET /f/D3138142 HTTP/1.1" 200 58828 "-" "Mozilla/5.0 (compatible; SemrushBot-BA; +http://www.semrush.com/bot.html)"
85.208.98.24 - - [10/Mar/2026:16:13:11 +0000] "GET /90s-mens-overalls-k.html HTTP/1.1" 200 58828 "-" "Mozilla/5.0 (compatible; SemrushBot-BA; +http://www.semrush.com/bot.html)"
5.39.1.244 - - [10/Mar/2026:16:13:17 +0000] "GET /product/cotton-tshirt/?path=/home/azamsportsacadem HTTP/1.1" 200 53665 "-" "Mozilla/5.0 (compatible; AhrefsBot/7.0; +http://ahrefs.com/robot/)"
85.208.98.29 - - [10/Mar/2026:16:13:19 +0000] "GET /red-xmas-dress-k.html HTTP/1.1" 200 58828 "-" "Mozilla/5.0 (compatible; SemrushBot-BA; +http://www.semrush.com/bot.html)"
170.106.11.141 - - [10/Mar/2026:16:15:06 +0000] "GET / HTTP/1.1" 200 58828 "-" "Mozilla/5.0 (iPhone; CPU iPhone OS 13_2_3 like Mac OS X) AppleWebKit/605.1.15 (KHTML, like Gecko) Version/13.0.3 Mobile/15E148 Safari/604.1"
81.180.93.59 - - [10/Mar/2026:16:16:05 +0000] "GET / HTTP/1.1" 200 58828 "-" "Mozilla/5.0 (X11; Linux x86_64) AppleWebKit/537.36 (KHTML, like Gecko) Chrome/131.0.0.0 Safari/537.36"
85.208.98.23 - - [10/Mar/2026:16:17:17 +0000] "GET /robots.txt HTTP/1.1" 200 88 "-" "Mozilla/5.0 (compatible; SemrushBot-BA; +http://www.semrush.com/bot.html)"
85.208.98.19 - - [10/Mar/2026:16:17:55 +0000] "GET /golf-loafers-k.html HTTP/1.1" 200 58828 "-" "Mozilla/5.0 (compatible; SemrushBot-BA; +http://www.semrush.com/bot.html)"
66.249.68.70 - - [10/Mar/2026:16:18:13 +0000] "GET /f/D1989749 HTTP/1.1" 200 58828 "-" "Mozilla/5.0 (Linux; Android 6.0.1; Nexus 5X Build/MMB29P) AppleWebKit/537.36 (KHTML, like Gecko) Chrome/145.0.7632.116 Mobile Safari/537.36 (compatible; Googlebot/2.1; +http://www.google.com/bot.html)"
66.249.68.70 - - [10/Mar/2026:16:18:17 +0000] "GET /f/D1989749 HTTP/1.1" 200 58828 "-" "Mozilla/5.0 (Linux; Android 6.0.1; Nexus 5X Build/MMB29P) AppleWebKit/537.36 (KHTML, like Gecko) Chrome/145.0.7632.116 Mobile Safari/537.36 (compatible; GoogleOther)"
85.208.98.23 - - [10/Mar/2026:16:18:18 +0000] "GET /robots.txt HTTP/1.1" 200 88 "-" "Mozilla/5.0 (compatible; SemrushBot-BA; +http://www.semrush.com/bot.html)"
85.208.98.20 - - [10/Mar/2026:16:18:38 +0000] "GET /vintage-money-counter-k.html HTTP/1.1" 200 58828 "-" "Mozilla/5.0 (compatible; SemrushBot-BA; +http://www.semrush.com/bot.html)"
51.75.236.142 - - [10/Mar/2026:16:19:18 +0000] "GET /product/cotton-tshirt/?path=/home HTTP/1.1" 200 106877 "-" "Mozilla/5.0 (compatible; AhrefsBot/7.0; +http://ahrefs.com/robot/)"
91.92.243.238 - - [10/Mar/2026:16:19:43 +0000] "POST /wp-login.php HTTP/1.1" 200 58828 "-" "Mozilla/5.0"
91.92.243.238 - - [10/Mar/2026:16:19:43 +0000] "POST /wp-login.php HTTP/1.1" 200 58828 "-" "Mozilla/5.0"
91.92.243.238 - - [10/Mar/2026:16:19:43 +0000] "POST /wp-login.php HTTP/1.1" 200 58828 "-" "Mozilla/5.0"
91.92.243.238 - - [10/Mar/2026:16:19:43 +0000] "POST /wp-login.php HTTP/1.1" 200 58828 "-" "Mozilla/5.0"
91.92.243.238 - - [10/Mar/2026:16:19:43 +0000] "POST /wp-login.php HTTP/1.1" 200 58828 "-" "Mozilla/5.0"
91.92.243.238 - - [10/Mar/2026:16:19:43 +0000] "POST /wp-login.php HTTP/1.1" 200 58828 "-" "Mozilla/5.0"
66.249.68.71 - - [10/Mar/2026:16:23:02 +0000] "GET /book/0019290244.html HTTP/1.1" 200 58828 "-" "Mozilla/5.0 (Linux; Android 6.0.1; Nexus 5X Build/MMB29P) AppleWebKit/537.36 (KHTML, like Gecko) Chrome/145.0.7632.116 Mobile Safari/537.36 (compatible; Googlebot/2.1; +http://www.google.com/bot.html)"
66.249.68.70 - - [10/Mar/2026:16:23:06 +0000] "GET /book/0017164800.html HTTP/1.1" 200 58828 "-" "Mozilla/5.0 (Linux; Android 6.0.1; Nexus 5X Build/MMB29P) AppleWebKit/537.36 (KHTML, like Gecko) Chrome/145.0.7632.116 Mobile Safari/537.36 (compatible; GoogleOther)"
66.249.68.70 - - [10/Mar/2026:16:23:21 +0000] "GET /book/0017164800.html HTTP/1.1" 200 58828 "-" "Mozilla/5.0 (Linux; Android 6.0.1; Nexus 5X Build/MMB29P) AppleWebKit/537.36 (KHTML, like Gecko) Chrome/145.0.7632.116 Mobile Safari/537.36 (compatible; Googlebot/2.1; +http://www.google.com/bot.html)"
132.148.128.8 - - [10/Mar/2026:16:24:39 +0000] "GET /.well-known/acme-challenge/L-UKEXQ05BOKU6_GXMFKSJM91CBDVTBS HTTP/1.1" 404 - "-" "Cpanel-HTTP-Client/1.0"
132.148.128.8 - - [10/Mar/2026:16:24:39 +0000] "GET /.well-known/acme-challenge/14EYQQ8QWV21A__3MHJ0XT302080X_4J HTTP/1.1" 404 - "-" "Cpanel-HTTP-Client/1.0"
132.148.128.8 - - [10/Mar/2026:16:24:40 +0000] "GET /.well-known/acme-challenge/OASMC85OQ_3C9N6YDP5G23YS_XBL9-T1 HTTP/1.1" 404 - "-" "Cpanel-HTTP-Client/1.0"
132.148.128.8 - - [10/Mar/2026:16:24:40 +0000] "GET /.well-known/acme-challenge/KZ1L_TO-8SYZJUF70XBLMV42GF02U_PX HTTP/1.1" 404 - "-" "Cpanel-HTTP-Client/1.0"
172.31.32.34 - - [10/Mar/2026:16:24:41 +0000] "GET /.well-known/acme-challenge/0QJU6YU_9QOQ78E8LZNBHSY8GEMHMU51 HTTP/1.1" 404 - "-" "Cpanel-HTTP-Client/1.0"
172.31.32.34 - - [10/Mar/2026:16:24:41 +0000] "GET /.well-known/acme-challenge/FPD0EVXR0KWUOV789XJOJ5N5J0DF7PA0 HTTP/1.1" 404 - "-" "Cpanel-HTTP-Client/1.0"
172.31.32.34 - - [10/Mar/2026:16:24:42 +0000] "GET /.well-known/acme-challenge/CW_1RBOKRPZF5XGZE2H31-TL25GA9OC9 HTTP/1.1" 404 - "-" "Cpanel-HTTP-Client/1.0"
172.31.32.34 - - [10/Mar/2026:16:24:42 +0000] "GET /.well-known/acme-challenge/SOOUGLB61-2UZQODX8U_QFNY_U0_UU_0 HTTP/1.1" 404 - "-" "Cpanel-HTTP-Client/1.0"
172.31.32.34 - - [10/Mar/2026:16:24:43 +0000] "GET /.well-known/acme-challenge/12S3PZL6N47R8U91276_UVR5IU7F29K1 HTTP/1.1" 404 - "-" "Cpanel-HTTP-Client/1.0"
5.39.1.230 - - [10/Mar/2026:16:25:56 +0000] "GET /product/cotton-tshirt/?path=/ HTTP/1.1" 200 43415 "-" "Mozilla/5.0 (compatible; AhrefsBot/7.0; +http://ahrefs.com/robot/)"
100.30.5.6 - - [10/Mar/2026:16:26:52 +0000] "GET /robots.txt HTTP/1.1" 200 88 "-" "Mozilla/5.0 (Macintosh; Intel Mac OS X 10_10_1) AppleWebKit/600.2.5 (KHTML, like Gecko) Version/8.0.2 Safari/600.2.5 (Gort)"
43.159.152.184 - - [10/Mar/2026:16:28:39 +0000] "GET /?fileloc=/home/azamsportsacadem/public_html/chytv.php&path=/home/azamsportsacadem/public_html HTTP/1.1" 200 44910 "-" "Mozilla/5.0 (iPhone; CPU iPhone OS 13_2_3 like Mac OS X) AppleWebKit/605.1.15 (KHTML, like Gecko) Version/13.0.3 Mobile/15E148 Safari/604.1"
14.191.223.234 - - [10/Mar/2026:16:29:25 +0000] "GET /portfolio-tags/classroom/page/2/ HTTP/1.1" 200 58828 "-" "Mozilla/5.0 (Windows; U; Windows NT 5.1; en-US) AppleWebKit/533.3 (KHTML, like Gecko) Chrome/5.0.355.0 Safari/533.3"
91.92.243.238 - - [10/Mar/2026:16:31:33 +0000] "POST /wp-login.php HTTP/1.1" 200 58828 "-" "Mozilla/5.0"
91.92.243.238 - - [10/Mar/2026:16:31:33 +0000] "POST /wp-login.php HTTP/1.1" 200 58828 "-" "Mozilla/5.0"
91.92.243.238 - - [10/Mar/2026:16:31:33 +0000] "POST /wp-login.php HTTP/1.1" 200 58828 "-" "Mozilla/5.0"
91.92.243.238 - - [10/Mar/2026:16:31:33 +0000] "POST /wp-login.php HTTP/1.1" 200 58828 "-" "Mozilla/5.0"
91.92.243.238 - - [10/Mar/2026:16:31:33 +0000] "POST /wp-login.php HTTP/1.1" 200 58828 "-" "Mozilla/5.0"
91.92.243.238 - - [10/Mar/2026:16:31:33 +0000] "POST /wp-login.php HTTP/1.1" 200 58828 "-" "Mozilla/5.0"
85.208.98.23 - - [10/Mar/2026:16:34:09 +0000] "GET /robots.txt HTTP/1.1" 200 88 "-" "Mozilla/5.0 (compatible; SemrushBot-BA; +http://www.semrush.com/bot.html)"
85.208.98.19 - - [10/Mar/2026:16:34:23 +0000] "GET /f/R922287 HTTP/1.1" 200 58828 "-" "Mozilla/5.0 (compatible; SemrushBot-BA; +http://www.semrush.com/bot.html)"
85.208.98.23 - - [10/Mar/2026:16:34:39 +0000] "GET /robots.txt HTTP/1.1" 200 88 "-" "Mozilla/5.0 (compatible; SemrushBot-BA; +http://www.semrush.com/bot.html)"
85.208.98.16 - - [10/Mar/2026:16:34:57 +0000] "GET /gold-cross-bracelet-womens-k.html HTTP/1.1" 200 58828 "-" "Mozilla/5.0 (compatible; SemrushBot-BA; +http://www.semrush.com/bot.html)"
85.208.98.16 - - [10/Mar/2026:16:35:04 +0000] "GET /2-ct-diamond-earrings-k.html HTTP/1.1" 200 58828 "-" "Mozilla/5.0 (compatible; SemrushBot-BA; +http://www.semrush.com/bot.html)"
85.208.98.22 - - [10/Mar/2026:16:35:10 +0000] "GET /pink-tennis-bracelet-k.html HTTP/1.1" 200 58828 "-" "Mozilla/5.0 (compatible; SemrushBot-BA; +http://www.semrush.com/bot.html)"
85.208.98.20 - - [10/Mar/2026:16:35:16 +0000] "GET /f/P921739 HTTP/1.1" 200 58828 "-" "Mozilla/5.0 (compatible; SemrushBot-BA; +http://www.semrush.com/bot.html)"
85.208.98.31 - - [10/Mar/2026:16:35:21 +0000] "GET /bezel-bracelet-k.html HTTP/1.1" 200 58828 "-" "Mozilla/5.0 (compatible; SemrushBot-BA; +http://www.semrush.com/bot.html)"
85.208.98.22 - - [10/Mar/2026:16:35:26 +0000] "GET /adonis-jewellery-k.html HTTP/1.1" 200 58828 "-" "Mozilla/5.0 (compatible; SemrushBot-BA; +http://www.semrush.com/bot.html)"
85.208.98.22 - - [10/Mar/2026:16:35:29 +0000] "GET /lab-diamond-bracelet-k.html HTTP/1.1" 200 58828 "-" "Mozilla/5.0 (compatible; SemrushBot-BA; +http://www.semrush.com/bot.html)"
85.208.98.24 - - [10/Mar/2026:16:35:33 +0000] "GET /tennis-necklace-pendant-k.html HTTP/1.1" 200 58828 "-" "Mozilla/5.0 (compatible; SemrushBot-BA; +http://www.semrush.com/bot.html)"
66.249.68.70 - - [10/Mar/2026:16:35:36 +0000] "GET /book/0016313356.html HTTP/1.1" 200 58828 "-" "Mozilla/5.0 (Linux; Android 6.0.1; Nexus 5X Build/MMB29P) AppleWebKit/537.36 (KHTML, like Gecko) Chrome/145.0.7632.116 Mobile Safari/537.36 (compatible; GoogleOther)"
85.208.98.29 - - [10/Mar/2026:16:35:36 +0000] "GET /gold-necklace-with-one-diamond-k.html HTTP/1.1" 200 58828 "-" "Mozilla/5.0 (compatible; SemrushBot-BA; +http://www.semrush.com/bot.html)"
66.249.68.70 - - [10/Mar/2026:16:35:40 +0000] "GET /book/0016313356.html HTTP/1.1" 200 58828 "-" "Mozilla/5.0 (Linux; Android 6.0.1; Nexus 5X Build/MMB29P) AppleWebKit/537.36 (KHTML, like Gecko) Chrome/145.0.7632.116 Mobile Safari/537.36 (compatible; Googlebot/2.1; +http://www.google.com/bot.html)"
85.208.98.23 - - [10/Mar/2026:16:37:35 +0000] "GET /robots.txt HTTP/1.1" 200 88 "-" "Mozilla/5.0 (compatible; SemrushBot-BA; +http://www.semrush.com/bot.html)"
85.208.98.24 - - [10/Mar/2026:16:37:57 +0000] "GET /fat-tire-ebike-k.html HTTP/1.1" 200 58828 "-" "Mozilla/5.0 (compatible; SemrushBot-BA; +http://www.semrush.com/bot.html)"
150.109.230.210 - - [10/Mar/2026:16:39:11 +0000] "GET /?fileloc=/home/azamsportsacadem/public_html/wp-load.php&path=/home/azamsportsacadem/public_html HTTP/1.1" 200 16309 "-" "Mozilla/5.0 (iPhone; CPU iPhone OS 13_2_3 like Mac OS X) AppleWebKit/605.1.15 (KHTML, like Gecko) Version/13.0.3 Mobile/15E148 Safari/604.1"
66.249.68.70 - - [10/Mar/2026:16:41:23 +0000] "GET /f/F2946765 HTTP/1.1" 200 58828 "-" "Mozilla/5.0 (Linux; Android 6.0.1; Nexus 5X Build/MMB29P) AppleWebKit/537.36 (KHTML, like Gecko) Chrome/145.0.7632.116 Mobile Safari/537.36 (compatible; Googlebot/2.1; +http://www.google.com/bot.html)"
66.249.68.70 - - [10/Mar/2026:16:41:28 +0000] "GET /f/F2946765 HTTP/1.1" 200 58828 "-" "Mozilla/5.0 (Linux; Android 6.0.1; Nexus 5X Build/MMB29P) AppleWebKit/537.36 (KHTML, like Gecko) Chrome/145.0.7632.116 Mobile Safari/537.36 (compatible; GoogleOther)"
91.92.243.238 - - [10/Mar/2026:16:43:30 +0000] "POST /wp-login.php HTTP/1.1" 200 58828 "-" "Mozilla/5.0"
91.92.243.238 - - [10/Mar/2026:16:43:30 +0000] "POST /wp-login.php HTTP/1.1" 200 58828 "-" "Mozilla/5.0"
91.92.243.238 - - [10/Mar/2026:16:43:30 +0000] "POST /wp-login.php HTTP/1.1" 200 58828 "-" "Mozilla/5.0"
91.92.243.238 - - [10/Mar/2026:16:43:30 +0000] "POST /wp-login.php HTTP/1.1" 200 58828 "-" "Mozilla/5.0"
91.92.243.238 - - [10/Mar/2026:16:43:30 +0000] "POST /wp-login.php HTTP/1.1" 200 58828 "-" "Mozilla/5.0"
91.92.243.238 - - [10/Mar/2026:16:43:30 +0000] "POST /wp-login.php HTTP/1.1" 200 58828 "-" "Mozilla/5.0"
85.208.98.23 - - [10/Mar/2026:16:46:22 +0000] "GET /robots.txt HTTP/1.1" 200 88 "-" "Mozilla/5.0 (compatible; SemrushBot-BA; +http://www.semrush.com/bot.html)"
85.208.98.24 - - [10/Mar/2026:16:46:42 +0000] "GET /bar-hammer-curl-k.html HTTP/1.1" 200 58828 "-" "Mozilla/5.0 (compatible; SemrushBot-BA; +http://www.semrush.com/bot.html)"
85.208.98.19 - - [10/Mar/2026:16:46:53 +0000] "GET /pull-up-bar-only-workout-k.html HTTP/1.1" 200 58828 "-" "Mozilla/5.0 (compatible; SemrushBot-BA; +http://www.semrush.com/bot.html)"
85.208.98.29 - - [10/Mar/2026:16:47:01 +0000] "GET /2-plates-gym-k.html HTTP/1.1" 200 58828 "-" "Mozilla/5.0 (compatible; SemrushBot-BA; +http://www.semrush.com/bot.html)"
85.208.98.19 - - [10/Mar/2026:16:47:07 +0000] "GET /15kg-medicine-ball-k.html HTTP/1.1" 200 58828 "-" "Mozilla/5.0 (compatible; SemrushBot-BA; +http://www.semrush.com/bot.html)"
85.208.98.24 - - [10/Mar/2026:16:47:11 +0000] "GET /hammer-grip-pull-ups-k.html HTTP/1.1" 200 58828 "-" "Mozilla/5.0 (compatible; SemrushBot-BA; +http://www.semrush.com/bot.html)"
85.208.98.19 - - [10/Mar/2026:16:47:17 +0000] "GET /seated-arm-swings-k.html HTTP/1.1" 200 58828 "-" "Mozilla/5.0 (compatible; SemrushBot-BA; +http://www.semrush.com/bot.html)"
85.208.98.20 - - [10/Mar/2026:16:47:25 +0000] "GET /curl-bar-plates-k.html HTTP/1.1" 200 58828 "-" "Mozilla/5.0 (compatible; SemrushBot-BA; +http://www.semrush.com/bot.html)"
43.153.67.21 - - [10/Mar/2026:16:48:19 +0000] "GET /?fileloc=/home/azamsportsacadem/public_html/wp-mail.php&path=/home/azamsportsacadem/public_html HTTP/1.1" 200 22048 "-" "Mozilla/5.0 (iPhone; CPU iPhone OS 13_2_3 like Mac OS X) AppleWebKit/605.1.15 (KHTML, like Gecko) Version/13.0.3 Mobile/15E148 Safari/604.1"
85.208.98.23 - - [10/Mar/2026:16:49:02 +0000] "GET /robots.txt HTTP/1.1" 200 88 "-" "Mozilla/5.0 (compatible; SemrushBot-BA; +http://www.semrush.com/bot.html)"
85.208.98.31 - - [10/Mar/2026:16:49:24 +0000] "GET /clutch-america-k.html HTTP/1.1" 200 58828 "-" "Mozilla/5.0 (compatible; SemrushBot-BA; +http://www.semrush.com/bot.html)"
85.208.98.19 - - [10/Mar/2026:16:49:28 +0000] "GET /wabco-air-dryer-filter-k.html HTTP/1.1" 200 58828 "-" "Mozilla/5.0 (compatible; SemrushBot-BA; +http://www.semrush.com/bot.html)"
85.208.98.23 - - [10/Mar/2026:16:50:35 +0000] "GET /robots.txt HTTP/1.1" 200 88 "-" "Mozilla/5.0 (compatible; SemrushBot-BA; +http://www.semrush.com/bot.html)"
85.208.98.19 - - [10/Mar/2026:16:50:55 +0000] "GET /f/M921398 HTTP/1.1" 200 58828 "-" "Mozilla/5.0 (compatible; SemrushBot-BA; +http://www.semrush.com/bot.html)"
85.208.98.23 - - [10/Mar/2026:16:51:42 +0000] "GET /robots.txt HTTP/1.1" 200 88 "-" "Mozilla/5.0 (compatible; SemrushBot-BA; +http://www.semrush.com/bot.html)"
85.208.98.31 - - [10/Mar/2026:16:52:07 +0000] "GET /sony-tv-x75k-k.html HTTP/1.1" 200 58828 "-" "Mozilla/5.0 (compatible; SemrushBot-BA; +http://www.semrush.com/bot.html)"
85.208.98.23 - - [10/Mar/2026:16:52:08 +0000] "GET /robots.txt HTTP/1.1" 200 88 "-" "Mozilla/5.0 (compatible; SemrushBot-BA; +http://www.semrush.com/bot.html)"
85.208.98.16 - - [10/Mar/2026:16:52:12 +0000] "GET /ltm1u-k.html HTTP/1.1" 200 58828 "-" "Mozilla/5.0 (compatible; SemrushBot-BA; +http://www.semrush.com/bot.html)"
85.208.98.20 - - [10/Mar/2026:16:52:17 +0000] "GET /sony-x75k-k.html HTTP/1.1" 200 58828 "-" "Mozilla/5.0 (compatible; SemrushBot-BA; +http://www.semrush.com/bot.html)"
85.208.98.22 - - [10/Mar/2026:16:52:23 +0000] "GET /x75k-sony-k.html HTTP/1.1" 200 58828 "-" "Mozilla/5.0 (compatible; SemrushBot-BA; +http://www.semrush.com/bot.html)"
85.208.98.20 - - [10/Mar/2026:16:52:33 +0000] "GET /soft-dog-cage-k.html HTTP/1.1" 200 58828 "-" "Mozilla/5.0 (compatible; SemrushBot-BA; +http://www.semrush.com/bot.html)"
85.208.98.29 - - [10/Mar/2026:16:52:38 +0000] "GET /corgi-bed-k.html HTTP/1.1" 200 58828 "-" "Mozilla/5.0 (compatible; SemrushBot-BA; +http://www.semrush.com/bot.html)"
85.208.98.19 - - [10/Mar/2026:16:52:41 +0000] "GET /corgi-butt-mug-k.html HTTP/1.1" 200 58828 "-" "Mozilla/5.0 (compatible; SemrushBot-BA; +http://www.semrush.com/bot.html)"
185.220.100.240 - - [10/Mar/2026:16:53:17 +0000] "GET / HTTP/1.1" 200 58828 "azamsportsacademy.com" "Mozilla/5.0 (Linux; Android 9; SM-J330G) AppleWebKit/537.36 (KHTML, like Gecko) Chrome/81.0.4044.138 Mobile Safari/537.36"
185.220.100.240 - - [10/Mar/2026:16:53:19 +0000] "GET /?fileloc=/home/azamsportsacadem/public_html/.htaccess&path=/home/azamsportsacadem/public_html HTTP/1.1" 200 14799 "http://azamsportsacademy.com/?fileloc=/home/azamsportsacadem/public_html/.htaccess&path=/home/azamsportsacadem/public_html" "Mozilla/5.0 (Linux; Android 9; SM-J330G) AppleWebKit/537.36 (KHTML, like Gecko) Chrome/81.0.4044.138 Mobile Safari/537.36"
185.220.100.240 - - [10/Mar/2026:16:53:20 +0000] "GET /?fileloc=/home/azamsportsacadem/public_html/chytv.php&path=/home/azamsportsacadem/public_html HTTP/1.1" 200 44910 "http://azamsportsacademy.com/?fileloc=/home/azamsportsacadem/public_html/chytv.php&path=/home/azamsportsacadem/public_html" "Mozilla/5.0 (Linux; Android 9; SM-J330G) AppleWebKit/537.36 (KHTML, like Gecko) Chrome/81.0.4044.138 Mobile Safari/537.36"
185.220.101.181 - - [10/Mar/2026:16:53:21 +0000] "GET /?fileloc=/home/azamsportsacadem/public_html/index.php&path=/home/azamsportsacadem/public_html HTTP/1.1" 200 29282 "http://azamsportsacademy.com/?fileloc=/home/azamsportsacadem/public_html/index.php&path=/home/azamsportsacadem/public_html" "Mozilla/5.0 (Linux; Android 9; SM-J330G) AppleWebKit/537.36 (KHTML, like Gecko) Chrome/81.0.4044.138 Mobile Safari/537.36"
185.220.101.181 - - [10/Mar/2026:16:53:24 +0000] "GET /?fileloc=/home/azamsportsacadem/public_html/inputs.php&path=/home/azamsportsacadem/public_html HTTP/1.1" 200 25946 "http://azamsportsacademy.com/?fileloc=/home/azamsportsacadem/public_html/inputs.php&path=/home/azamsportsacadem/public_html" "Mozilla/5.0 (Linux; Android 9; SM-J330G) AppleWebKit/537.36 (KHTML, like Gecko) Chrome/81.0.4044.138 Mobile Safari/537.36"
185.220.100.248 - - [10/Mar/2026:16:53:26 +0000] "GET /?fileloc=/home/azamsportsacadem/public_html/readme.html&path=/home/azamsportsacadem/public_html HTTP/1.1" 200 21675 "http://azamsportsacademy.com/?fileloc=/home/azamsportsacadem/public_html/readme.html&path=/home/azamsportsacadem/public_html" "Mozilla/5.0 (Linux; Android 9; SM-J330G) AppleWebKit/537.36 (KHTML, like Gecko) Chrome/81.0.4044.138 Mobile Safari/537.36"
185.220.100.248 - - [10/Mar/2026:16:53:27 +0000] "GET /?fileloc=/home/azamsportsacadem/public_html/wp-activate.php&path=/home/azamsportsacadem/public_html HTTP/1.1" 200 21260 "http://azamsportsacademy.com/?fileloc=/home/azamsportsacadem/public_html/wp-activate.php&path=/home/azamsportsacadem/public_html" "Mozilla/5.0 (Linux; Android 9; SM-J330G) AppleWebKit/537.36 (KHTML, like Gecko) Chrome/81.0.4044.138 Mobile Safari/537.36"
192.42.116.51 - - [10/Mar/2026:16:53:28 +0000] "GET /?fileloc=/home/azamsportsacadem/public_html/wp-config.php&path=/home/azamsportsacadem/public_html HTTP/1.1" 200 16094 "http://azamsportsacademy.com/?fileloc=/home/azamsportsacadem/public_html/wp-config.php&path=/home/azamsportsacadem/public_html" "Mozilla/5.0 (Linux; Android 9; SM-J330G) AppleWebKit/537.36 (KHTML, like Gecko) Chrome/81.0.4044.138 Mobile Safari/537.36"
192.42.116.51 - - [10/Mar/2026:16:53:30 +0000] "GET /?fileloc=/home/azamsportsacadem/public_html/wp-cron.php&path=/home/azamsportsacadem/public_html HTTP/1.1" 200 16673 "http://azamsportsacademy.com/?fileloc=/home/azamsportsacadem/public_html/wp-cron.php&path=/home/azamsportsacadem/public_html" "Mozilla/5.0 (Linux; Android 9; SM-J330G) AppleWebKit/537.36 (KHTML, like Gecko) Chrome/81.0.4044.138 Mobile Safari/537.36"
192.42.116.51 - - [10/Mar/2026:16:53:31 +0000] "GET /?fileloc=/home/azamsportsacadem/public_html/wp-load.php&path=/home/azamsportsacadem/public_html HTTP/1.1" 200 16309 "http://azamsportsacademy.com/?fileloc=/home/azamsportsacadem/public_html/wp-load.php&path=/home/azamsportsacadem/public_html" "Mozilla/5.0 (Linux; Android 9; SM-J330G) AppleWebKit/537.36 (KHTML, like Gecko) Chrome/81.0.4044.138 Mobile Safari/537.36"
192.42.116.51 - - [10/Mar/2026:16:53:32 +0000] "GET /?fileloc=/home/azamsportsacadem/public_html/wp-login.php&path=/home/azamsportsacadem/public_html HTTP/1.1" 200 67338 "http://azamsportsacademy.com/?fileloc=/home/azamsportsacadem/public_html/wp-login.php&path=/home/azamsportsacadem/public_html" "Mozilla/5.0 (Linux; Android 9; SM-J330G) AppleWebKit/537.36 (KHTML, like Gecko) Chrome/81.0.4044.138 Mobile Safari/537.36"
132.148.128.8 - - [10/Mar/2026:16:53:32 +0000] "POST /staging/deleteme.chab233df67f6fd4362b9e2987993997fbe.php?n=1&m=4 HTTP/1.1" 200 58828 "-" "Installatron Plugin/10.0.7/554"
192.42.116.51 - - [10/Mar/2026:16:53:34 +0000] "GET /?fileloc=/home/azamsportsacadem/public_html/wp-mail.php&path=/home/azamsportsacadem/public_html HTTP/1.1" 200 22048 "http://azamsportsacademy.com/?fileloc=/home/azamsportsacadem/public_html/wp-mail.php&path=/home/azamsportsacadem/public_html" "Mozilla/5.0 (Linux; Android 9; SM-J330G) AppleWebKit/537.36 (KHTML, like Gecko) Chrome/81.0.4044.138 Mobile Safari/537.36"
192.42.116.51 - - [10/Mar/2026:16:53:35 +0000] "GET /?fileloc=/home/azamsportsacadem/public_html/wp-settings.php&path=/home/azamsportsacadem/public_html HTTP/1.1" 200 35833 "http://azamsportsacademy.com/?fileloc=/home/azamsportsacadem/public_html/wp-settings.php&path=/home/azamsportsacadem/public_html" "Mozilla/5.0 (Linux; Android 9; SM-J330G) AppleWebKit/537.36 (KHTML, like Gecko) Chrome/81.0.4044.138 Mobile Safari/537.36"
132.148.128.8 - - [10/Mar/2026:16:53:35 +0000] "POST /staging/deleteme.cha0f6705f5480846d58ff93fdf0bf9cc41.php?n=1&m=4 HTTP/1.1" 200 58828 "-" "Installatron Plugin/10.0.7/554"
192.42.116.51 - - [10/Mar/2026:16:53:36 +0000] "GET /?fileloc=/home/azamsportsacadem/public_html/wp-signup.php&path=/home/azamsportsacadem/public_html HTTP/1.1" 200 50146 "http://azamsportsacademy.com/?fileloc=/home/azamsportsacadem/public_html/wp-signup.php&path=/home/azamsportsacadem/public_html" "Mozilla/5.0 (Linux; Android 9; SM-J330G) AppleWebKit/537.36 (KHTML, like Gecko) Chrome/81.0.4044.138 Mobile Safari/537.36"
109.70.100.3 - - [10/Mar/2026:16:53:38 +0000] "GET /?fileloc=/home/azamsportsacadem/public_html/xmlrpc.php&path=/home/azamsportsacadem/public_html HTTP/1.1" 200 16338 "http://azamsportsacademy.com/?fileloc=/home/azamsportsacadem/public_html/xmlrpc.php&path=/home/azamsportsacadem/public_html" "Mozilla/5.0 (Linux; Android 9; SM-J330G) AppleWebKit/537.36 (KHTML, like Gecko) Chrome/81.0.4044.138 Mobile Safari/537.36"
109.70.100.3 - - [10/Mar/2026:16:53:39 +0000] "GET /?path= HTTP/1.1" 200 10138 "http://azamsportsacademy.com/?path=" "Mozilla/5.0 (Linux; Android 9; SM-J330G) AppleWebKit/537.36 (KHTML, like Gecko) Chrome/81.0.4044.138 Mobile Safari/537.36"
109.70.100.3 - - [10/Mar/2026:16:53:40 +0000] "GET /?path=/home HTTP/1.1" 200 106877 "http://azamsportsacademy.com/?path=/home" "Mozilla/5.0 (Linux; Android 9; SM-J330G) AppleWebKit/537.36 (KHTML, like Gecko) Chrome/81.0.4044.138 Mobile Safari/537.36"
109.70.100.3 - - [10/Mar/2026:16:53:42 +0000] "GET /?path=/home/azamsportsacadem HTTP/1.1" 200 53665 "http://azamsportsacademy.com/?path=/home/azamsportsacadem" "Mozilla/5.0 (Linux; Android 9; SM-J330G) AppleWebKit/537.36 (KHTML, like Gecko) Chrome/81.0.4044.138 Mobile Safari/537.36"
109.70.100.3 - - [10/Mar/2026:16:53:43 +0000] "GET /?path=/home/azamsportsacadem/public_html HTTP/1.1" 200 58828 "http://azamsportsacademy.com/?path=/home/azamsportsacadem/public_html" "Mozilla/5.0 (Linux; Android 9; SM-J330G) AppleWebKit/537.36 (KHTML, like Gecko) Chrome/81.0.4044.138 Mobile Safari/537.36"
185.220.101.177 - - [10/Mar/2026:16:53:45 +0000] "GET /?path=/home/azamsportsacadem/public_html/.inc HTTP/1.1" 200 22079 "http://azamsportsacademy.com/?path=/home/azamsportsacadem/public_html/.inc" "Mozilla/5.0 (Linux; Android 9; SM-J330G) AppleWebKit/537.36 (KHTML, like Gecko) Chrome/81.0.4044.138 Mobile Safari/537.36"
185.220.101.177 - - [10/Mar/2026:16:53:47 +0000] "GET /?path=/home/azamsportsacadem/public_html/.tmb HTTP/1.1" 200 12878 "http://azamsportsacademy.com/?path=/home/azamsportsacadem/public_html/.tmb" "Mozilla/5.0 (Linux; Android 9; SM-J330G) AppleWebKit/537.36 (KHTML, like Gecko) Chrome/81.0.4044.138 Mobile Safari/537.36"
185.220.101.177 - - [10/Mar/2026:16:53:48 +0000] "GET /?path=/home/azamsportsacadem/public_html/.well-known HTTP/1.1" 200 15896 "http://azamsportsacademy.com/?path=/home/azamsportsacadem/public_html/.well-known" "Mozilla/5.0 (Linux; Android 9; SM-J330G) AppleWebKit/537.36 (KHTML, like Gecko) Chrome/81.0.4044.138 Mobile Safari/537.36"
45.84.107.17 - - [10/Mar/2026:16:53:50 +0000] "GET /?path=/home/azamsportsacadem/public_html/8b0d0 HTTP/1.1" 200 25014 "http://azamsportsacademy.com/?path=/home/azamsportsacadem/public_html/8b0d0" "Mozilla/5.0 (Linux; Android 9; SM-J330G) AppleWebKit/537.36 (KHTML, like Gecko) Chrome/81.0.4044.138 Mobile Safari/537.36"
45.84.107.17 - - [10/Mar/2026:16:53:51 +0000] "GET /?path=/home/azamsportsacadem/public_html/forshellAttachFunction HTTP/1.1" 200 26803 "http://azamsportsacademy.com/?path=/home/azamsportsacadem/public_html/forshellAttachFunction" "Mozilla/5.0 (Linux; Android 9; SM-J330G) AppleWebKit/537.36 (KHTML, like Gecko) Chrome/81.0.4044.138 Mobile Safari/537.36"
45.84.107.17 - - [10/Mar/2026:16:53:53 +0000] "GET /?path=/home/azamsportsacadem/public_html/images HTTP/1.1" 200 15974 "http://azamsportsacademy.com/?path=/home/azamsportsacadem/public_html/images" "Mozilla/5.0 (Linux; Android 9; SM-J330G) AppleWebKit/537.36 (KHTML, like Gecko) Chrome/81.0.4044.138 Mobile Safari/537.36"
45.84.107.17 - - [10/Mar/2026:16:53:54 +0000] "GET /?path=/home/azamsportsacadem/public_html/wordpress HTTP/1.1" 200 15838 "http://azamsportsacademy.com/?path=/home/azamsportsacadem/public_html/wordpress" "Mozilla/5.0 (Linux; Android 9; SM-J330G) AppleWebKit/537.36 (KHTML, like Gecko) Chrome/81.0.4044.138 Mobile Safari/537.36"
45.84.107.17 - - [10/Mar/2026:16:53:57 +0000] "GET /?path=/home/azamsportsacadem/public_html/wp-admin HTTP/1.1" 200 166842 "http://azamsportsacademy.com/?path=/home/azamsportsacadem/public_html/wp-admin" "Mozilla/5.0 (Linux; Android 9; SM-J330G) AppleWebKit/537.36 (KHTML, like Gecko) Chrome/81.0.4044.138 Mobile Safari/537.36"
45.84.107.17 - - [10/Mar/2026:16:53:59 +0000] "GET /?path=/home/azamsportsacadem/public_html/wp-content HTTP/1.1" 200 24529 "http://azamsportsacademy.com/?path=/home/azamsportsacadem/public_html/wp-content" "Mozilla/5.0 (Linux; Android 9; SM-J330G) AppleWebKit/537.36 (KHTML, like Gecko) Chrome/81.0.4044.138 Mobile Safari/537.36"
45.84.107.17 - - [10/Mar/2026:16:54:00 +0000] "GET /?path=/home/azamsportsacadem/public_html/wp-includes HTTP/1.1" 200 372337 "http://azamsportsacademy.com/?path=/home/azamsportsacadem/public_html/wp-includes" "Mozilla/5.0 (Linux; Android 9; SM-J330G) AppleWebKit/537.36 (KHTML, like Gecko) Chrome/81.0.4044.138 Mobile Safari/537.36"
91.92.243.238 - - [10/Mar/2026:16:55:18 +0000] "POST /wp-login.php HTTP/1.1" 200 58828 "-" "Mozilla/5.0"
91.92.243.238 - - [10/Mar/2026:16:55:18 +0000] "POST /wp-login.php HTTP/1.1" 200 58828 "-" "Mozilla/5.0"
91.92.243.238 - - [10/Mar/2026:16:55:18 +0000] "POST /wp-login.php HTTP/1.1" 200 58828 "-" "Mozilla/5.0"
91.92.243.238 - - [10/Mar/2026:16:55:18 +0000] "POST /wp-login.php HTTP/1.1" 200 58828 "-" "Mozilla/5.0"
91.92.243.238 - - [10/Mar/2026:16:55:18 +0000] "POST /wp-login.php HTTP/1.1" 200 58828 "-" "Mozilla/5.0"
91.92.243.238 - - [10/Mar/2026:16:55:18 +0000] "POST /wp-login.php HTTP/1.1" 200 58828 "-" "Mozilla/5.0"
85.208.98.23 - - [10/Mar/2026:16:55:47 +0000] "GET /robots.txt HTTP/1.1" 200 88 "-" "Mozilla/5.0 (compatible; SemrushBot-BA; +http://www.semrush.com/bot.html)"
85.208.98.24 - - [10/Mar/2026:16:56:13 +0000] "GET /big-canopy-k.html HTTP/1.1" 200 58828 "-" "Mozilla/5.0 (compatible; SemrushBot-BA; +http://www.semrush.com/bot.html)"
66.249.68.70 - - [10/Mar/2026:16:57:28 +0000] "GET /51153221973215.html HTTP/1.1" 200 58828 "-" "Mozilla/5.0 (Linux; Android 6.0.1; Nexus 5X Build/MMB29P) AppleWebKit/537.36 (KHTML, like Gecko) Chrome/145.0.7632.116 Mobile Safari/537.36 (compatible; Googlebot/2.1; +http://www.google.com/bot.html)"
66.249.68.70 - - [10/Mar/2026:16:57:33 +0000] "GET /51153221973215.html HTTP/1.1" 200 58828 "-" "Mozilla/5.0 (Linux; Android 6.0.1; Nexus 5X Build/MMB29P) AppleWebKit/537.36 (KHTML, like Gecko) Chrome/145.0.7632.116 Mobile Safari/537.36 (compatible; GoogleOther)"
66.249.68.70 - - [10/Mar/2026:16:57:57 +0000] "GET /book/0020826508.html HTTP/1.1" 200 58828 "-" "Mozilla/5.0 (Linux; Android 6.0.1; Nexus 5X Build/MMB29P) AppleWebKit/537.36 (KHTML, like Gecko) Chrome/145.0.7632.116 Mobile Safari/537.36 (compatible; GoogleOther)"
66.249.68.70 - - [10/Mar/2026:16:58:07 +0000] "GET /book/0020826508.html HTTP/1.1" 200 58828 "-" "Mozilla/5.0 (Linux; Android 6.0.1; Nexus 5X Build/MMB29P) AppleWebKit/537.36 (KHTML, like Gecko) Chrome/145.0.7632.116 Mobile Safari/537.36 (compatible; Googlebot/2.1; +http://www.google.com/bot.html)"
170.106.180.246 - - [10/Mar/2026:16:58:40 +0000] "GET / HTTP/1.1" 200 58828 "-" "Mozilla/5.0 (iPhone; CPU iPhone OS 13_2_3 like Mac OS X) AppleWebKit/605.1.15 (KHTML, like Gecko) Version/13.0.3 Mobile/15E148 Safari/604.1"
49.51.50.147 - - [10/Mar/2026:16:59:09 +0000] "GET /?fileloc=/home/azamsportsacadem/public_html/wp-settings.php&path=/home/azamsportsacadem/public_html HTTP/1.1" 200 35833 "-" "Mozilla/5.0 (iPhone; CPU iPhone OS 13_2_3 like Mac OS X) AppleWebKit/605.1.15 (KHTML, like Gecko) Version/13.0.3 Mobile/15E148 Safari/604.1"
85.208.98.23 - - [10/Mar/2026:17:04:22 +0000] "GET /robots.txt HTTP/1.1" 200 88 "-" "Mozilla/5.0 (compatible; SemrushBot-BA; +http://www.semrush.com/bot.html)"
85.208.98.20 - - [10/Mar/2026:17:04:53 +0000] "GET /lead-gen-funnel-k.html HTTP/1.1" 200 58828 "-" "Mozilla/5.0 (compatible; SemrushBot-BA; +http://www.semrush.com/bot.html)"
85.208.98.23 - - [10/Mar/2026:17:05:41 +0000] "GET /robots.txt HTTP/1.1" 200 88 "-" "Mozilla/5.0 (compatible; SemrushBot-BA; +http://www.semrush.com/bot.html)"
85.208.98.31 - - [10/Mar/2026:17:06:04 +0000] "GET /garmin-swim-2-for-running-k.html HTTP/1.1" 200 58828 "-" "Mozilla/5.0 (compatible; SemrushBot-BA; +http://www.semrush.com/bot.html)"
66.249.68.70 - - [10/Mar/2026:17:06:37 +0000] "GET /book/0020614608.html HTTP/1.1" 200 58828 "-" "Mozilla/5.0 (Linux; Android 6.0.1; Nexus 5X Build/MMB29P) AppleWebKit/537.36 (KHTML, like Gecko) Chrome/145.0.7632.116 Mobile Safari/537.36 (compatible; Googlebot/2.1; +http://www.google.com/bot.html)"
66.249.68.70 - - [10/Mar/2026:17:06:43 +0000] "GET /book/0020614608.html HTTP/1.1" 200 58828 "-" "Mozilla/5.0 (Linux; Android 6.0.1; Nexus 5X Build/MMB29P) AppleWebKit/537.36 (KHTML, like Gecko) Chrome/145.0.7632.116 Mobile Safari/537.36 (compatible; GoogleOther)"
91.92.243.238 - - [10/Mar/2026:17:08:05 +0000] "POST /wp-login.php HTTP/1.1" 200 58828 "-" "Mozilla/5.0"
91.92.243.238 - - [10/Mar/2026:17:08:05 +0000] "POST /wp-login.php HTTP/1.1" 200 58828 "-" "Mozilla/5.0"
91.92.243.238 - - [10/Mar/2026:17:08:05 +0000] "POST /wp-login.php HTTP/1.1" 200 58828 "-" "Mozilla/5.0"
91.92.243.238 - - [10/Mar/2026:17:08:05 +0000] "POST /wp-login.php HTTP/1.1" 200 58828 "-" "Mozilla/5.0"
91.92.243.238 - - [10/Mar/2026:17:08:05 +0000] "POST /wp-login.php HTTP/1.1" 200 58828 "-" "Mozilla/5.0"
91.92.243.238 - - [10/Mar/2026:17:08:05 +0000] "POST /wp-login.php HTTP/1.1" 200 58828 "-" "Mozilla/5.0"
43.167.241.46 - - [10/Mar/2026:17:08:28 +0000] "GET /?fileloc=/home/azamsportsacadem/public_html/wp-trackback.php&path=/home/azamsportsacadem/public_html HTTP/1.1" 200 18116 "-" "Mozilla/5.0 (iPhone; CPU iPhone OS 13_2_3 like Mac OS X) AppleWebKit/605.1.15 (KHTML, like Gecko) Version/13.0.3 Mobile/15E148 Safari/604.1"
85.208.98.23 - - [10/Mar/2026:17:09:05 +0000] "GET /robots.txt HTTP/1.1" 200 88 "-" "Mozilla/5.0 (compatible; SemrushBot-BA; +http://www.semrush.com/bot.html)"
85.208.98.29 - - [10/Mar/2026:17:09:32 +0000] "GET /oztrail-dome-tent-k.html HTTP/1.1" 200 58828 "-" "Mozilla/5.0 (compatible; SemrushBot-BA; +http://www.semrush.com/bot.html)"
85.208.98.20 - - [10/Mar/2026:17:09:45 +0000] "GET /8mm-tent-pegs-k.html HTTP/1.1" 200 58828 "-" "Mozilla/5.0 (compatible; SemrushBot-BA; +http://www.semrush.com/bot.html)"
85.208.98.22 - - [10/Mar/2026:17:09:55 +0000] "GET /stretcher-bed-tent-k.html HTTP/1.1" 200 58828 "-" "Mozilla/5.0 (compatible; SemrushBot-BA; +http://www.semrush.com/bot.html)"
85.208.98.29 - - [10/Mar/2026:17:10:05 +0000] "GET /oztrail-bunk-bed-k.html HTTP/1.1" 200 58828 "-" "Mozilla/5.0 (compatible; SemrushBot-BA; +http://www.semrush.com/bot.html)"
85.208.98.20 - - [10/Mar/2026:17:10:13 +0000] "GET /oztrail-bug-zapper-k.html HTTP/1.1" 200 58828 "-" "Mozilla/5.0 (compatible; SemrushBot-BA; +http://www.semrush.com/bot.html)"
85.208.98.23 - - [10/Mar/2026:17:10:15 +0000] "GET /robots.txt HTTP/1.1" 200 88 "-" "Mozilla/5.0 (compatible; SemrushBot-BA; +http://www.semrush.com/bot.html)"
85.208.98.31 - - [10/Mar/2026:17:10:22 +0000] "GET /single-stretcher-bed-k.html HTTP/1.1" 200 58828 "-" "Mozilla/5.0 (compatible; SemrushBot-BA; +http://www.semrush.com/bot.html)"
85.208.98.16 - - [10/Mar/2026:17:10:31 +0000] "GET /ultramesh-tarp-k.html HTTP/1.1" 200 58828 "-" "Mozilla/5.0 (compatible; SemrushBot-BA; +http://www.semrush.com/bot.html)"
85.208.98.22 - - [10/Mar/2026:17:10:40 +0000] "GET /oztrail-air-tent-k.html HTTP/1.1" 200 58828 "-" "Mozilla/5.0 (compatible; SemrushBot-BA; +http://www.semrush.com/bot.html)"
85.208.98.24 - - [10/Mar/2026:17:10:55 +0000] "GET /buy-tents-online-australia-k.html HTTP/1.1" 200 58828 "-" "Mozilla/5.0 (compatible; SemrushBot-BA; +http://www.semrush.com/bot.html)"
85.208.98.16 - - [10/Mar/2026:17:11:07 +0000] "GET /poultry-cages-k.html HTTP/1.1" 200 58828 "-" "Mozilla/5.0 (compatible; SemrushBot-BA; +http://www.semrush.com/bot.html)"
85.208.98.23 - - [10/Mar/2026:17:13:32 +0000] "GET /robots.txt HTTP/1.1" 200 88 "-" "Mozilla/5.0 (compatible; SemrushBot-BA; +http://www.semrush.com/bot.html)"
85.208.98.24 - - [10/Mar/2026:17:13:49 +0000] "GET /horizontal-blender-k.html HTTP/1.1" 200 58828 "-" "Mozilla/5.0 (compatible; SemrushBot-BA; +http://www.semrush.com/bot.html)"
66.249.68.70 - - [10/Mar/2026:17:16:12 +0000] "GET /book/0025477012.html HTTP/1.1" 200 58828 "-" "Mozilla/5.0 (Linux; Android 6.0.1; Nexus 5X Build/MMB29P) AppleWebKit/537.36 (KHTML, like Gecko) Chrome/145.0.7632.116 Mobile Safari/537.36 (compatible; Googlebot/2.1; +http://www.google.com/bot.html)"
66.249.68.70 - - [10/Mar/2026:17:16:18 +0000] "GET /book/0025477012.html HTTP/1.1" 200 58828 "-" "Mozilla/5.0 (Linux; Android 6.0.1; Nexus 5X Build/MMB29P) AppleWebKit/537.36 (KHTML, like Gecko) Chrome/145.0.7632.116 Mobile Safari/537.36 (compatible; GoogleOther)"
43.157.168.43 - - [10/Mar/2026:17:18:17 +0000] "GET /?path=/home/azamsportsacadem/public_html/.tmb HTTP/1.1" 200 12878 "-" "Mozilla/5.0 (iPhone; CPU iPhone OS 13_2_3 like Mac OS X) AppleWebKit/605.1.15 (KHTML, like Gecko) Version/13.0.3 Mobile/15E148 Safari/604.1"
66.249.68.70 - - [10/Mar/2026:17:19:16 +0000] "GET /book/0027980268.html HTTP/1.1" 200 58828 "-" "Mozilla/5.0 (Linux; Android 6.0.1; Nexus 5X Build/MMB29P) AppleWebKit/537.36 (KHTML, like Gecko) Chrome/145.0.7632.116 Mobile Safari/537.36 (compatible; Googlebot/2.1; +http://www.google.com/bot.html)"
66.249.68.70 - - [10/Mar/2026:17:19:22 +0000] "GET /book/0027980268.html HTTP/1.1" 200 58828 "-" "Mozilla/5.0 (Linux; Android 6.0.1; Nexus 5X Build/MMB29P) AppleWebKit/537.36 (KHTML, like Gecko) Chrome/145.0.7632.116 Mobile Safari/537.36 (compatible; GoogleOther)"
91.92.243.238 - - [10/Mar/2026:17:19:50 +0000] "POST /wp-login.php HTTP/1.1" 200 58828 "-" "Mozilla/5.0"
91.92.243.238 - - [10/Mar/2026:17:19:50 +0000] "POST /wp-login.php HTTP/1.1" 200 58828 "-" "Mozilla/5.0"
91.92.243.238 - - [10/Mar/2026:17:19:50 +0000] "POST /wp-login.php HTTP/1.1" 200 58828 "-" "Mozilla/5.0"
91.92.243.238 - - [10/Mar/2026:17:19:50 +0000] "POST /wp-login.php HTTP/1.1" 200 58828 "-" "Mozilla/5.0"
91.92.243.238 - - [10/Mar/2026:17:19:50 +0000] "POST /wp-login.php HTTP/1.1" 200 58828 "-" "Mozilla/5.0"
91.92.243.238 - - [10/Mar/2026:17:19:50 +0000] "POST /wp-login.php HTTP/1.1" 200 58828 "-" "Mozilla/5.0"
