85.208.98.19 - - [10/Mar/2026:13:36:11 +0000] "GET /black-ruched-swimsuit-k.html HTTP/1.1" 200 58828 "-" "Mozilla/5.0 (compatible; SemrushBot-BA; +http://www.semrush.com/bot.html)"
85.208.98.22 - - [10/Mar/2026:13:36:11 +0000] "GET /padded-bralette-top-k.html HTTP/1.1" 200 58828 "-" "Mozilla/5.0 (compatible; SemrushBot-BA; +http://www.semrush.com/bot.html)"
85.208.98.24 - - [10/Mar/2026:13:36:14 +0000] "GET /outback-trucker-caps-k.html HTTP/1.1" 200 58828 "-" "Mozilla/5.0 (compatible; SemrushBot-BA; +http://www.semrush.com/bot.html)"
85.208.98.23 - - [10/Mar/2026:13:36:31 +0000] "GET /robots.txt HTTP/1.1" 200 88 "-" "Mozilla/5.0 (compatible; SemrushBot-BA; +http://www.semrush.com/bot.html)"
85.208.98.29 - - [10/Mar/2026:13:36:47 +0000] "GET /fix-motorcycle-k.html HTTP/1.1" 200 58828 "-" "Mozilla/5.0 (compatible; SemrushBot-BA; +http://www.semrush.com/bot.html)"
85.208.98.23 - - [10/Mar/2026:13:37:12 +0000] "GET /robots.txt HTTP/1.1" 200 88 "-" "Mozilla/5.0 (compatible; SemrushBot-BA; +http://www.semrush.com/bot.html)"
85.208.98.31 - - [10/Mar/2026:13:37:38 +0000] "GET /bra-tops-k.html HTTP/1.1" 200 58828 "-" "Mozilla/5.0 (compatible; SemrushBot-BA; +http://www.semrush.com/bot.html)"
85.208.98.19 - - [10/Mar/2026:13:37:39 +0000] "GET /white-cami-tops-k.html HTTP/1.1" 200 58828 "-" "Mozilla/5.0 (compatible; SemrushBot-BA; +http://www.semrush.com/bot.html)"
85.208.98.22 - - [10/Mar/2026:13:37:39 +0000] "GET /cheap-mens-briefs-k.html HTTP/1.1" 200 58828 "-" "Mozilla/5.0 (compatible; SemrushBot-BA; +http://www.semrush.com/bot.html)"
85.208.98.20 - - [10/Mar/2026:13:37:44 +0000] "GET /black-singlet-mens-k.html HTTP/1.1" 200 58828 "-" "Mozilla/5.0 (compatible; SemrushBot-BA; +http://www.semrush.com/bot.html)"
85.208.98.16 - - [10/Mar/2026:13:37:44 +0000] "GET /lounge-wear-sets-women-k.html HTTP/1.1" 200 58828 "-" "Mozilla/5.0 (compatible; SemrushBot-BA; +http://www.semrush.com/bot.html)"
85.208.98.24 - - [10/Mar/2026:13:37:44 +0000] "GET /3-4-tights-k.html HTTP/1.1" 200 58828 "-" "Mozilla/5.0 (compatible; SemrushBot-BA; +http://www.semrush.com/bot.html)"
85.208.98.31 - - [10/Mar/2026:13:37:49 +0000] "GET /black-bed-socks-k.html HTTP/1.1" 200 58828 "-" "Mozilla/5.0 (compatible; SemrushBot-BA; +http://www.semrush.com/bot.html)"
85.208.98.19 - - [10/Mar/2026:13:37:49 +0000] "GET /bra-vest-k.html HTTP/1.1" 200 58828 "-" "Mozilla/5.0 (compatible; SemrushBot-BA; +http://www.semrush.com/bot.html)"
85.208.98.29 - - [10/Mar/2026:13:37:49 +0000] "GET /grey-sweatpants-k.html HTTP/1.1" 200 58828 "-" "Mozilla/5.0 (compatible; SemrushBot-BA; +http://www.semrush.com/bot.html)"
85.208.98.20 - - [10/Mar/2026:13:37:55 +0000] "GET /formal-black-t-shirt-k.html HTTP/1.1" 200 58828 "-" "Mozilla/5.0 (compatible; SemrushBot-BA; +http://www.semrush.com/bot.html)"
85.208.98.16 - - [10/Mar/2026:13:37:55 +0000] "GET /f/L921449 HTTP/1.1" 200 58828 "-" "Mozilla/5.0 (compatible; SemrushBot-BA; +http://www.semrush.com/bot.html)"
85.208.98.22 - - [10/Mar/2026:13:37:55 +0000] "GET /ribbed-bra-tank-k.html HTTP/1.1" 200 58828 "-" "Mozilla/5.0 (compatible; SemrushBot-BA; +http://www.semrush.com/bot.html)"
85.208.98.20 - - [10/Mar/2026:13:38:00 +0000] "GET /lounge-pants-for-women-k.html HTTP/1.1" 200 58828 "-" "Mozilla/5.0 (compatible; SemrushBot-BA; +http://www.semrush.com/bot.html)"
85.208.98.16 - - [10/Mar/2026:13:38:00 +0000] "GET /f/Y3138501 HTTP/1.1" 200 58828 "-" "Mozilla/5.0 (compatible; SemrushBot-BA; +http://www.semrush.com/bot.html)"
85.208.98.24 - - [10/Mar/2026:13:38:00 +0000] "GET /f/T922731 HTTP/1.1" 200 58828 "-" "Mozilla/5.0 (compatible; SemrushBot-BA; +http://www.semrush.com/bot.html)"
85.208.98.16 - - [10/Mar/2026:13:38:04 +0000] "GET /racerback-running-bra-k.html HTTP/1.1" 200 58828 "-" "Mozilla/5.0 (compatible; SemrushBot-BA; +http://www.semrush.com/bot.html)"
85.208.98.22 - - [10/Mar/2026:13:38:04 +0000] "GET /mens-sweats-k.html HTTP/1.1" 200 58828 "-" "Mozilla/5.0 (compatible; SemrushBot-BA; +http://www.semrush.com/bot.html)"
85.208.98.31 - - [10/Mar/2026:13:38:04 +0000] "GET /top-inner-wear-k.html HTTP/1.1" 200 58828 "-" "Mozilla/5.0 (compatible; SemrushBot-BA; +http://www.semrush.com/bot.html)"
85.208.98.20 - - [10/Mar/2026:13:38:10 +0000] "GET /boody-socks-k.html HTTP/1.1" 200 58828 "-" "Mozilla/5.0 (compatible; SemrushBot-BA; +http://www.semrush.com/bot.html)"
85.208.98.24 - - [10/Mar/2026:13:38:10 +0000] "GET /ribbed-bra-top-k.html HTTP/1.1" 200 58828 "-" "Mozilla/5.0 (compatible; SemrushBot-BA; +http://www.semrush.com/bot.html)"
85.208.98.29 - - [10/Mar/2026:13:38:10 +0000] "GET /bra-tops-with-support-k.html HTTP/1.1" 200 58828 "-" "Mozilla/5.0 (compatible; SemrushBot-BA; +http://www.semrush.com/bot.html)"
85.208.98.20 - - [10/Mar/2026:13:38:14 +0000] "GET /sports-bra-tank-top-crop-k.html HTTP/1.1" 200 58828 "-" "Mozilla/5.0 (compatible; SemrushBot-BA; +http://www.semrush.com/bot.html)"
85.208.98.24 - - [10/Mar/2026:13:38:14 +0000] "GET /chino-sweat-pants-k.html HTTP/1.1" 200 58828 "-" "Mozilla/5.0 (compatible; SemrushBot-BA; +http://www.semrush.com/bot.html)"
85.208.98.29 - - [10/Mar/2026:13:38:14 +0000] "GET /bamboo-beachwear-k.html HTTP/1.1" 200 58828 "-" "Mozilla/5.0 (compatible; SemrushBot-BA; +http://www.semrush.com/bot.html)"
85.208.98.19 - - [10/Mar/2026:13:38:26 +0000] "GET /night-dress-for-ladies-short-k.html HTTP/1.1" 200 58828 "-" "Mozilla/5.0 (compatible; SemrushBot-BA; +http://www.semrush.com/bot.html)"
85.208.98.31 - - [10/Mar/2026:13:38:26 +0000] "GET /women-camisole-k.html HTTP/1.1" 200 58828 "-" "Mozilla/5.0 (compatible; SemrushBot-BA; +http://www.semrush.com/bot.html)"
85.208.98.22 - - [10/Mar/2026:13:38:26 +0000] "GET /mens-breif-k.html HTTP/1.1" 200 58828 "-" "Mozilla/5.0 (compatible; SemrushBot-BA; +http://www.semrush.com/bot.html)"
85.208.98.24 - - [10/Mar/2026:13:38:31 +0000] "GET /black-slip-dress-maxi-k.html HTTP/1.1" 200 58828 "-" "Mozilla/5.0 (compatible; SemrushBot-BA; +http://www.semrush.com/bot.html)"
85.208.98.29 - - [10/Mar/2026:13:38:32 +0000] "GET /womens-pj-loungewear-k.html HTTP/1.1" 200 58828 "-" "Mozilla/5.0 (compatible; SemrushBot-BA; +http://www.semrush.com/bot.html)"
85.208.98.31 - - [10/Mar/2026:13:38:32 +0000] "GET /razor-sports-bra-k.html HTTP/1.1" 200 58828 "-" "Mozilla/5.0 (compatible; SemrushBot-BA; +http://www.semrush.com/bot.html)"
85.208.98.22 - - [10/Mar/2026:13:38:53 +0000] "GET /leggings-joggers-k.html HTTP/1.1" 200 58828 "-" "Mozilla/5.0 (compatible; SemrushBot-BA; +http://www.semrush.com/bot.html)"
85.208.98.31 - - [10/Mar/2026:13:38:53 +0000] "GET /nude-sports-bra-k.html HTTP/1.1" 200 58828 "-" "Mozilla/5.0 (compatible; SemrushBot-BA; +http://www.semrush.com/bot.html)"
176.31.139.0 - - [10/Mar/2026:13:39:37 +0000] "GET /product/blue-tshirt/?pilihan&path=/home/azamsportsacadem/public_html HTTP/1.1" 200 58828 "-" "Mozilla/5.0 (compatible; AhrefsBot/7.0; +http://ahrefs.com/robot/)"
85.208.98.23 - - [10/Mar/2026:13:39:57 +0000] "GET /robots.txt HTTP/1.1" 200 88 "-" "Mozilla/5.0 (compatible; SemrushBot-BA; +http://www.semrush.com/bot.html)"
85.208.98.23 - - [10/Mar/2026:13:40:05 +0000] "GET /robots.txt HTTP/1.1" 200 88 "-" "Mozilla/5.0 (compatible; SemrushBot-BA; +http://www.semrush.com/bot.html)"
85.208.98.24 - - [10/Mar/2026:13:40:38 +0000] "GET /navy-blue-maxi-k.html HTTP/1.1" 200 58828 "-" "Mozilla/5.0 (compatible; SemrushBot-BA; +http://www.semrush.com/bot.html)"
85.208.98.16 - - [10/Mar/2026:13:40:38 +0000] "GET /blue-halter-dress-k.html HTTP/1.1" 200 58828 "-" "Mozilla/5.0 (compatible; SemrushBot-BA; +http://www.semrush.com/bot.html)"
85.208.98.20 - - [10/Mar/2026:13:40:38 +0000] "GET /womens-pink-sweater-k.html HTTP/1.1" 200 58828 "-" "Mozilla/5.0 (compatible; SemrushBot-BA; +http://www.semrush.com/bot.html)"
85.208.98.23 - - [10/Mar/2026:13:41:00 +0000] "GET /robots.txt HTTP/1.1" 200 88 "-" "Mozilla/5.0 (compatible; SemrushBot-BA; +http://www.semrush.com/bot.html)"
85.208.98.16 - - [10/Mar/2026:13:41:00 +0000] "GET /rainbow-sequin-skirt-k.html HTTP/1.1" 200 58828 "-" "Mozilla/5.0 (compatible; SemrushBot-BA; +http://www.semrush.com/bot.html)"
85.208.98.31 - - [10/Mar/2026:13:41:00 +0000] "GET /fuchsia-jumpsuit-k.html HTTP/1.1" 200 58828 "-" "Mozilla/5.0 (compatible; SemrushBot-BA; +http://www.semrush.com/bot.html)"
85.208.98.19 - - [10/Mar/2026:13:41:00 +0000] "GET /3d-floral-dress-k.html HTTP/1.1" 200 58828 "-" "Mozilla/5.0 (compatible; SemrushBot-BA; +http://www.semrush.com/bot.html)"
85.208.98.16 - - [10/Mar/2026:13:41:11 +0000] "GET /v-neck-pink-jumper-k.html HTTP/1.1" 200 58828 "-" "Mozilla/5.0 (compatible; SemrushBot-BA; +http://www.semrush.com/bot.html)"
85.208.98.19 - - [10/Mar/2026:13:41:11 +0000] "GET /triangle-swimsuit-top-k.html HTTP/1.1" 200 58828 "-" "Mozilla/5.0 (compatible; SemrushBot-BA; +http://www.semrush.com/bot.html)"
85.208.98.29 - - [10/Mar/2026:13:41:11 +0000] "GET /zebra-bikini-bottoms-k.html HTTP/1.1" 200 58828 "-" "Mozilla/5.0 (compatible; SemrushBot-BA; +http://www.semrush.com/bot.html)"
85.208.98.19 - - [10/Mar/2026:13:41:24 +0000] "GET /f/E3188669 HTTP/1.1" 200 58828 "-" "Mozilla/5.0 (compatible; SemrushBot-BA; +http://www.semrush.com/bot.html)"
85.208.98.29 - - [10/Mar/2026:13:41:24 +0000] "GET /tankini-triangle-k.html HTTP/1.1" 200 58828 "-" "Mozilla/5.0 (compatible; SemrushBot-BA; +http://www.semrush.com/bot.html)"
85.208.98.24 - - [10/Mar/2026:13:41:25 +0000] "GET /navy-bikini-set-k.html HTTP/1.1" 200 58828 "-" "Mozilla/5.0 (compatible; SemrushBot-BA; +http://www.semrush.com/bot.html)"
85.208.98.20 - - [10/Mar/2026:13:41:33 +0000] "GET /pink-turtleneck-k.html HTTP/1.1" 200 58828 "-" "Mozilla/5.0 (compatible; SemrushBot-BA; +http://www.semrush.com/bot.html)"
85.208.98.31 - - [10/Mar/2026:13:41:34 +0000] "GET /solid-bikini-set-k.html HTTP/1.1" 200 58828 "-" "Mozilla/5.0 (compatible; SemrushBot-BA; +http://www.semrush.com/bot.html)"
85.208.98.22 - - [10/Mar/2026:13:41:34 +0000] "GET /scalloped-sleeveless-top-k.html HTTP/1.1" 200 58828 "-" "Mozilla/5.0 (compatible; SemrushBot-BA; +http://www.semrush.com/bot.html)"
92.222.108.105 - - [10/Mar/2026:13:41:36 +0000] "GET /product/blue-tshirt/?path=/home/azamsportsacadem/public_html/wp-includes HTTP/1.1" 200 372337 "-" "Mozilla/5.0 (compatible; AhrefsBot/7.0; +http://ahrefs.com/robot/)"
85.208.98.31 - - [10/Mar/2026:13:41:42 +0000] "GET /long-thick-jumper-k.html HTTP/1.1" 200 58828 "-" "Mozilla/5.0 (compatible; SemrushBot-BA; +http://www.semrush.com/bot.html)"
85.208.98.16 - - [10/Mar/2026:13:41:42 +0000] "GET /womens-ruffle-bottom-swimsuit-k.html HTTP/1.1" 200 58828 "-" "Mozilla/5.0 (compatible; SemrushBot-BA; +http://www.semrush.com/bot.html)"
85.208.98.19 - - [10/Mar/2026:13:41:42 +0000] "GET /white-swimsuit-top-k.html HTTP/1.1" 200 58828 "-" "Mozilla/5.0 (compatible; SemrushBot-BA; +http://www.semrush.com/bot.html)"
85.208.98.20 - - [10/Mar/2026:13:41:52 +0000] "GET /capri-maxi-dress-k.html HTTP/1.1" 200 58828 "-" "Mozilla/5.0 (compatible; SemrushBot-BA; +http://www.semrush.com/bot.html)"
85.208.98.24 - - [10/Mar/2026:13:41:52 +0000] "GET /white-jumper-with-fur-k.html HTTP/1.1" 200 58828 "-" "Mozilla/5.0 (compatible; SemrushBot-BA; +http://www.semrush.com/bot.html)"
85.208.98.22 - - [10/Mar/2026:13:41:52 +0000] "GET /solid-swimsuits-k.html HTTP/1.1" 200 58828 "-" "Mozilla/5.0 (compatible; SemrushBot-BA; +http://www.semrush.com/bot.html)"
85.208.98.31 - - [10/Mar/2026:13:42:01 +0000] "GET /pink-halter-bikini-k.html HTTP/1.1" 200 58828 "-" "Mozilla/5.0 (compatible; SemrushBot-BA; +http://www.semrush.com/bot.html)"
85.208.98.16 - - [10/Mar/2026:13:42:01 +0000] "GET /white-one-shoulder-maxi-dress-k.html HTTP/1.1" 200 58828 "-" "Mozilla/5.0 (compatible; SemrushBot-BA; +http://www.semrush.com/bot.html)"
85.208.98.20 - - [10/Mar/2026:13:42:01 +0000] "GET /best-hub-tent-k.html HTTP/1.1" 200 58828 "-" "Mozilla/5.0 (compatible; SemrushBot-BA; +http://www.semrush.com/bot.html)"
85.208.98.22 - - [10/Mar/2026:13:42:07 +0000] "GET /twins-bed-k.html HTTP/1.1" 200 58828 "-" "Mozilla/5.0 (compatible; SemrushBot-BA; +http://www.semrush.com/bot.html)"
85.208.98.20 - - [10/Mar/2026:13:42:07 +0000] "GET /diy-tarp-awning-k.html HTTP/1.1" 200 58828 "-" "Mozilla/5.0 (compatible; SemrushBot-BA; +http://www.semrush.com/bot.html)"
85.208.98.31 - - [10/Mar/2026:13:42:12 +0000] "GET /warm-wool-jumpers-k.html HTTP/1.1" 200 58828 "-" "Mozilla/5.0 (compatible; SemrushBot-BA; +http://www.semrush.com/bot.html)"
85.208.98.16 - - [10/Mar/2026:13:42:12 +0000] "GET /english-tea-set-k.html HTTP/1.1" 200 58828 "-" "Mozilla/5.0 (compatible; SemrushBot-BA; +http://www.semrush.com/bot.html)"
85.208.98.20 - - [10/Mar/2026:13:42:13 +0000] "GET /botany-jewellery-k.html HTTP/1.1" 200 58828 "-" "Mozilla/5.0 (compatible; SemrushBot-BA; +http://www.semrush.com/bot.html)"
85.208.98.16 - - [10/Mar/2026:13:42:24 +0000] "GET /champagne-bars-k.html HTTP/1.1" 200 58828 "-" "Mozilla/5.0 (compatible; SemrushBot-BA; +http://www.semrush.com/bot.html)"
85.208.98.29 - - [10/Mar/2026:13:42:24 +0000] "GET /linen-bathroom-k.html HTTP/1.1" 200 58828 "-" "Mozilla/5.0 (compatible; SemrushBot-BA; +http://www.semrush.com/bot.html)"
85.208.98.24 - - [10/Mar/2026:13:42:24 +0000] "GET /english-crockery-k.html HTTP/1.1" 200 58828 "-" "Mozilla/5.0 (compatible; SemrushBot-BA; +http://www.semrush.com/bot.html)"
85.208.98.19 - - [10/Mar/2026:13:42:31 +0000] "GET /f/S921872 HTTP/1.1" 200 58828 "-" "Mozilla/5.0 (compatible; SemrushBot-BA; +http://www.semrush.com/bot.html)"
85.208.98.29 - - [10/Mar/2026:13:42:31 +0000] "GET /antique-jewelry-k.html HTTP/1.1" 200 58828 "-" "Mozilla/5.0 (compatible; SemrushBot-BA; +http://www.semrush.com/bot.html)"
85.208.98.24 - - [10/Mar/2026:13:42:31 +0000] "GET /nice-bags-k.html HTTP/1.1" 200 58828 "-" "Mozilla/5.0 (compatible; SemrushBot-BA; +http://www.semrush.com/bot.html)"
85.208.98.16 - - [10/Mar/2026:13:42:37 +0000] "GET /crockett-and-jones-oxfords-k.html HTTP/1.1" 200 58828 "-" "Mozilla/5.0 (compatible; SemrushBot-BA; +http://www.semrush.com/bot.html)"
85.208.98.20 - - [10/Mar/2026:13:42:37 +0000] "GET /luggage-packing-k.html HTTP/1.1" 200 58828 "-" "Mozilla/5.0 (compatible; SemrushBot-BA; +http://www.semrush.com/bot.html)"
85.208.98.24 - - [10/Mar/2026:13:42:37 +0000] "GET /luxury-beds-k.html HTTP/1.1" 200 58828 "-" "Mozilla/5.0 (compatible; SemrushBot-BA; +http://www.semrush.com/bot.html)"
85.208.98.16 - - [10/Mar/2026:13:42:44 +0000] "GET /striped-cafe-curtains-k.html HTTP/1.1" 200 58828 "-" "Mozilla/5.0 (compatible; SemrushBot-BA; +http://www.semrush.com/bot.html)"
85.208.98.20 - - [10/Mar/2026:13:42:44 +0000] "GET /london-wine-bar-k.html HTTP/1.1" 200 58828 "-" "Mozilla/5.0 (compatible; SemrushBot-BA; +http://www.semrush.com/bot.html)"
85.208.98.31 - - [10/Mar/2026:13:42:44 +0000] "GET /sweater-british-k.html HTTP/1.1" 200 58828 "-" "Mozilla/5.0 (compatible; SemrushBot-BA; +http://www.semrush.com/bot.html)"
85.208.98.31 - - [10/Mar/2026:13:42:49 +0000] "GET /f/T3189672 HTTP/1.1" 200 58828 "-" "Mozilla/5.0 (compatible; SemrushBot-BA; +http://www.semrush.com/bot.html)"
85.208.98.19 - - [10/Mar/2026:13:42:49 +0000] "GET /stripe-and-stare-underwear-k.html HTTP/1.1" 200 58828 "-" "Mozilla/5.0 (compatible; SemrushBot-BA; +http://www.semrush.com/bot.html)"
85.208.98.22 - - [10/Mar/2026:13:42:49 +0000] "GET /coffee-machine-london-k.html HTTP/1.1" 200 58828 "-" "Mozilla/5.0 (compatible; SemrushBot-BA; +http://www.semrush.com/bot.html)"
91.92.243.238 - - [10/Mar/2026:13:44:01 +0000] "POST /wp-login.php HTTP/1.1" 200 58828 "-" "Mozilla/5.0"
91.92.243.238 - - [10/Mar/2026:13:44:01 +0000] "POST /wp-login.php HTTP/1.1" 200 58828 "-" "Mozilla/5.0"
91.92.243.238 - - [10/Mar/2026:13:44:01 +0000] "POST /wp-login.php HTTP/1.1" 200 58828 "-" "Mozilla/5.0"
91.92.243.238 - - [10/Mar/2026:13:44:01 +0000] "POST /wp-login.php HTTP/1.1" 200 58828 "-" "Mozilla/5.0"
91.92.243.238 - - [10/Mar/2026:13:44:01 +0000] "POST /wp-login.php HTTP/1.1" 200 58828 "-" "Mozilla/5.0"
91.92.243.238 - - [10/Mar/2026:13:44:01 +0000] "POST /wp-login.php HTTP/1.1" 200 58828 "-" "Mozilla/5.0"
85.208.98.23 - - [10/Mar/2026:13:44:17 +0000] "GET /robots.txt HTTP/1.1" 200 88 "-" "Mozilla/5.0 (compatible; SemrushBot-BA; +http://www.semrush.com/bot.html)"
85.208.98.22 - - [10/Mar/2026:13:44:30 +0000] "GET /red-line-pregnancy-test-k.html HTTP/1.1" 200 58828 "-" "Mozilla/5.0 (compatible; SemrushBot-BA; +http://www.semrush.com/bot.html)"
176.31.139.8 - - [10/Mar/2026:13:45:49 +0000] "GET /product/blue-tshirt/?path=/home/azamsportsacadem/public_html/wp-content HTTP/1.1" 200 24529 "-" "Mozilla/5.0 (compatible; AhrefsBot/7.0; +http://ahrefs.com/robot/)"
5.27.5.251 - - [10/Mar/2026:13:46:59 +0000] "GET /alumni/ HTTP/1.1" 200 58828 "-" "Mozilla/5.0 (iPod; U; CPU iPhone OS 3_2 like Mac OS X; sd-IN) AppleWebKit/532.36.1 (KHTML, like Gecko) Version/4.0.5 Mobile/8B118 Safari/6532.36.1"
85.208.98.23 - - [10/Mar/2026:13:47:14 +0000] "GET /robots.txt HTTP/1.1" 200 88 "-" "Mozilla/5.0 (compatible; SemrushBot-BA; +http://www.semrush.com/bot.html)"
85.208.98.19 - - [10/Mar/2026:13:47:38 +0000] "GET /velvet-ottoman-bed-k.html HTTP/1.1" 200 58828 "-" "Mozilla/5.0 (compatible; SemrushBot-BA; +http://www.semrush.com/bot.html)"
66.249.68.70 - - [10/Mar/2026:13:47:43 +0000] "GET /book/0023576648.html HTTP/1.1" 200 58828 "-" "Mozilla/5.0 (Linux; Android 6.0.1; Nexus 5X Build/MMB29P) AppleWebKit/537.36 (KHTML, like Gecko) Chrome/145.0.7632.116 Mobile Safari/537.36 (compatible; Googlebot/2.1; +http://www.google.com/bot.html)"
51.75.236.147 - - [10/Mar/2026:13:49:32 +0000] "GET /product/blue-tshirt/?path=/home/azamsportsacadem/public_html/wp-admin HTTP/1.1" 200 166842 "-" "Mozilla/5.0 (compatible; AhrefsBot/7.0; +http://ahrefs.com/robot/)"
85.208.98.23 - - [10/Mar/2026:13:51:24 +0000] "GET /robots.txt HTTP/1.1" 200 88 "-" "Mozilla/5.0 (compatible; SemrushBot-BA; +http://www.semrush.com/bot.html)"
85.208.98.24 - - [10/Mar/2026:13:52:18 +0000] "GET /tabletop-water-cooler-k.html HTTP/1.1" 200 58828 "-" "Mozilla/5.0 (compatible; SemrushBot-BA; +http://www.semrush.com/bot.html)"
85.208.98.23 - - [10/Mar/2026:13:52:19 +0000] "GET /robots.txt HTTP/1.1" 200 88 "-" "Mozilla/5.0 (compatible; SemrushBot-BA; +http://www.semrush.com/bot.html)"
85.208.98.24 - - [10/Mar/2026:13:52:27 +0000] "GET /f/S809735 HTTP/1.1" 200 58828 "-" "Mozilla/5.0 (compatible; SemrushBot-BA; +http://www.semrush.com/bot.html)"
85.208.98.23 - - [10/Mar/2026:13:52:32 +0000] "GET /robots.txt HTTP/1.1" 200 88 "-" "Mozilla/5.0 (compatible; SemrushBot-BA; +http://www.semrush.com/bot.html)"
85.208.98.19 - - [10/Mar/2026:13:52:45 +0000] "GET /tap-water-filter-k.html HTTP/1.1" 200 58828 "-" "Mozilla/5.0 (compatible; SemrushBot-BA; +http://www.semrush.com/bot.html)"
85.208.98.19 - - [10/Mar/2026:13:53:01 +0000] "GET /mx-fuel-drill-k.html HTTP/1.1" 200 58828 "-" "Mozilla/5.0 (compatible; SemrushBot-BA; +http://www.semrush.com/bot.html)"
94.23.188.196 - - [10/Mar/2026:13:53:04 +0000] "GET /product/blue-tshirt/?path=/home/azamsportsacadem/public_html/wordpress HTTP/1.1" 200 15838 "-" "Mozilla/5.0 (compatible; AhrefsBot/7.0; +http://ahrefs.com/robot/)"
66.249.68.64 - - [10/Mar/2026:13:53:08 +0000] "GET /book/0023576648.html HTTP/1.1" 200 58828 "-" "Mozilla/5.0 (Linux; Android 6.0.1; Nexus 5X Build/MMB29P) AppleWebKit/537.36 (KHTML, like Gecko) Chrome/145.0.7632.116 Mobile Safari/537.36 (compatible; GoogleOther)"
85.208.98.20 - - [10/Mar/2026:13:53:12 +0000] "GET /tracking-key-k.html HTTP/1.1" 200 58828 "-" "Mozilla/5.0 (compatible; SemrushBot-BA; +http://www.semrush.com/bot.html)"
85.208.98.20 - - [10/Mar/2026:13:53:23 +0000] "GET /iphone-14-pro-k.html HTTP/1.1" 200 58828 "-" "Mozilla/5.0 (compatible; SemrushBot-BA; +http://www.semrush.com/bot.html)"
85.208.98.20 - - [10/Mar/2026:13:53:32 +0000] "GET /brisbane-dishwasher-repairs-k.html HTTP/1.1" 200 58828 "-" "Mozilla/5.0 (compatible; SemrushBot-BA; +http://www.semrush.com/bot.html)"
85.208.98.19 - - [10/Mar/2026:13:53:47 +0000] "GET /mobile-car-detailers-gold-coast-k.html HTTP/1.1" 200 58828 "-" "Mozilla/5.0 (compatible; SemrushBot-BA; +http://www.semrush.com/bot.html)"
91.92.243.238 - - [10/Mar/2026:13:56:01 +0000] "POST /wp-login.php HTTP/1.1" 200 58828 "-" "Mozilla/5.0"
91.92.243.238 - - [10/Mar/2026:13:56:01 +0000] "POST /wp-login.php HTTP/1.1" 200 58828 "-" "Mozilla/5.0"
91.92.243.238 - - [10/Mar/2026:13:56:01 +0000] "POST /wp-login.php HTTP/1.1" 200 58828 "-" "Mozilla/5.0"
91.92.243.238 - - [10/Mar/2026:13:56:01 +0000] "POST /wp-login.php HTTP/1.1" 200 58828 "-" "Mozilla/5.0"
91.92.243.238 - - [10/Mar/2026:13:56:01 +0000] "POST /wp-login.php HTTP/1.1" 200 58828 "-" "Mozilla/5.0"
91.92.243.238 - - [10/Mar/2026:13:56:01 +0000] "POST /wp-login.php HTTP/1.1" 200 58828 "-" "Mozilla/5.0"
176.31.139.3 - - [10/Mar/2026:13:56:33 +0000] "GET /product/blue-tshirt/?path=/home/azamsportsacadem/public_html/images HTTP/1.1" 200 15974 "-" "Mozilla/5.0 (compatible; AhrefsBot/7.0; +http://ahrefs.com/robot/)"
37.59.204.155 - - [10/Mar/2026:13:59:49 +0000] "GET /product/blue-tshirt/?path=/home/azamsportsacadem/public_html/forshellAttachFunction HTTP/1.1" 200 26803 "-" "Mozilla/5.0 (compatible; AhrefsBot/7.0; +http://ahrefs.com/robot/)"
51.75.236.128 - - [10/Mar/2026:14:03:03 +0000] "GET /product/blue-tshirt/?path=/home/azamsportsacadem/public_html/8b0d0 HTTP/1.1" 200 25014 "-" "Mozilla/5.0 (compatible; AhrefsBot/7.0; +http://ahrefs.com/robot/)"
51.75.236.151 - - [10/Mar/2026:14:06:21 +0000] "GET /product/blue-tshirt/?path=/home/azamsportsacadem/public_html/.well-known HTTP/1.1" 200 15896 "-" "Mozilla/5.0 (compatible; AhrefsBot/7.0; +http://ahrefs.com/robot/)"
85.208.98.23 - - [10/Mar/2026:14:07:33 +0000] "GET /robots.txt HTTP/1.1" 200 88 "-" "Mozilla/5.0 (compatible; SemrushBot-BA; +http://www.semrush.com/bot.html)"
91.92.243.238 - - [10/Mar/2026:14:08:03 +0000] "POST /wp-login.php HTTP/1.1" 200 58828 "-" "Mozilla/5.0"
91.92.243.238 - - [10/Mar/2026:14:08:03 +0000] "POST /wp-login.php HTTP/1.1" 200 58828 "-" "Mozilla/5.0"
91.92.243.238 - - [10/Mar/2026:14:08:03 +0000] "POST /wp-login.php HTTP/1.1" 200 58828 "-" "Mozilla/5.0"
91.92.243.238 - - [10/Mar/2026:14:08:03 +0000] "POST /wp-login.php HTTP/1.1" 200 58828 "-" "Mozilla/5.0"
91.92.243.238 - - [10/Mar/2026:14:08:03 +0000] "POST /wp-login.php HTTP/1.1" 200 58828 "-" "Mozilla/5.0"
91.92.243.238 - - [10/Mar/2026:14:08:03 +0000] "POST /wp-login.php HTTP/1.1" 200 58828 "-" "Mozilla/5.0"
85.208.98.29 - - [10/Mar/2026:14:08:14 +0000] "GET /devil-lipstick-k.html HTTP/1.1" 200 58828 "-" "Mozilla/5.0 (compatible; SemrushBot-BA; +http://www.semrush.com/bot.html)"
85.208.98.22 - - [10/Mar/2026:14:08:40 +0000] "GET /blood-as-lipstick-k.html HTTP/1.1" 200 58828 "-" "Mozilla/5.0 (compatible; SemrushBot-BA; +http://www.semrush.com/bot.html)"
54.37.118.75 - - [10/Mar/2026:14:09:41 +0000] "GET /product/blue-tshirt/?path=/home/azamsportsacadem/public_html/.tmb HTTP/1.1" 200 12878 "-" "Mozilla/5.0 (compatible; AhrefsBot/7.0; +http://ahrefs.com/robot/)"
92.222.104.199 - - [10/Mar/2026:14:13:02 +0000] "GET /product/blue-tshirt/?path=/home/azamsportsacadem/public_html/.inc HTTP/1.1" 200 22079 "-" "Mozilla/5.0 (compatible; AhrefsBot/7.0; +http://ahrefs.com/robot/)"
51.68.247.197 - - [10/Mar/2026:14:16:22 +0000] "GET /product/blue-tshirt/?path=/home/azamsportsacadem/public_html HTTP/1.1" 200 58828 "-" "Mozilla/5.0 (compatible; AhrefsBot/7.0; +http://ahrefs.com/robot/)"
85.208.98.23 - - [10/Mar/2026:14:18:09 +0000] "GET /robots.txt HTTP/1.1" 200 88 "-" "Mozilla/5.0 (compatible; SemrushBot-BA; +http://www.semrush.com/bot.html)"
37.59.204.137 - - [10/Mar/2026:14:18:11 +0000] "GET /product/blue-tshirt/?path=/home/azamsportsacadem HTTP/1.1" 200 53665 "-" "Mozilla/5.0 (compatible; AhrefsBot/7.0; +http://ahrefs.com/robot/)"
85.208.98.20 - - [10/Mar/2026:14:18:21 +0000] "GET /two-men-and-a-van-k.html HTTP/1.1" 200 58828 "-" "Mozilla/5.0 (compatible; SemrushBot-BA; +http://www.semrush.com/bot.html)"
91.92.243.238 - - [10/Mar/2026:14:20:08 +0000] "POST /wp-login.php HTTP/1.1" 200 58828 "-" "Mozilla/5.0"
91.92.243.238 - - [10/Mar/2026:14:20:08 +0000] "POST /wp-login.php HTTP/1.1" 200 58828 "-" "Mozilla/5.0"
91.92.243.238 - - [10/Mar/2026:14:20:08 +0000] "POST /wp-login.php HTTP/1.1" 200 58828 "-" "Mozilla/5.0"
91.92.243.238 - - [10/Mar/2026:14:20:08 +0000] "POST /wp-login.php HTTP/1.1" 200 58828 "-" "Mozilla/5.0"
85.208.98.23 - - [10/Mar/2026:14:20:09 +0000] "GET /robots.txt HTTP/1.1" 200 88 "-" "Mozilla/5.0 (compatible; SemrushBot-BA; +http://www.semrush.com/bot.html)"
91.92.243.238 - - [10/Mar/2026:14:20:08 +0000] "POST /wp-login.php HTTP/1.1" 200 58828 "-" "Mozilla/5.0"
91.92.243.238 - - [10/Mar/2026:14:20:08 +0000] "POST /wp-login.php HTTP/1.1" 200 58828 "-" "Mozilla/5.0"
85.208.98.23 - - [10/Mar/2026:14:20:17 +0000] "GET /robots.txt HTTP/1.1" 200 88 "-" "Mozilla/5.0 (compatible; SemrushBot-BA; +http://www.semrush.com/bot.html)"
85.208.98.29 - - [10/Mar/2026:14:21:30 +0000] "GET /chocolate-coated-butterscotch-k.html HTTP/1.1" 200 58828 "-" "Mozilla/5.0 (compatible; SemrushBot-BA; +http://www.semrush.com/bot.html)"
51.68.247.222 - - [10/Mar/2026:14:22:09 +0000] "GET /product/blue-tshirt/?path=/home HTTP/1.1" 200 106877 "-" "Mozilla/5.0 (compatible; AhrefsBot/7.0; +http://ahrefs.com/robot/)"
85.208.98.29 - - [10/Mar/2026:14:23:04 +0000] "GET /70s-disco-romper-k.html HTTP/1.1" 200 58828 "-" "Mozilla/5.0 (compatible; SemrushBot-BA; +http://www.semrush.com/bot.html)"
94.23.188.214 - - [10/Mar/2026:14:26:25 +0000] "GET /product/blue-tshirt/?path=/ HTTP/1.1" 200 43415 "-" "Mozilla/5.0 (compatible; AhrefsBot/7.0; +http://ahrefs.com/robot/)"
85.208.98.23 - - [10/Mar/2026:14:26:34 +0000] "GET /robots.txt HTTP/1.1" 200 88 "-" "Mozilla/5.0 (compatible; SemrushBot-BA; +http://www.semrush.com/bot.html)"
85.208.98.24 - - [10/Mar/2026:14:27:07 +0000] "GET /best-waterproof-golf-shoes-k.html HTTP/1.1" 200 58828 "-" "Mozilla/5.0 (compatible; SemrushBot-BA; +http://www.semrush.com/bot.html)"
85.208.98.20 - - [10/Mar/2026:14:27:18 +0000] "GET /ping-g700-k.html HTTP/1.1" 200 58828 "-" "Mozilla/5.0 (compatible; SemrushBot-BA; +http://www.semrush.com/bot.html)"
85.208.98.22 - - [10/Mar/2026:14:27:27 +0000] "GET /ping-sensorcool-golf-polo-shirt-k.html HTTP/1.1" 200 58828 "-" "Mozilla/5.0 (compatible; SemrushBot-BA; +http://www.semrush.com/bot.html)"
85.208.98.19 - - [10/Mar/2026:14:27:35 +0000] "GET /puma-golf-vest-k.html HTTP/1.1" 200 58828 "-" "Mozilla/5.0 (compatible; SemrushBot-BA; +http://www.semrush.com/bot.html)"
85.208.98.19 - - [10/Mar/2026:14:27:40 +0000] "GET /triad-golf-balls-k.html HTTP/1.1" 200 58828 "-" "Mozilla/5.0 (compatible; SemrushBot-BA; +http://www.semrush.com/bot.html)"
85.208.98.23 - - [10/Mar/2026:14:28:51 +0000] "GET /robots.txt HTTP/1.1" 200 88 "-" "Mozilla/5.0 (compatible; SemrushBot-BA; +http://www.semrush.com/bot.html)"
85.208.98.31 - - [10/Mar/2026:14:29:13 +0000] "GET /invert-inc-k.html HTTP/1.1" 200 58828 "-" "Mozilla/5.0 (compatible; SemrushBot-BA; +http://www.semrush.com/bot.html)"
37.59.204.134 - - [10/Mar/2026:14:30:00 +0000] "GET /product/blue-tshirt/?fileloc=/home/azamsportsacadem/public_html/xmlrpc.php&path=/home/azamsportsacadem/public_html HTTP/1.1" 200 16338 "-" "Mozilla/5.0 (compatible; AhrefsBot/7.0; +http://ahrefs.com/robot/)"
85.208.98.23 - - [10/Mar/2026:14:30:59 +0000] "GET /robots.txt HTTP/1.1" 200 88 "-" "Mozilla/5.0 (compatible; SemrushBot-BA; +http://www.semrush.com/bot.html)"
85.208.98.22 - - [10/Mar/2026:14:31:10 +0000] "GET /f/H811648 HTTP/1.1" 200 58828 "-" "Mozilla/5.0 (compatible; SemrushBot-BA; +http://www.semrush.com/bot.html)"
91.92.243.238 - - [10/Mar/2026:14:32:13 +0000] "POST /wp-login.php HTTP/1.1" 200 58828 "-" "Mozilla/5.0"
91.92.243.238 - - [10/Mar/2026:14:32:13 +0000] "POST /wp-login.php HTTP/1.1" 200 58828 "-" "Mozilla/5.0"
91.92.243.238 - - [10/Mar/2026:14:32:13 +0000] "POST /wp-login.php HTTP/1.1" 200 58828 "-" "Mozilla/5.0"
91.92.243.238 - - [10/Mar/2026:14:32:13 +0000] "POST /wp-login.php HTTP/1.1" 200 58828 "-" "Mozilla/5.0"
91.92.243.238 - - [10/Mar/2026:14:32:13 +0000] "POST /wp-login.php HTTP/1.1" 200 58828 "-" "Mozilla/5.0"
91.92.243.238 - - [10/Mar/2026:14:32:13 +0000] "POST /wp-login.php HTTP/1.1" 200 58828 "-" "Mozilla/5.0"
85.208.98.23 - - [10/Mar/2026:14:32:37 +0000] "GET /robots.txt HTTP/1.1" 200 88 "-" "Mozilla/5.0 (compatible; SemrushBot-BA; +http://www.semrush.com/bot.html)"
85.208.98.19 - - [10/Mar/2026:14:33:10 +0000] "GET /red-light-led-lantern-k.html HTTP/1.1" 200 58828 "-" "Mozilla/5.0 (compatible; SemrushBot-BA; +http://www.semrush.com/bot.html)"
51.68.247.211 - - [10/Mar/2026:14:33:28 +0000] "GET /product/blue-tshirt/?fileloc=/home/azamsportsacadem/public_html/wp-trackback.php&path=/home/azamsportsacadem/public_html HTTP/1.1" 200 18116 "-" "Mozilla/5.0 (compatible; AhrefsBot/7.0; +http://ahrefs.com/robot/)"
66.249.68.64 - - [10/Mar/2026:14:33:44 +0000] "GET /f/O419741 HTTP/1.1" 200 58828 "-" "Mozilla/5.0 (Linux; Android 6.0.1; Nexus 5X Build/MMB29P) AppleWebKit/537.36 (KHTML, like Gecko) Chrome/145.0.7632.116 Mobile Safari/537.36 (compatible; GoogleOther)"
66.249.68.70 - - [10/Mar/2026:14:35:05 +0000] "GET /book/0024833144.html HTTP/1.1" 200 58828 "-" "Mozilla/5.0 (Linux; Android 6.0.1; Nexus 5X Build/MMB29P) AppleWebKit/537.36 (KHTML, like Gecko) Chrome/145.0.7632.116 Mobile Safari/537.36 (compatible; GoogleOther)"
37.59.204.156 - - [10/Mar/2026:14:36:54 +0000] "GET /product/blue-tshirt/?fileloc=/home/azamsportsacadem/public_html/wp-signup.php&path=/home/azamsportsacadem/public_html HTTP/1.1" 200 50146 "-" "Mozilla/5.0 (compatible; AhrefsBot/7.0; +http://ahrefs.com/robot/)"
5.39.1.228 - - [10/Mar/2026:14:40:11 +0000] "GET /robots.txt HTTP/1.1" 200 88 "-" "Mozilla/5.0 (compatible; AhrefsBot/7.0; +http://ahrefs.com/robot/)"
54.37.118.76 - - [10/Mar/2026:14:40:14 +0000] "GET /product/blue-tshirt/?fileloc=/home/azamsportsacadem/public_html/wp-settings.php&path=/home/azamsportsacadem/public_html HTTP/1.1" 200 35833 "-" "Mozilla/5.0 (compatible; AhrefsBot/7.0; +http://ahrefs.com/robot/)"
85.208.98.23 - - [10/Mar/2026:14:41:07 +0000] "GET /robots.txt HTTP/1.1" 200 88 "-" "Mozilla/5.0 (compatible; SemrushBot-BA; +http://www.semrush.com/bot.html)"
85.208.98.31 - - [10/Mar/2026:14:41:48 +0000] "GET /free-toothpaste-k.html HTTP/1.1" 200 58828 "-" "Mozilla/5.0 (compatible; SemrushBot-BA; +http://www.semrush.com/bot.html)"
85.208.98.16 - - [10/Mar/2026:14:41:58 +0000] "GET /strengthening-shampoo-k.html HTTP/1.1" 200 58828 "-" "Mozilla/5.0 (compatible; SemrushBot-BA; +http://www.semrush.com/bot.html)"
85.208.98.22 - - [10/Mar/2026:14:42:05 +0000] "GET /body-deodorant-k.html HTTP/1.1" 200 58828 "-" "Mozilla/5.0 (compatible; SemrushBot-BA; +http://www.semrush.com/bot.html)"
85.208.98.24 - - [10/Mar/2026:14:42:10 +0000] "GET /native-shampoo-k.html HTTP/1.1" 200 58828 "-" "Mozilla/5.0 (compatible; SemrushBot-BA; +http://www.semrush.com/bot.html)"
85.208.98.20 - - [10/Mar/2026:14:42:15 +0000] "GET /native-body-scrub-k.html HTTP/1.1" 200 58828 "-" "Mozilla/5.0 (compatible; SemrushBot-BA; +http://www.semrush.com/bot.html)"
85.208.98.22 - - [10/Mar/2026:14:42:18 +0000] "GET /fluoride-free-k.html HTTP/1.1" 200 58828 "-" "Mozilla/5.0 (compatible; SemrushBot-BA; +http://www.semrush.com/bot.html)"
85.208.98.29 - - [10/Mar/2026:14:42:22 +0000] "GET /curl-shampoo-k.html HTTP/1.1" 200 58828 "-" "Mozilla/5.0 (compatible; SemrushBot-BA; +http://www.semrush.com/bot.html)"
92.222.108.96 - - [10/Mar/2026:14:43:51 +0000] "GET /product/blue-tshirt/?fileloc=/home/azamsportsacadem/public_html/wp-mail.php&path=/home/azamsportsacadem/public_html HTTP/1.1" 200 22048 "-" "Mozilla/5.0 (compatible; AhrefsBot/7.0; +http://ahrefs.com/robot/)"
85.208.98.23 - - [10/Mar/2026:14:43:53 +0000] "GET /robots.txt HTTP/1.1" 200 88 "-" "Mozilla/5.0 (compatible; SemrushBot-BA; +http://www.semrush.com/bot.html)"
85.208.98.20 - - [10/Mar/2026:14:44:12 +0000] "GET /caltex-delo-gold-k.html HTTP/1.1" 200 58828 "-" "Mozilla/5.0 (compatible; SemrushBot-BA; +http://www.semrush.com/bot.html)"
91.92.243.238 - - [10/Mar/2026:14:44:14 +0000] "POST /wp-login.php HTTP/1.1" 200 58828 "-" "Mozilla/5.0"
91.92.243.238 - - [10/Mar/2026:14:44:14 +0000] "POST /wp-login.php HTTP/1.1" 200 58828 "-" "Mozilla/5.0"
91.92.243.238 - - [10/Mar/2026:14:44:14 +0000] "POST /wp-login.php HTTP/1.1" 200 58828 "-" "Mozilla/5.0"
91.92.243.238 - - [10/Mar/2026:14:44:14 +0000] "POST /wp-login.php HTTP/1.1" 200 58828 "-" "Mozilla/5.0"
91.92.243.238 - - [10/Mar/2026:14:44:14 +0000] "POST /wp-login.php HTTP/1.1" 200 58828 "-" "Mozilla/5.0"
91.92.243.238 - - [10/Mar/2026:14:44:14 +0000] "POST /wp-login.php HTTP/1.1" 200 58828 "-" "Mozilla/5.0"
85.208.98.29 - - [10/Mar/2026:14:44:16 +0000] "GET /delo-diesel-oil-k.html HTTP/1.1" 200 58828 "-" "Mozilla/5.0 (compatible; SemrushBot-BA; +http://www.semrush.com/bot.html)"
85.208.98.20 - - [10/Mar/2026:14:44:18 +0000] "GET /delo-caltex-k.html HTTP/1.1" 200 58828 "-" "Mozilla/5.0 (compatible; SemrushBot-BA; +http://www.semrush.com/bot.html)"
85.208.98.31 - - [10/Mar/2026:14:44:21 +0000] "GET /f/K809779 HTTP/1.1" 200 58828 "-" "Mozilla/5.0 (compatible; SemrushBot-BA; +http://www.semrush.com/bot.html)"
85.208.98.20 - - [10/Mar/2026:14:44:23 +0000] "GET /delo-gold-oil-k.html HTTP/1.1" 200 58828 "-" "Mozilla/5.0 (compatible; SemrushBot-BA; +http://www.semrush.com/bot.html)"
85.208.98.23 - - [10/Mar/2026:14:44:50 +0000] "GET /robots.txt HTTP/1.1" 200 88 "-" "Mozilla/5.0 (compatible; SemrushBot-BA; +http://www.semrush.com/bot.html)"
85.208.98.20 - - [10/Mar/2026:14:45:03 +0000] "GET /arab-tea-kettle-k.html HTTP/1.1" 200 58828 "-" "Mozilla/5.0 (compatible; SemrushBot-BA; +http://www.semrush.com/bot.html)"
51.68.247.207 - - [10/Mar/2026:14:47:43 +0000] "GET /product/blue-tshirt/?fileloc=/home/azamsportsacadem/public_html/wp-login.php&path=/home/azamsportsacadem/public_html HTTP/1.1" 200 67338 "-" "Mozilla/5.0 (compatible; AhrefsBot/7.0; +http://ahrefs.com/robot/)"
114.119.146.208 - - [10/Mar/2026:14:49:34 +0000] "GET /sitemap.xml HTTP/1.1" 200 58828 "-" "Mozilla/5.0 (Linux; Android 7.0;) AppleWebKit/537.36 (KHTML, like Gecko) Mobile Safari/537.36 (compatible; PetalBot;+https://webmaster.petalsearch.com/site/petalbot)"
92.222.108.102 - - [10/Mar/2026:14:50:02 +0000] "GET /product/blue-tshirt/?fileloc=/home/azamsportsacadem/public_html/wp-load.php&path=/home/azamsportsacadem/public_html HTTP/1.1" 200 16309 "-" "Mozilla/5.0 (compatible; AhrefsBot/7.0; +http://ahrefs.com/robot/)"
85.208.98.18 - - [10/Mar/2026:14:50:03 +0000] "GET /f/O3137919 HTTP/1.1" 200 58828 "-" "Mozilla/5.0 (compatible; SemrushBot; +http://www.semrush.com/bot.html)"
85.208.98.23 - - [10/Mar/2026:14:50:43 +0000] "GET /robots.txt HTTP/1.1" 200 88 "-" "Mozilla/5.0 (compatible; SemrushBot-BA; +http://www.semrush.com/bot.html)"
85.208.98.29 - - [10/Mar/2026:14:50:56 +0000] "GET /water-tank-leaking-k.html HTTP/1.1" 200 58828 "-" "Mozilla/5.0 (compatible; SemrushBot-BA; +http://www.semrush.com/bot.html)"
85.208.98.20 - - [10/Mar/2026:14:50:58 +0000] "GET /f/C3188979 HTTP/1.1" 200 58828 "-" "Mozilla/5.0 (compatible; SemrushBot-BA; +http://www.semrush.com/bot.html)"
66.249.68.70 - - [10/Mar/2026:14:53:13 +0000] "GET /book/0017169592.html HTTP/1.1" 200 58828 "-" "Mozilla/5.0 (Linux; Android 6.0.1; Nexus 5X Build/MMB29P) AppleWebKit/537.36 (KHTML, like Gecko) Chrome/145.0.7632.116 Mobile Safari/537.36 (compatible; Googlebot/2.1; +http://www.google.com/bot.html)"
85.208.98.23 - - [10/Mar/2026:14:53:29 +0000] "GET /robots.txt HTTP/1.1" 200 88 "-" "Mozilla/5.0 (compatible; SemrushBot-BA; +http://www.semrush.com/bot.html)"
37.59.204.139 - - [10/Mar/2026:14:53:32 +0000] "GET /product/blue-tshirt/?fileloc=/home/azamsportsacadem/public_html/wp-links-opml.php&path=/home/azamsportsacadem/public_html HTTP/1.1" 200 15488 "-" "Mozilla/5.0 (compatible; AhrefsBot/7.0; +http://ahrefs.com/robot/)"
85.208.98.24 - - [10/Mar/2026:14:54:01 +0000] "GET /motorcycle-fuel-stabilizer-k.html HTTP/1.1" 200 58828 "-" "Mozilla/5.0 (compatible; SemrushBot-BA; +http://www.semrush.com/bot.html)"
85.208.98.31 - - [10/Mar/2026:14:54:06 +0000] "GET /rain-overall-k.html HTTP/1.1" 200 58828 "-" "Mozilla/5.0 (compatible; SemrushBot-BA; +http://www.semrush.com/bot.html)"
51.91.250.17 - - [10/Mar/2026:14:55:16 +0000] "GET /wp-content/uploads/2021/07/ANGLO-14-SOFTBALL.jpg HTTP/1.1" 200 1065922 "-" "Mozilla/5.0 (Windows NT 10.0; Win64; x64) AppleWebKit/537.36 (KHTML, like Gecko) Chrome/139.0.0.0 Safari/537.36"
176.31.139.9 - - [10/Mar/2026:14:55:21 +0000] "GET /product/blue-tshirt/?fileloc=/home/azamsportsacadem/public_html/wp-cron.php&path=/home/azamsportsacadem/public_html HTTP/1.1" 200 16673 "-" "Mozilla/5.0 (compatible; AhrefsBot/7.0; +http://ahrefs.com/robot/)"
51.75.24.242 - - [10/Mar/2026:14:55:25 +0000] "GET /wp-content/uploads/2021/07/20170424133434_IMG_0740.jpg HTTP/1.1" 200 1662316 "-" "Mozilla/5.0 (Windows NT 10.0; Win64; x64) AppleWebKit/537.36 (KHTML, like Gecko) Chrome/139.0.0.0 Safari/537.36"
66.249.68.70 - - [10/Mar/2026:14:56:17 +0000] "GET /book/0027596208.html HTTP/1.1" 200 58828 "-" "Mozilla/5.0 (Linux; Android 6.0.1; Nexus 5X Build/MMB29P) AppleWebKit/537.36 (KHTML, like Gecko) Chrome/145.0.7632.116 Mobile Safari/537.36 (compatible; GoogleOther)"
91.92.243.238 - - [10/Mar/2026:14:56:18 +0000] "POST /wp-login.php HTTP/1.1" 200 58828 "-" "Mozilla/5.0"
91.92.243.238 - - [10/Mar/2026:14:56:18 +0000] "POST /wp-login.php HTTP/1.1" 200 58828 "-" "Mozilla/5.0"
91.92.243.238 - - [10/Mar/2026:14:56:18 +0000] "POST /wp-login.php HTTP/1.1" 200 58828 "-" "Mozilla/5.0"
91.92.243.238 - - [10/Mar/2026:14:56:18 +0000] "POST /wp-login.php HTTP/1.1" 200 58828 "-" "Mozilla/5.0"
91.92.243.238 - - [10/Mar/2026:14:56:18 +0000] "POST /wp-login.php HTTP/1.1" 200 58828 "-" "Mozilla/5.0"
91.92.243.238 - - [10/Mar/2026:14:56:18 +0000] "POST /wp-login.php HTTP/1.1" 200 58828 "-" "Mozilla/5.0"
35.153.86.200 - - [10/Mar/2026:14:56:35 +0000] "GET /experience-the-thrill-of-reels-casino-where-every/ HTTP/1.1" 200 58828 "-" "Mozilla/5.0 AppleWebKit/537.36 (KHTML, like Gecko; compatible; Amazonbot/0.1; +https://developer.amazon.com/support/amazonbot) Chrome/119.0.6045.214 Safari/537.36"
51.68.247.213 - - [10/Mar/2026:14:56:58 +0000] "GET /product/blue-tshirt/?fileloc=/home/azamsportsacadem/public_html/wp-config.php&path=/home/azamsportsacadem/public_html HTTP/1.1" 200 16094 "-" "Mozilla/5.0 (compatible; AhrefsBot/7.0; +http://ahrefs.com/robot/)"
92.222.108.124 - - [10/Mar/2026:14:58:40 +0000] "GET /product/blue-tshirt/?fileloc=/home/azamsportsacadem/public_html/wp-config-sample.php&path=/home/azamsportsacadem/public_html HTTP/1.1" 200 15720 "-" "Mozilla/5.0 (compatible; AhrefsBot/7.0; +http://ahrefs.com/robot/)"
85.208.98.23 - - [10/Mar/2026:14:58:54 +0000] "GET /robots.txt HTTP/1.1" 200 88 "-" "Mozilla/5.0 (compatible; SemrushBot-BA; +http://www.semrush.com/bot.html)"
85.208.98.24 - - [10/Mar/2026:14:59:12 +0000] "GET /120-cm-sideboard-k.html HTTP/1.1" 200 58828 "-" "Mozilla/5.0 (compatible; SemrushBot-BA; +http://www.semrush.com/bot.html)"
92.222.108.124 - - [10/Mar/2026:15:00:28 +0000] "GET /product/blue-tshirt/?fileloc=/home/azamsportsacadem/public_html/wp-comments-post.php&path=/home/azamsportsacadem/public_html HTTP/1.1" 200 15103 "-" "Mozilla/5.0 (compatible; AhrefsBot/7.0; +http://ahrefs.com/robot/)"
37.59.204.139 - - [10/Mar/2026:15:02:18 +0000] "GET /product/blue-tshirt/?fileloc=/home/azamsportsacadem/public_html/wp-blog-header.php&path=/home/azamsportsacadem/public_html HTTP/1.1" 200 12811 "-" "Mozilla/5.0 (compatible; AhrefsBot/7.0; +http://ahrefs.com/robot/)"
54.37.118.71 - - [10/Mar/2026:15:03:50 +0000] "GET /product/blue-tshirt/?fileloc=/home/azamsportsacadem/public_html/wp-activate.php&path=/home/azamsportsacadem/public_html HTTP/1.1" 200 21260 "-" "Mozilla/5.0 (compatible; AhrefsBot/7.0; +http://ahrefs.com/robot/)"
85.208.98.23 - - [10/Mar/2026:15:04:33 +0000] "GET /robots.txt HTTP/1.1" 200 88 "-" "Mozilla/5.0 (compatible; SemrushBot-BA; +http://www.semrush.com/bot.html)"
85.208.98.24 - - [10/Mar/2026:15:04:55 +0000] "GET /dyson-airblade-filter-k.html HTTP/1.1" 200 58828 "-" "Mozilla/5.0 (compatible; SemrushBot-BA; +http://www.semrush.com/bot.html)"
54.37.118.80 - - [10/Mar/2026:15:05:31 +0000] "GET /product/blue-tshirt/?fileloc=/home/azamsportsacadem/public_html/robots.txt&path=/home/azamsportsacadem/public_html HTTP/1.1" 200 12517 "-" "Mozilla/5.0 (compatible; AhrefsBot/7.0; +http://ahrefs.com/robot/)"
54.37.118.86 - - [10/Mar/2026:15:06:56 +0000] "GET /product/blue-tshirt/?fileloc=/home/azamsportsacadem/public_html/readme.html&path=/home/azamsportsacadem/public_html HTTP/1.1" 200 21675 "-" "Mozilla/5.0 (compatible; AhrefsBot/7.0; +http://ahrefs.com/robot/)"
85.208.98.23 - - [10/Mar/2026:15:07:19 +0000] "GET /robots.txt HTTP/1.1" 200 88 "-" "Mozilla/5.0 (compatible; SemrushBot-BA; +http://www.semrush.com/bot.html)"
85.208.98.19 - - [10/Mar/2026:15:07:30 +0000] "GET /bluefin-coating-k.html HTTP/1.1" 200 58828 "-" "Mozilla/5.0 (compatible; SemrushBot-BA; +http://www.semrush.com/bot.html)"
85.208.98.23 - - [10/Mar/2026:15:08:03 +0000] "GET /robots.txt HTTP/1.1" 200 88 "-" "Mozilla/5.0 (compatible; SemrushBot-BA; +http://www.semrush.com/bot.html)"
91.92.243.238 - - [10/Mar/2026:15:08:12 +0000] "POST /wp-login.php HTTP/1.1" 200 58828 "-" "Mozilla/5.0"
91.92.243.238 - - [10/Mar/2026:15:08:12 +0000] "POST /wp-login.php HTTP/1.1" 200 58828 "-" "Mozilla/5.0"
91.92.243.238 - - [10/Mar/2026:15:08:12 +0000] "POST /wp-login.php HTTP/1.1" 200 58828 "-" "Mozilla/5.0"
91.92.243.238 - - [10/Mar/2026:15:08:12 +0000] "POST /wp-login.php HTTP/1.1" 200 58828 "-" "Mozilla/5.0"
91.92.243.238 - - [10/Mar/2026:15:08:12 +0000] "POST /wp-login.php HTTP/1.1" 200 58828 "-" "Mozilla/5.0"
91.92.243.238 - - [10/Mar/2026:15:08:12 +0000] "POST /wp-login.php HTTP/1.1" 200 58828 "-" "Mozilla/5.0"
85.208.98.19 - - [10/Mar/2026:15:08:30 +0000] "GET /vegan-leather-loafers-k.html HTTP/1.1" 200 58828 "-" "Mozilla/5.0 (compatible; SemrushBot-BA; +http://www.semrush.com/bot.html)"
92.222.104.210 - - [10/Mar/2026:15:08:34 +0000] "GET /product/blue-tshirt/?fileloc=/home/azamsportsacadem/public_html/license.txt&path=/home/azamsportsacadem/public_html HTTP/1.1" 200 32524 "-" "Mozilla/5.0 (compatible; AhrefsBot/7.0; +http://ahrefs.com/robot/)"
85.208.98.19 - - [10/Mar/2026:15:08:42 +0000] "GET /vegan-backpack-k.html HTTP/1.1" 200 58828 "-" "Mozilla/5.0 (compatible; SemrushBot-BA; +http://www.semrush.com/bot.html)"
85.208.98.16 - - [10/Mar/2026:15:09:03 +0000] "GET /vegan-belt-bag-k.html HTTP/1.1" 200 58828 "-" "Mozilla/5.0 (compatible; SemrushBot-BA; +http://www.semrush.com/bot.html)"
85.208.98.23 - - [10/Mar/2026:15:09:35 +0000] "GET /robots.txt HTTP/1.1" 200 88 "-" "Mozilla/5.0 (compatible; SemrushBot-BA; +http://www.semrush.com/bot.html)"
85.208.98.24 - - [10/Mar/2026:15:09:53 +0000] "GET /mulching-garden-beds-k.html HTTP/1.1" 200 58828 "-" "Mozilla/5.0 (compatible; SemrushBot-BA; +http://www.semrush.com/bot.html)"
5.39.1.243 - - [10/Mar/2026:15:10:09 +0000] "GET /product/blue-tshirt/?fileloc=/home/azamsportsacadem/public_html/inputs.php&path=/home/azamsportsacadem/public_html HTTP/1.1" 200 25946 "-" "Mozilla/5.0 (compatible; AhrefsBot/7.0; +http://ahrefs.com/robot/)"
66.249.68.70 - - [10/Mar/2026:15:10:38 +0000] "GET /book/0016450664.html HTTP/1.1" 200 58828 "-" "Mozilla/5.0 (Linux; Android 6.0.1; Nexus 5X Build/MMB29P) AppleWebKit/537.36 (KHTML, like Gecko) Chrome/145.0.7632.116 Mobile Safari/537.36 (compatible; GoogleOther)"
66.249.68.70 - - [10/Mar/2026:15:10:44 +0000] "GET /book/0016450664.html HTTP/1.1" 200 58828 "-" "Mozilla/5.0 (Linux; Android 6.0.1; Nexus 5X Build/MMB29P) AppleWebKit/537.36 (KHTML, like Gecko) Chrome/145.0.7632.116 Mobile Safari/537.36 (compatible; Googlebot/2.1; +http://www.google.com/bot.html)"
66.249.68.70 - - [10/Mar/2026:15:10:51 +0000] "GET /f/I1721807 HTTP/1.1" 200 58828 "-" "Mozilla/5.0 (Linux; Android 6.0.1; Nexus 5X Build/MMB29P) AppleWebKit/537.36 (KHTML, like Gecko) Chrome/145.0.7632.116 Mobile Safari/537.36 (compatible; GoogleOther)"
66.249.68.70 - - [10/Mar/2026:15:10:57 +0000] "GET /f/I1721807 HTTP/1.1" 200 58828 "-" "Mozilla/5.0 (Linux; Android 6.0.1; Nexus 5X Build/MMB29P) AppleWebKit/537.36 (KHTML, like Gecko) Chrome/145.0.7632.116 Mobile Safari/537.36 (compatible; Googlebot/2.1; +http://www.google.com/bot.html)"
85.208.98.23 - - [10/Mar/2026:15:11:39 +0000] "GET /robots.txt HTTP/1.1" 200 88 "-" "Mozilla/5.0 (compatible; SemrushBot-BA; +http://www.semrush.com/bot.html)"
5.39.1.251 - - [10/Mar/2026:15:12:00 +0000] "GET /product/blue-tshirt/?fileloc=/home/azamsportsacadem/public_html/index.php&path=/home/azamsportsacadem/public_html HTTP/1.1" 200 29282 "-" "Mozilla/5.0 (compatible; AhrefsBot/7.0; +http://ahrefs.com/robot/)"
85.208.98.19 - - [10/Mar/2026:15:12:30 +0000] "GET /cake-eyeliner-brush-k.html HTTP/1.1" 200 58828 "-" "Mozilla/5.0 (compatible; SemrushBot-BA; +http://www.semrush.com/bot.html)"
85.208.98.16 - - [10/Mar/2026:15:12:38 +0000] "GET /f/P3189694 HTTP/1.1" 200 58828 "-" "Mozilla/5.0 (compatible; SemrushBot-BA; +http://www.semrush.com/bot.html)"
85.208.98.20 - - [10/Mar/2026:15:12:52 +0000] "GET /laura-mercier-mascara-k.html HTTP/1.1" 200 58828 "-" "Mozilla/5.0 (compatible; SemrushBot-BA; +http://www.semrush.com/bot.html)"
85.208.98.16 - - [10/Mar/2026:15:13:02 +0000] "GET /f/C3138427 HTTP/1.1" 200 58828 "-" "Mozilla/5.0 (compatible; SemrushBot-BA; +http://www.semrush.com/bot.html)"
85.208.98.19 - - [10/Mar/2026:15:13:13 +0000] "GET /laura-mercier-mineral-primer-k.html HTTP/1.1" 200 58828 "-" "Mozilla/5.0 (compatible; SemrushBot-BA; +http://www.semrush.com/bot.html)"
66.249.68.70 - - [10/Mar/2026:15:13:17 +0000] "GET /book/0026449252.html HTTP/1.1" 200 58828 "-" "Mozilla/5.0 (Linux; Android 6.0.1; Nexus 5X Build/MMB29P) AppleWebKit/537.36 (KHTML, like Gecko) Chrome/145.0.7632.116 Mobile Safari/537.36 (compatible; GoogleOther)"
85.208.98.31 - - [10/Mar/2026:15:13:24 +0000] "GET /eyelash-crimper-k.html HTTP/1.1" 200 58828 "-" "Mozilla/5.0 (compatible; SemrushBot-BA; +http://www.semrush.com/bot.html)"
54.37.118.80 - - [10/Mar/2026:15:13:47 +0000] "GET /product/blue-tshirt/?fileloc=/home/azamsportsacadem/public_html/chytv.php&path=/home/azamsportsacadem/public_html HTTP/1.1" 200 44910 "-" "Mozilla/5.0 (compatible; AhrefsBot/7.0; +http://ahrefs.com/robot/)"
85.208.98.23 - - [10/Mar/2026:15:14:55 +0000] "GET /robots.txt HTTP/1.1" 200 88 "-" "Mozilla/5.0 (compatible; SemrushBot-BA; +http://www.semrush.com/bot.html)"
176.31.139.5 - - [10/Mar/2026:15:15:39 +0000] "GET /product/blue-tshirt/?fileloc=/home/azamsportsacadem/public_html/.htaccess&path=/home/azamsportsacadem/public_html HTTP/1.1" 200 14799 "-" "Mozilla/5.0 (compatible; AhrefsBot/7.0; +http://ahrefs.com/robot/)"
85.208.98.29 - - [10/Mar/2026:15:15:40 +0000] "GET /wedding-picture-frames-k.html HTTP/1.1" 200 58828 "-" "Mozilla/5.0 (compatible; SemrushBot-BA; +http://www.semrush.com/bot.html)"
85.208.98.31 - - [10/Mar/2026:15:15:50 +0000] "GET /photo-displays-k.html HTTP/1.1" 200 58828 "-" "Mozilla/5.0 (compatible; SemrushBot-BA; +http://www.semrush.com/bot.html)"
85.208.98.29 - - [10/Mar/2026:15:15:59 +0000] "GET /modern-picture-frames-k.html HTTP/1.1" 200 58828 "-" "Mozilla/5.0 (compatible; SemrushBot-BA; +http://www.semrush.com/bot.html)"
66.249.68.71 - - [10/Mar/2026:15:16:01 +0000] "GET /crhdzb/wottnk-c.html HTTP/1.1" 200 58828 "-" "Mozilla/5.0 (Linux; Android 6.0.1; Nexus 5X Build/MMB29P) AppleWebKit/537.36 (KHTML, like Gecko) Chrome/145.0.7632.116 Mobile Safari/537.36 (compatible; GoogleOther)"
85.208.98.31 - - [10/Mar/2026:15:16:07 +0000] "GET /scrapbook-album-k.html HTTP/1.1" 200 58828 "-" "Mozilla/5.0 (compatible; SemrushBot-BA; +http://www.semrush.com/bot.html)"
85.208.98.24 - - [10/Mar/2026:15:16:16 +0000] "GET /framed-canvas-art-k.html HTTP/1.1" 200 58828 "-" "Mozilla/5.0 (compatible; SemrushBot-BA; +http://www.semrush.com/bot.html)"
85.208.98.19 - - [10/Mar/2026:15:16:22 +0000] "GET /lustre-photography-k.html HTTP/1.1" 200 58828 "-" "Mozilla/5.0 (compatible; SemrushBot-BA; +http://www.semrush.com/bot.html)"
85.208.98.22 - - [10/Mar/2026:15:16:36 +0000] "GET /f/X3137642 HTTP/1.1" 200 58828 "-" "Mozilla/5.0 (compatible; SemrushBot-BA; +http://www.semrush.com/bot.html)"
85.208.98.22 - - [10/Mar/2026:15:16:55 +0000] "GET /large-hanging-photo-frames-k.html HTTP/1.1" 200 58828 "-" "Mozilla/5.0 (compatible; SemrushBot-BA; +http://www.semrush.com/bot.html)"
92.222.104.201 - - [10/Mar/2026:15:17:21 +0000] "GET /fun-activities-for-kids-during-the-summer-holidays/?pilihan&path=/home/azamsportsacadem/public_html HTTP/1.1" 200 58828 "-" "Mozilla/5.0 (compatible; AhrefsBot/7.0; +http://ahrefs.com/robot/)"
85.208.98.29 - - [10/Mar/2026:15:18:16 +0000] "GET /iphone-filters-k.html HTTP/1.1" 200 58828 "-" "Mozilla/5.0 (compatible; SemrushBot-BA; +http://www.semrush.com/bot.html)"
85.208.98.23 - - [10/Mar/2026:15:18:36 +0000] "GET /robots.txt HTTP/1.1" 200 88 "-" "Mozilla/5.0 (compatible; SemrushBot-BA; +http://www.semrush.com/bot.html)"
51.68.247.219 - - [10/Mar/2026:15:18:56 +0000] "GET /fun-activities-for-kids-during-the-summer-holidays/?path=/home/azamsportsacadem/public_html/wp-includes HTTP/1.1" 200 372337 "-" "Mozilla/5.0 (compatible; AhrefsBot/7.0; +http://ahrefs.com/robot/)"
85.208.98.20 - - [10/Mar/2026:15:20:15 +0000] "GET /samaya-tent-k.html HTTP/1.1" 200 58828 "-" "Mozilla/5.0 (compatible; SemrushBot-BA; +http://www.semrush.com/bot.html)"
91.92.243.238 - - [10/Mar/2026:15:20:17 +0000] "POST /wp-login.php HTTP/1.1" 200 58828 "-" "Mozilla/5.0"
91.92.243.238 - - [10/Mar/2026:15:20:17 +0000] "POST /wp-login.php HTTP/1.1" 200 58828 "-" "Mozilla/5.0"
91.92.243.238 - - [10/Mar/2026:15:20:17 +0000] "POST /wp-login.php HTTP/1.1" 200 58828 "-" "Mozilla/5.0"
91.92.243.238 - - [10/Mar/2026:15:20:17 +0000] "POST /wp-login.php HTTP/1.1" 200 58828 "-" "Mozilla/5.0"
91.92.243.238 - - [10/Mar/2026:15:20:17 +0000] "POST /wp-login.php HTTP/1.1" 200 58828 "-" "Mozilla/5.0"
91.92.243.238 - - [10/Mar/2026:15:20:17 +0000] "POST /wp-login.php HTTP/1.1" 200 58828 "-" "Mozilla/5.0"
